{"version":"1.0","provider_name":"REM","provider_url":"https:\/\/rem.sema.mt.gov.br\/en","author_name":"REM MT","author_url":"https:\/\/rem.sema.mt.gov.br\/en\/author\/rem_editor\/","title":"12\u00aa Reuni\u00e3o da Comiss\u00e3o de Governan\u00e7a do Subprograma Territ\u00f3rios Ind\u00edgenas do Programa REM MT - REM","type":"rich","width":600,"height":338,"html":"<blockquote class=\"wp-embedded-content\" data-secret=\"4EmkVXmY0s\"><a href=\"https:\/\/rem.sema.mt.gov.br\/en\/governanca-do-subpro\/5558-2\/\">12\u00aa Reuni\u00e3o da Comiss\u00e3o de Governan\u00e7a do Subprograma Territ\u00f3rios Ind\u00edgenas do Programa REM MT<\/a><\/blockquote><iframe sandbox=\"allow-scripts\" security=\"restricted\" src=\"https:\/\/rem.sema.mt.gov.br\/en\/governanca-do-subpro\/5558-2\/embed\/#?secret=4EmkVXmY0s\" width=\"600\" height=\"338\" title=\"&#8220;12\u00aa Reuni\u00e3o da Comiss\u00e3o de Governan\u00e7a do Subprograma Territ\u00f3rios Ind\u00edgenas do Programa REM MT&#8221; &#8212; REM\" data-secret=\"4EmkVXmY0s\" frameborder=\"0\" marginwidth=\"0\" marginheight=\"0\" scrolling=\"no\" class=\"wp-embedded-content\"><\/iframe><script>\n\/*! This file is auto-generated *\/\n!function(d,l){\"use strict\";l.querySelector&&d.addEventListener&&\"undefined\"!=typeof URL&&(d.wp=d.wp||{},d.wp.receiveEmbedMessage||(d.wp.receiveEmbedMessage=function(e){var t=e.data;if((t||t.secret||t.message||t.value)&&!\/[^a-zA-Z0-9]\/.test(t.secret)){for(var s,r,n,a=l.querySelectorAll('iframe[data-secret=\"'+t.secret+'\"]'),o=l.querySelectorAll('blockquote[data-secret=\"'+t.secret+'\"]'),c=new RegExp(\"^https?:$\",\"i\"),i=0;i<o.length;i++)o[i].style.display=\"none\";for(i=0;i<a.length;i++)s=a[i],e.source===s.contentWindow&&(s.removeAttribute(\"style\"),\"height\"===t.message?(1e3<(r=parseInt(t.value,10))?r=1e3:~~r<200&&(r=200),s.height=r):\"link\"===t.message&&(r=new URL(s.getAttribute(\"src\")),n=new URL(t.value),c.test(n.protocol))&&n.host===r.host&&l.activeElement===s&&(d.top.location.href=t.value))}},d.addEventListener(\"message\",d.wp.receiveEmbedMessage,!1),l.addEventListener(\"DOMContentLoaded\",function(){for(var e,t,s=l.querySelectorAll(\"iframe.wp-embedded-content\"),r=0;r<s.length;r++)(t=(e=s[r]).getAttribute(\"data-secret\"))||(t=Math.random().toString(36).substring(2,12),e.src+=\"#?secret=\"+t,e.setAttribute(\"data-secret\",t)),e.contentWindow.postMessage({message:\"ready\",secret:t},\"*\")},!1)))}(window,document);\n\/\/# sourceURL=https:\/\/rem.sema.mt.gov.br\/wp-includes\/js\/wp-embed.min.js\n<\/script>","thumbnail_url":"https:\/\/rem.sema.mt.gov.br\/wp-content\/uploads\/2025\/08\/REM-MT-MENU-COMUNICACAO-LOGOMARCA.webp","thumbnail_width":1080,"thumbnail_height":1080,"description":"A 12\u00aa Reuni\u00e3o da Comiss\u00e3o de Governan\u00e7a do Subprograma Territ\u00f3rios Ind\u00edgenas foi realizada no Audit\u00f3rio do Conselho Estadual do Meio Ambiente, Secretaria de Estado de Meio Ambiente, em Cuiab\u00e1, Mato Grosso. Confira relat\u00f3rio e ata da reuni\u00e3o:"}

12ª Reunião da Comissão de Governança do Subprograma Territórios Indígenas do Programa REM MT - REM

<blockquote class="wp-embedded-content" data-secret="4EmkVXmY0s"><a href="https://rem.sema.mt.gov.br/en/governanca-do-subpro/5558-2/">12ª Reunião da Comissão de Governança do Subprograma Territórios Indígenas do Programa REM MT</a></blockquote><iframe sandbox="allow-scripts" security="restricted" src="https://rem.sema.mt.gov.br/en/governanca-do-subpro/5558-2/embed/#?secret=4EmkVXmY0s" width="600" height="338" title="&#8220;12ª Reunião da Comissão de Governança do Subprograma Territórios Indígenas do Programa REM MT&#8221; &#8212; REM" data-secret="4EmkVXmY0s" frameborder="0" marginwidth="0" marginheight="0" scrolling="no" class="wp-embedded-content"></iframe><script>
/*! This file is auto-generated */
!function(d,l){"use strict";l.querySelector&&d.addEventListener&&"undefined"!=typeof URL&&(d.wp=d.wp||{},d.wp.receiveEmbedMessage||(d.wp.receiveEmbedMessage=function(e){var t=e.data;if((t||t.secret||t.message||t.value)&&!/[^a-zA-Z0-9]/.test(t.secret)){for(var s,r,n,a=l.querySelectorAll('iframe[data-secret="'+t.secret+'"]'),o=l.querySelectorAll('blockquote[data-secret="'+t.secret+'"]'),c=new RegExp("^https?:$","i"),i=0;i<o.length;i++)o[i].style.display="none";for(i=0;i<a.length;i++)s=a[i],e.source===s.contentWindow&&(s.removeAttribute("style"),"height"===t.message?(1e3<(r=parseInt(t.value,10))?r=1e3:~~r<200&&(r=200),s.height=r):"link"===t.message&&(r=new URL(s.getAttribute("src")),n=new URL(t.value),c.test(n.protocol))&&n.host===r.host&&l.activeElement===s&&(d.top.location.href=t.value))}},d.addEventListener("message",d.wp.receiveEmbedMessage,!1),l.addEventListener("DOMContentLoaded",function(){for(var e,t,s=l.querySelectorAll("iframe.wp-embedded-content"),r=0;r<s.length;r++)(t=(e=s[r]).getAttribute("data-secret"))||(t=Math.random().toString(36).substring(2,12),e.src+="#?secret="+t,e.setAttribute("data-secret",t)),e.contentWindow.postMessage({message:"ready",secret:t},"*")},!1)))}(window,document);
//# sourceURL=https://rem.sema.mt.gov.br/wp-includes/js/wp-embed.min.js
</script>

A 12ª Reunião da Comissão de Governança do Subprograma Territórios Indígenas foi realizada no Auditório do Conselho Estadual do Meio Ambiente, Secretaria de Estado de Meio Ambiente, em Cuiabá, Mato Grosso. Confira relatório e ata da reunião:
