{"id":1270,"date":"2024-06-14T08:37:40","date_gmt":"2024-06-14T11:37:40","guid":{"rendered":"https:\/\/devsweb.com.br\/rem_wp\/?post_type=biblioteca&#038;p=1270"},"modified":"2025-12-03T21:32:10","modified_gmt":"2025-12-04T00:32:10","slug":"tecendo-projetos-associacoes-indigenas-no-protagonismo-da-elaboracao-e-gestao-de-seus-projetos","status":"publish","type":"biblioteca","link":"https:\/\/rem.sema.mt.gov.br\/en\/biblioteca\/tecendo-projetos-associacoes-indigenas-no-protagonismo-da-elaboracao-e-gestao-de-seus-projetos\/","title":{"rendered":"Tecendo projetos: Associa\u00e7\u00f5es Ind\u00edgenas no Protagonismo da Elabora\u00e7\u00e3o e Gest\u00e3o de seus Projetos"},"featured_media":3288,"parent":0,"template":"","categoria-de-projetos-subprogram":[],"categoria-da-biblioteca":[24],"class_list":["post-1270","biblioteca","type-biblioteca","status-publish","has-post-thumbnail","hentry","categoria-da-biblioteca-publicacoes","entry","has-media"],"yoast_head":"<!-- This site is optimized with the Yoast SEO plugin v27.5 - https:\/\/yoast.com\/product\/yoast-seo-wordpress\/ -->\n<title>Tecendo projetos: Associa\u00e7\u00f5es Ind\u00edgenas no Protagonismo da Elabora\u00e7\u00e3o e Gest\u00e3o de seus Projetos - REM<\/title>\n<meta name=\"robots\" content=\"index, follow, max-snippet:-1, max-image-preview:large, max-video-preview:-1\" \/>\n<link rel=\"canonical\" href=\"https:\/\/rem.sema.mt.gov.br\/en\/biblioteca\/tecendo-projetos-associacoes-indigenas-no-protagonismo-da-elaboracao-e-gestao-de-seus-projetos\/\" \/>\n<meta property=\"og:locale\" content=\"en_US\" \/>\n<meta property=\"og:type\" content=\"article\" \/>\n<meta property=\"og:title\" content=\"Tecendo projetos: Associa\u00e7\u00f5es Ind\u00edgenas no Protagonismo da Elabora\u00e7\u00e3o e Gest\u00e3o de seus Projetos - REM\" \/>\n<meta property=\"og:url\" content=\"https:\/\/rem.sema.mt.gov.br\/en\/biblioteca\/tecendo-projetos-associacoes-indigenas-no-protagonismo-da-elaboracao-e-gestao-de-seus-projetos\/\" \/>\n<meta property=\"og:site_name\" content=\"REM\" \/>\n<meta property=\"article:modified_time\" content=\"2025-12-04T00:32:10+00:00\" \/>\n<meta property=\"og:image\" content=\"https:\/\/rem.sema.mt.gov.br\/wp-content\/uploads\/2024\/06\/REMMTTICARTILHATECENDOPROJETOSDIGITAL-1.webp\" \/>\n\t<meta property=\"og:image:width\" content=\"1200\" \/>\n\t<meta property=\"og:image:height\" content=\"1714\" \/>\n\t<meta property=\"og:image:type\" content=\"image\/webp\" \/>\n<meta name=\"twitter:card\" content=\"summary_large_image\" \/>\n<meta name=\"twitter:label1\" content=\"Est. reading time\" \/>\n\t<meta name=\"twitter:data1\" content=\"1 minute\" \/>\n<script type=\"application\/ld+json\" class=\"yoast-schema-graph\">{\"@context\":\"https:\\\/\\\/schema.org\",\"@graph\":[{\"@type\":\"WebPage\",\"@id\":\"https:\\\/\\\/rem.sema.mt.gov.br\\\/biblioteca\\\/tecendo-projetos-associacoes-indigenas-no-protagonismo-da-elaboracao-e-gestao-de-seus-projetos\\\/\",\"url\":\"https:\\\/\\\/rem.sema.mt.gov.br\\\/biblioteca\\\/tecendo-projetos-associacoes-indigenas-no-protagonismo-da-elaboracao-e-gestao-de-seus-projetos\\\/\",\"name\":\"Tecendo projetos: Associa\u00e7\u00f5es Ind\u00edgenas no Protagonismo da Elabora\u00e7\u00e3o e Gest\u00e3o de seus Projetos - REM\",\"isPartOf\":{\"@id\":\"https:\\\/\\\/rem.sema.mt.gov.br\\\/#website\"},\"primaryImageOfPage\":{\"@id\":\"https:\\\/\\\/rem.sema.mt.gov.br\\\/biblioteca\\\/tecendo-projetos-associacoes-indigenas-no-protagonismo-da-elaboracao-e-gestao-de-seus-projetos\\\/#primaryimage\"},\"image\":{\"@id\":\"https:\\\/\\\/rem.sema.mt.gov.br\\\/biblioteca\\\/tecendo-projetos-associacoes-indigenas-no-protagonismo-da-elaboracao-e-gestao-de-seus-projetos\\\/#primaryimage\"},\"thumbnailUrl\":\"https:\\\/\\\/rem.sema.mt.gov.br\\\/wp-content\\\/uploads\\\/2024\\\/06\\\/REMMTTICARTILHATECENDOPROJETOSDIGITAL-1.webp\",\"datePublished\":\"2024-06-14T11:37:40+00:00\",\"dateModified\":\"2025-12-04T00:32:10+00:00\",\"breadcrumb\":{\"@id\":\"https:\\\/\\\/rem.sema.mt.gov.br\\\/biblioteca\\\/tecendo-projetos-associacoes-indigenas-no-protagonismo-da-elaboracao-e-gestao-de-seus-projetos\\\/#breadcrumb\"},\"inLanguage\":\"en-US\",\"potentialAction\":[{\"@type\":\"ReadAction\",\"target\":[\"https:\\\/\\\/rem.sema.mt.gov.br\\\/biblioteca\\\/tecendo-projetos-associacoes-indigenas-no-protagonismo-da-elaboracao-e-gestao-de-seus-projetos\\\/\"]}]},{\"@type\":\"ImageObject\",\"inLanguage\":\"en-US\",\"@id\":\"https:\\\/\\\/rem.sema.mt.gov.br\\\/biblioteca\\\/tecendo-projetos-associacoes-indigenas-no-protagonismo-da-elaboracao-e-gestao-de-seus-projetos\\\/#primaryimage\",\"url\":\"https:\\\/\\\/rem.sema.mt.gov.br\\\/wp-content\\\/uploads\\\/2024\\\/06\\\/REMMTTICARTILHATECENDOPROJETOSDIGITAL-1.webp\",\"contentUrl\":\"https:\\\/\\\/rem.sema.mt.gov.br\\\/wp-content\\\/uploads\\\/2024\\\/06\\\/REMMTTICARTILHATECENDOPROJETOSDIGITAL-1.webp\",\"width\":1200,\"height\":1714},{\"@type\":\"BreadcrumbList\",\"@id\":\"https:\\\/\\\/rem.sema.mt.gov.br\\\/biblioteca\\\/tecendo-projetos-associacoes-indigenas-no-protagonismo-da-elaboracao-e-gestao-de-seus-projetos\\\/#breadcrumb\",\"itemListElement\":[{\"@type\":\"ListItem\",\"position\":1,\"name\":\"In\u00edcio\",\"item\":\"https:\\\/\\\/rem.sema.mt.gov.br\\\/\"},{\"@type\":\"ListItem\",\"position\":2,\"name\":\"Biblioteca REM\",\"item\":\"https:\\\/\\\/rem.sema.mt.gov.br\\\/biblioteca\\\/\"},{\"@type\":\"ListItem\",\"position\":3,\"name\":\"Tecendo projetos: Associa\u00e7\u00f5es Ind\u00edgenas no Protagonismo da Elabora\u00e7\u00e3o e Gest\u00e3o de seus Projetos\"}]},{\"@type\":\"WebSite\",\"@id\":\"https:\\\/\\\/rem.sema.mt.gov.br\\\/#website\",\"url\":\"https:\\\/\\\/rem.sema.mt.gov.br\\\/\",\"name\":\"REM\",\"description\":\"Mato Grosso\",\"potentialAction\":[{\"@type\":\"SearchAction\",\"target\":{\"@type\":\"EntryPoint\",\"urlTemplate\":\"https:\\\/\\\/rem.sema.mt.gov.br\\\/?s={search_term_string}\"},\"query-input\":{\"@type\":\"PropertyValueSpecification\",\"valueRequired\":true,\"valueName\":\"search_term_string\"}}],\"inLanguage\":\"en-US\"}]}<\/script>\n<!-- \/ Yoast SEO plugin. -->","yoast_head_json":{"title":"Tecendo projetos: Associa\u00e7\u00f5es Ind\u00edgenas no Protagonismo da Elabora\u00e7\u00e3o e Gest\u00e3o de seus Projetos - REM","robots":{"index":"index","follow":"follow","max-snippet":"max-snippet:-1","max-image-preview":"max-image-preview:large","max-video-preview":"max-video-preview:-1"},"canonical":"https:\/\/rem.sema.mt.gov.br\/en\/biblioteca\/tecendo-projetos-associacoes-indigenas-no-protagonismo-da-elaboracao-e-gestao-de-seus-projetos\/","og_locale":"en_US","og_type":"article","og_title":"Tecendo projetos: Associa\u00e7\u00f5es Ind\u00edgenas no Protagonismo da Elabora\u00e7\u00e3o e Gest\u00e3o de seus Projetos - REM","og_url":"https:\/\/rem.sema.mt.gov.br\/en\/biblioteca\/tecendo-projetos-associacoes-indigenas-no-protagonismo-da-elaboracao-e-gestao-de-seus-projetos\/","og_site_name":"REM","article_modified_time":"2025-12-04T00:32:10+00:00","og_image":[{"width":1200,"height":1714,"url":"https:\/\/rem.sema.mt.gov.br\/wp-content\/uploads\/2024\/06\/REMMTTICARTILHATECENDOPROJETOSDIGITAL-1.webp","type":"image\/webp"}],"twitter_card":"summary_large_image","twitter_misc":{"Est. reading time":"1 minute"},"schema":{"@context":"https:\/\/schema.org","@graph":[{"@type":"WebPage","@id":"https:\/\/rem.sema.mt.gov.br\/biblioteca\/tecendo-projetos-associacoes-indigenas-no-protagonismo-da-elaboracao-e-gestao-de-seus-projetos\/","url":"https:\/\/rem.sema.mt.gov.br\/biblioteca\/tecendo-projetos-associacoes-indigenas-no-protagonismo-da-elaboracao-e-gestao-de-seus-projetos\/","name":"Tecendo projetos: Associa\u00e7\u00f5es Ind\u00edgenas no Protagonismo da Elabora\u00e7\u00e3o e Gest\u00e3o de seus Projetos - REM","isPartOf":{"@id":"https:\/\/rem.sema.mt.gov.br\/#website"},"primaryImageOfPage":{"@id":"https:\/\/rem.sema.mt.gov.br\/biblioteca\/tecendo-projetos-associacoes-indigenas-no-protagonismo-da-elaboracao-e-gestao-de-seus-projetos\/#primaryimage"},"image":{"@id":"https:\/\/rem.sema.mt.gov.br\/biblioteca\/tecendo-projetos-associacoes-indigenas-no-protagonismo-da-elaboracao-e-gestao-de-seus-projetos\/#primaryimage"},"thumbnailUrl":"https:\/\/rem.sema.mt.gov.br\/wp-content\/uploads\/2024\/06\/REMMTTICARTILHATECENDOPROJETOSDIGITAL-1.webp","datePublished":"2024-06-14T11:37:40+00:00","dateModified":"2025-12-04T00:32:10+00:00","breadcrumb":{"@id":"https:\/\/rem.sema.mt.gov.br\/biblioteca\/tecendo-projetos-associacoes-indigenas-no-protagonismo-da-elaboracao-e-gestao-de-seus-projetos\/#breadcrumb"},"inLanguage":"en-US","potentialAction":[{"@type":"ReadAction","target":["https:\/\/rem.sema.mt.gov.br\/biblioteca\/tecendo-projetos-associacoes-indigenas-no-protagonismo-da-elaboracao-e-gestao-de-seus-projetos\/"]}]},{"@type":"ImageObject","inLanguage":"en-US","@id":"https:\/\/rem.sema.mt.gov.br\/biblioteca\/tecendo-projetos-associacoes-indigenas-no-protagonismo-da-elaboracao-e-gestao-de-seus-projetos\/#primaryimage","url":"https:\/\/rem.sema.mt.gov.br\/wp-content\/uploads\/2024\/06\/REMMTTICARTILHATECENDOPROJETOSDIGITAL-1.webp","contentUrl":"https:\/\/rem.sema.mt.gov.br\/wp-content\/uploads\/2024\/06\/REMMTTICARTILHATECENDOPROJETOSDIGITAL-1.webp","width":1200,"height":1714},{"@type":"BreadcrumbList","@id":"https:\/\/rem.sema.mt.gov.br\/biblioteca\/tecendo-projetos-associacoes-indigenas-no-protagonismo-da-elaboracao-e-gestao-de-seus-projetos\/#breadcrumb","itemListElement":[{"@type":"ListItem","position":1,"name":"In\u00edcio","item":"https:\/\/rem.sema.mt.gov.br\/"},{"@type":"ListItem","position":2,"name":"Biblioteca REM","item":"https:\/\/rem.sema.mt.gov.br\/biblioteca\/"},{"@type":"ListItem","position":3,"name":"Tecendo projetos: Associa\u00e7\u00f5es Ind\u00edgenas no Protagonismo da Elabora\u00e7\u00e3o e Gest\u00e3o de seus Projetos"}]},{"@type":"WebSite","@id":"https:\/\/rem.sema.mt.gov.br\/#website","url":"https:\/\/rem.sema.mt.gov.br\/","name":"REM","description":"Mato Grosso","potentialAction":[{"@type":"SearchAction","target":{"@type":"EntryPoint","urlTemplate":"https:\/\/rem.sema.mt.gov.br\/?s={search_term_string}"},"query-input":{"@type":"PropertyValueSpecification","valueRequired":true,"valueName":"search_term_string"}}],"inLanguage":"en-US"}]}},"_links":{"self":[{"href":"https:\/\/rem.sema.mt.gov.br\/en\/wp-json\/wp\/v2\/biblioteca\/1270","targetHints":{"allow":["GET"]}}],"collection":[{"href":"https:\/\/rem.sema.mt.gov.br\/en\/wp-json\/wp\/v2\/biblioteca"}],"about":[{"href":"https:\/\/rem.sema.mt.gov.br\/en\/wp-json\/wp\/v2\/types\/biblioteca"}],"wp:featuredmedia":[{"embeddable":true,"href":"https:\/\/rem.sema.mt.gov.br\/en\/wp-json\/wp\/v2\/media\/3288"}],"wp:attachment":[{"href":"https:\/\/rem.sema.mt.gov.br\/en\/wp-json\/wp\/v2\/media?parent=1270"}],"wp:term":[{"taxonomy":"categoria-de-projetos-subprogram","embeddable":true,"href":"https:\/\/rem.sema.mt.gov.br\/en\/wp-json\/wp\/v2\/categoria-de-projetos-subprogram?post=1270"},{"taxonomy":"categoria-da-biblioteca","embeddable":true,"href":"https:\/\/rem.sema.mt.gov.br\/en\/wp-json\/wp\/v2\/categoria-da-biblioteca?post=1270"}],"curies":[{"name":"wp","href":"https:\/\/api.w.org\/{rel}","templated":true}]}}

Tecendo projetos: Associações Indígenas no Protagonismo da Elaboração e Gestão de seus Projetos

<!-- This site is optimized with the Yoast SEO plugin v27.5 - https://yoast.com/product/yoast-seo-wordpress/ -->
<title>Tecendo projetos: Associações Indígenas no Protagonismo da Elaboração e Gestão de seus Projetos - REM</title>
<meta name="robots" content="index, follow, max-snippet:-1, max-image-preview:large, max-video-preview:-1" />
<link rel="canonical" href="https://rem.sema.mt.gov.br/en/biblioteca/tecendo-projetos-associacoes-indigenas-no-protagonismo-da-elaboracao-e-gestao-de-seus-projetos/" />
<meta property="og:locale" content="en_US" />
<meta property="og:type" content="article" />
<meta property="og:title" content="Tecendo projetos: Associações Indígenas no Protagonismo da Elaboração e Gestão de seus Projetos - REM" />
<meta property="og:url" content="https://rem.sema.mt.gov.br/en/biblioteca/tecendo-projetos-associacoes-indigenas-no-protagonismo-da-elaboracao-e-gestao-de-seus-projetos/" />
<meta property="og:site_name" content="REM" />
<meta property="article:modified_time" content="2025-12-04T00:32:10+00:00" />
<meta property="og:image" content="https://rem.sema.mt.gov.br/wp-content/uploads/2024/06/REMMTTICARTILHATECENDOPROJETOSDIGITAL-1.webp" />
	<meta property="og:image:width" content="1200" />
	<meta property="og:image:height" content="1714" />
	<meta property="og:image:type" content="image/webp" />
<meta name="twitter:card" content="summary_large_image" />
<meta name="twitter:label1" content="Est. reading time" />
	<meta name="twitter:data1" content="1 minute" />
<script type="application/ld+json" class="yoast-schema-graph">{"@context":"https:\/\/schema.org","@graph":[{"@type":"WebPage","@id":"https:\/\/rem.sema.mt.gov.br\/biblioteca\/tecendo-projetos-associacoes-indigenas-no-protagonismo-da-elaboracao-e-gestao-de-seus-projetos\/","url":"https:\/\/rem.sema.mt.gov.br\/biblioteca\/tecendo-projetos-associacoes-indigenas-no-protagonismo-da-elaboracao-e-gestao-de-seus-projetos\/","name":"Tecendo projetos: Associações Indígenas no Protagonismo da Elaboração e Gestão de seus Projetos - REM","isPartOf":{"@id":"https:\/\/rem.sema.mt.gov.br\/#website"},"primaryImageOfPage":{"@id":"https:\/\/rem.sema.mt.gov.br\/biblioteca\/tecendo-projetos-associacoes-indigenas-no-protagonismo-da-elaboracao-e-gestao-de-seus-projetos\/#primaryimage"},"image":{"@id":"https:\/\/rem.sema.mt.gov.br\/biblioteca\/tecendo-projetos-associacoes-indigenas-no-protagonismo-da-elaboracao-e-gestao-de-seus-projetos\/#primaryimage"},"thumbnailUrl":"https:\/\/rem.sema.mt.gov.br\/wp-content\/uploads\/2024\/06\/REMMTTICARTILHATECENDOPROJETOSDIGITAL-1.webp","datePublished":"2024-06-14T11:37:40+00:00","dateModified":"2025-12-04T00:32:10+00:00","breadcrumb":{"@id":"https:\/\/rem.sema.mt.gov.br\/biblioteca\/tecendo-projetos-associacoes-indigenas-no-protagonismo-da-elaboracao-e-gestao-de-seus-projetos\/#breadcrumb"},"inLanguage":"en-US","potentialAction":[{"@type":"ReadAction","target":["https:\/\/rem.sema.mt.gov.br\/biblioteca\/tecendo-projetos-associacoes-indigenas-no-protagonismo-da-elaboracao-e-gestao-de-seus-projetos\/"]}]},{"@type":"ImageObject","inLanguage":"en-US","@id":"https:\/\/rem.sema.mt.gov.br\/biblioteca\/tecendo-projetos-associacoes-indigenas-no-protagonismo-da-elaboracao-e-gestao-de-seus-projetos\/#primaryimage","url":"https:\/\/rem.sema.mt.gov.br\/wp-content\/uploads\/2024\/06\/REMMTTICARTILHATECENDOPROJETOSDIGITAL-1.webp","contentUrl":"https:\/\/rem.sema.mt.gov.br\/wp-content\/uploads\/2024\/06\/REMMTTICARTILHATECENDOPROJETOSDIGITAL-1.webp","width":1200,"height":1714},{"@type":"BreadcrumbList","@id":"https:\/\/rem.sema.mt.gov.br\/biblioteca\/tecendo-projetos-associacoes-indigenas-no-protagonismo-da-elaboracao-e-gestao-de-seus-projetos\/#breadcrumb","itemListElement":[{"@type":"ListItem","position":1,"name":"Início","item":"https:\/\/rem.sema.mt.gov.br\/"},{"@type":"ListItem","position":2,"name":"Biblioteca REM","item":"https:\/\/rem.sema.mt.gov.br\/biblioteca\/"},{"@type":"ListItem","position":3,"name":"Tecendo projetos: Associações Indígenas no Protagonismo da Elaboração e Gestão de seus Projetos"}]},{"@type":"WebSite","@id":"https:\/\/rem.sema.mt.gov.br\/#website","url":"https:\/\/rem.sema.mt.gov.br\/","name":"REM","description":"Mato Grosso","potentialAction":[{"@type":"SearchAction","target":{"@type":"EntryPoint","urlTemplate":"https:\/\/rem.sema.mt.gov.br\/?s={search_term_string}"},"query-input":{"@type":"PropertyValueSpecification","valueRequired":true,"valueName":"search_term_string"}}],"inLanguage":"en-US"}]}</script>
<!-- / Yoast SEO plugin. -->

Tecendo projetos: Associações Indígenas no Protagonismo da Elaboração e Gestão de seus Projetos - REM

Início
