{"id":128997,"date":"2026-02-05T10:35:34","date_gmt":"2026-02-05T13:35:34","guid":{"rendered":"https:\/\/rem.sema.mt.gov.br\/?post_type=biblioteca&#038;p=128997"},"modified":"2026-02-05T13:10:46","modified_gmt":"2026-02-05T16:10:46","slug":"relatorio-executivo-do-subprograma-territorios-indigenas-em-numeros-para-8a-assembleia-geral-da-fepoimt-2026","status":"publish","type":"biblioteca","link":"https:\/\/rem.sema.mt.gov.br\/en\/biblioteca\/relatorio-executivo-do-subprograma-territorios-indigenas-em-numeros-para-8a-assembleia-geral-da-fepoimt-2026\/","title":{"rendered":"Relat\u00f3rio Executivo do Subprograma Territ\u00f3rios Ind\u00edgenas em N\u00fameros para 8\u00aa Assembleia Geral da FEPOIMT, 2026"},"featured_media":0,"parent":0,"template":"","categoria-de-projetos-subprogram":[],"categoria-da-biblioteca":[24],"class_list":["post-128997","biblioteca","type-biblioteca","status-publish","hentry","categoria-da-biblioteca-publicacoes","entry"],"yoast_head":"<!-- This site is optimized with the Yoast SEO plugin v27.5 - https:\/\/yoast.com\/product\/yoast-seo-wordpress\/ -->\n<title>Relat\u00f3rio Executivo do Subprograma Territ\u00f3rios Ind\u00edgenas em N\u00fameros para 8\u00aa Assembleia Geral da FEPOIMT, 2026 - REM<\/title>\n<meta name=\"robots\" content=\"index, follow, max-snippet:-1, max-image-preview:large, max-video-preview:-1\" \/>\n<link rel=\"canonical\" href=\"https:\/\/rem.sema.mt.gov.br\/en\/biblioteca\/relatorio-executivo-do-subprograma-territorios-indigenas-em-numeros-para-8a-assembleia-geral-da-fepoimt-2026\/\" \/>\n<meta property=\"og:locale\" content=\"en_US\" \/>\n<meta property=\"og:type\" content=\"article\" \/>\n<meta property=\"og:title\" content=\"Relat\u00f3rio Executivo do Subprograma Territ\u00f3rios Ind\u00edgenas em N\u00fameros para 8\u00aa Assembleia Geral da FEPOIMT, 2026 - REM\" \/>\n<meta property=\"og:url\" content=\"https:\/\/rem.sema.mt.gov.br\/en\/biblioteca\/relatorio-executivo-do-subprograma-territorios-indigenas-em-numeros-para-8a-assembleia-geral-da-fepoimt-2026\/\" \/>\n<meta property=\"og:site_name\" content=\"REM\" \/>\n<meta property=\"article:modified_time\" content=\"2026-02-05T16:10:46+00:00\" \/>\n<meta name=\"twitter:card\" content=\"summary_large_image\" \/>\n<script type=\"application\/ld+json\" class=\"yoast-schema-graph\">{\"@context\":\"https:\\\/\\\/schema.org\",\"@graph\":[{\"@type\":\"WebPage\",\"@id\":\"https:\\\/\\\/rem.sema.mt.gov.br\\\/biblioteca\\\/relatorio-executivo-do-subprograma-territorios-indigenas-em-numeros-para-8a-assembleia-geral-da-fepoimt-2026\\\/\",\"url\":\"https:\\\/\\\/rem.sema.mt.gov.br\\\/biblioteca\\\/relatorio-executivo-do-subprograma-territorios-indigenas-em-numeros-para-8a-assembleia-geral-da-fepoimt-2026\\\/\",\"name\":\"Relat\u00f3rio Executivo do Subprograma Territ\u00f3rios Ind\u00edgenas em N\u00fameros para 8\u00aa Assembleia Geral da FEPOIMT, 2026 - REM\",\"isPartOf\":{\"@id\":\"https:\\\/\\\/rem.sema.mt.gov.br\\\/#website\"},\"datePublished\":\"2026-02-05T13:35:34+00:00\",\"dateModified\":\"2026-02-05T16:10:46+00:00\",\"breadcrumb\":{\"@id\":\"https:\\\/\\\/rem.sema.mt.gov.br\\\/biblioteca\\\/relatorio-executivo-do-subprograma-territorios-indigenas-em-numeros-para-8a-assembleia-geral-da-fepoimt-2026\\\/#breadcrumb\"},\"inLanguage\":\"en-US\",\"potentialAction\":[{\"@type\":\"ReadAction\",\"target\":[\"https:\\\/\\\/rem.sema.mt.gov.br\\\/biblioteca\\\/relatorio-executivo-do-subprograma-territorios-indigenas-em-numeros-para-8a-assembleia-geral-da-fepoimt-2026\\\/\"]}]},{\"@type\":\"BreadcrumbList\",\"@id\":\"https:\\\/\\\/rem.sema.mt.gov.br\\\/biblioteca\\\/relatorio-executivo-do-subprograma-territorios-indigenas-em-numeros-para-8a-assembleia-geral-da-fepoimt-2026\\\/#breadcrumb\",\"itemListElement\":[{\"@type\":\"ListItem\",\"position\":1,\"name\":\"In\u00edcio\",\"item\":\"https:\\\/\\\/rem.sema.mt.gov.br\\\/\"},{\"@type\":\"ListItem\",\"position\":2,\"name\":\"Biblioteca REM\",\"item\":\"https:\\\/\\\/rem.sema.mt.gov.br\\\/biblioteca\\\/\"},{\"@type\":\"ListItem\",\"position\":3,\"name\":\"Relat\u00f3rio Executivo do Subprograma Territ\u00f3rios Ind\u00edgenas em N\u00fameros para 8\u00aa Assembleia Geral da FEPOIMT, 2026\"}]},{\"@type\":\"WebSite\",\"@id\":\"https:\\\/\\\/rem.sema.mt.gov.br\\\/#website\",\"url\":\"https:\\\/\\\/rem.sema.mt.gov.br\\\/\",\"name\":\"REM\",\"description\":\"Mato Grosso\",\"potentialAction\":[{\"@type\":\"SearchAction\",\"target\":{\"@type\":\"EntryPoint\",\"urlTemplate\":\"https:\\\/\\\/rem.sema.mt.gov.br\\\/?s={search_term_string}\"},\"query-input\":{\"@type\":\"PropertyValueSpecification\",\"valueRequired\":true,\"valueName\":\"search_term_string\"}}],\"inLanguage\":\"en-US\"}]}<\/script>\n<!-- \/ Yoast SEO plugin. -->","yoast_head_json":{"title":"Relat\u00f3rio Executivo do Subprograma Territ\u00f3rios Ind\u00edgenas em N\u00fameros para 8\u00aa Assembleia Geral da FEPOIMT, 2026 - REM","robots":{"index":"index","follow":"follow","max-snippet":"max-snippet:-1","max-image-preview":"max-image-preview:large","max-video-preview":"max-video-preview:-1"},"canonical":"https:\/\/rem.sema.mt.gov.br\/en\/biblioteca\/relatorio-executivo-do-subprograma-territorios-indigenas-em-numeros-para-8a-assembleia-geral-da-fepoimt-2026\/","og_locale":"en_US","og_type":"article","og_title":"Relat\u00f3rio Executivo do Subprograma Territ\u00f3rios Ind\u00edgenas em N\u00fameros para 8\u00aa Assembleia Geral da FEPOIMT, 2026 - REM","og_url":"https:\/\/rem.sema.mt.gov.br\/en\/biblioteca\/relatorio-executivo-do-subprograma-territorios-indigenas-em-numeros-para-8a-assembleia-geral-da-fepoimt-2026\/","og_site_name":"REM","article_modified_time":"2026-02-05T16:10:46+00:00","twitter_card":"summary_large_image","schema":{"@context":"https:\/\/schema.org","@graph":[{"@type":"WebPage","@id":"https:\/\/rem.sema.mt.gov.br\/biblioteca\/relatorio-executivo-do-subprograma-territorios-indigenas-em-numeros-para-8a-assembleia-geral-da-fepoimt-2026\/","url":"https:\/\/rem.sema.mt.gov.br\/biblioteca\/relatorio-executivo-do-subprograma-territorios-indigenas-em-numeros-para-8a-assembleia-geral-da-fepoimt-2026\/","name":"Relat\u00f3rio Executivo do Subprograma Territ\u00f3rios Ind\u00edgenas em N\u00fameros para 8\u00aa Assembleia Geral da FEPOIMT, 2026 - REM","isPartOf":{"@id":"https:\/\/rem.sema.mt.gov.br\/#website"},"datePublished":"2026-02-05T13:35:34+00:00","dateModified":"2026-02-05T16:10:46+00:00","breadcrumb":{"@id":"https:\/\/rem.sema.mt.gov.br\/biblioteca\/relatorio-executivo-do-subprograma-territorios-indigenas-em-numeros-para-8a-assembleia-geral-da-fepoimt-2026\/#breadcrumb"},"inLanguage":"en-US","potentialAction":[{"@type":"ReadAction","target":["https:\/\/rem.sema.mt.gov.br\/biblioteca\/relatorio-executivo-do-subprograma-territorios-indigenas-em-numeros-para-8a-assembleia-geral-da-fepoimt-2026\/"]}]},{"@type":"BreadcrumbList","@id":"https:\/\/rem.sema.mt.gov.br\/biblioteca\/relatorio-executivo-do-subprograma-territorios-indigenas-em-numeros-para-8a-assembleia-geral-da-fepoimt-2026\/#breadcrumb","itemListElement":[{"@type":"ListItem","position":1,"name":"In\u00edcio","item":"https:\/\/rem.sema.mt.gov.br\/"},{"@type":"ListItem","position":2,"name":"Biblioteca REM","item":"https:\/\/rem.sema.mt.gov.br\/biblioteca\/"},{"@type":"ListItem","position":3,"name":"Relat\u00f3rio Executivo do Subprograma Territ\u00f3rios Ind\u00edgenas em N\u00fameros para 8\u00aa Assembleia Geral da FEPOIMT, 2026"}]},{"@type":"WebSite","@id":"https:\/\/rem.sema.mt.gov.br\/#website","url":"https:\/\/rem.sema.mt.gov.br\/","name":"REM","description":"Mato Grosso","potentialAction":[{"@type":"SearchAction","target":{"@type":"EntryPoint","urlTemplate":"https:\/\/rem.sema.mt.gov.br\/?s={search_term_string}"},"query-input":{"@type":"PropertyValueSpecification","valueRequired":true,"valueName":"search_term_string"}}],"inLanguage":"en-US"}]}},"_links":{"self":[{"href":"https:\/\/rem.sema.mt.gov.br\/en\/wp-json\/wp\/v2\/biblioteca\/128997","targetHints":{"allow":["GET"]}}],"collection":[{"href":"https:\/\/rem.sema.mt.gov.br\/en\/wp-json\/wp\/v2\/biblioteca"}],"about":[{"href":"https:\/\/rem.sema.mt.gov.br\/en\/wp-json\/wp\/v2\/types\/biblioteca"}],"wp:attachment":[{"href":"https:\/\/rem.sema.mt.gov.br\/en\/wp-json\/wp\/v2\/media?parent=128997"}],"wp:term":[{"taxonomy":"categoria-de-projetos-subprogram","embeddable":true,"href":"https:\/\/rem.sema.mt.gov.br\/en\/wp-json\/wp\/v2\/categoria-de-projetos-subprogram?post=128997"},{"taxonomy":"categoria-da-biblioteca","embeddable":true,"href":"https:\/\/rem.sema.mt.gov.br\/en\/wp-json\/wp\/v2\/categoria-da-biblioteca?post=128997"}],"curies":[{"name":"wp","href":"https:\/\/api.w.org\/{rel}","templated":true}]}}

Relatório Executivo do Subprograma Territórios Indígenas em Números para 8ª Assembleia Geral da FEPOIMT, 2026

<!-- This site is optimized with the Yoast SEO plugin v27.5 - https://yoast.com/product/yoast-seo-wordpress/ -->
<title>Relatório Executivo do Subprograma Territórios Indígenas em Números para 8ª Assembleia Geral da FEPOIMT, 2026 - REM</title>
<meta name="robots" content="index, follow, max-snippet:-1, max-image-preview:large, max-video-preview:-1" />
<link rel="canonical" href="https://rem.sema.mt.gov.br/en/biblioteca/relatorio-executivo-do-subprograma-territorios-indigenas-em-numeros-para-8a-assembleia-geral-da-fepoimt-2026/" />
<meta property="og:locale" content="en_US" />
<meta property="og:type" content="article" />
<meta property="og:title" content="Relatório Executivo do Subprograma Territórios Indígenas em Números para 8ª Assembleia Geral da FEPOIMT, 2026 - REM" />
<meta property="og:url" content="https://rem.sema.mt.gov.br/en/biblioteca/relatorio-executivo-do-subprograma-territorios-indigenas-em-numeros-para-8a-assembleia-geral-da-fepoimt-2026/" />
<meta property="og:site_name" content="REM" />
<meta property="article:modified_time" content="2026-02-05T16:10:46+00:00" />
<meta name="twitter:card" content="summary_large_image" />
<script type="application/ld+json" class="yoast-schema-graph">{"@context":"https:\/\/schema.org","@graph":[{"@type":"WebPage","@id":"https:\/\/rem.sema.mt.gov.br\/biblioteca\/relatorio-executivo-do-subprograma-territorios-indigenas-em-numeros-para-8a-assembleia-geral-da-fepoimt-2026\/","url":"https:\/\/rem.sema.mt.gov.br\/biblioteca\/relatorio-executivo-do-subprograma-territorios-indigenas-em-numeros-para-8a-assembleia-geral-da-fepoimt-2026\/","name":"Relatório Executivo do Subprograma Territórios Indígenas em Números para 8ª Assembleia Geral da FEPOIMT, 2026 - REM","isPartOf":{"@id":"https:\/\/rem.sema.mt.gov.br\/#website"},"datePublished":"2026-02-05T13:35:34+00:00","dateModified":"2026-02-05T16:10:46+00:00","breadcrumb":{"@id":"https:\/\/rem.sema.mt.gov.br\/biblioteca\/relatorio-executivo-do-subprograma-territorios-indigenas-em-numeros-para-8a-assembleia-geral-da-fepoimt-2026\/#breadcrumb"},"inLanguage":"en-US","potentialAction":[{"@type":"ReadAction","target":["https:\/\/rem.sema.mt.gov.br\/biblioteca\/relatorio-executivo-do-subprograma-territorios-indigenas-em-numeros-para-8a-assembleia-geral-da-fepoimt-2026\/"]}]},{"@type":"BreadcrumbList","@id":"https:\/\/rem.sema.mt.gov.br\/biblioteca\/relatorio-executivo-do-subprograma-territorios-indigenas-em-numeros-para-8a-assembleia-geral-da-fepoimt-2026\/#breadcrumb","itemListElement":[{"@type":"ListItem","position":1,"name":"Início","item":"https:\/\/rem.sema.mt.gov.br\/"},{"@type":"ListItem","position":2,"name":"Biblioteca REM","item":"https:\/\/rem.sema.mt.gov.br\/biblioteca\/"},{"@type":"ListItem","position":3,"name":"Relatório Executivo do Subprograma Territórios Indígenas em Números para 8ª Assembleia Geral da FEPOIMT, 2026"}]},{"@type":"WebSite","@id":"https:\/\/rem.sema.mt.gov.br\/#website","url":"https:\/\/rem.sema.mt.gov.br\/","name":"REM","description":"Mato Grosso","potentialAction":[{"@type":"SearchAction","target":{"@type":"EntryPoint","urlTemplate":"https:\/\/rem.sema.mt.gov.br\/?s={search_term_string}"},"query-input":{"@type":"PropertyValueSpecification","valueRequired":true,"valueName":"search_term_string"}}],"inLanguage":"en-US"}]}</script>
<!-- / Yoast SEO plugin. -->

Relatório Executivo do Subprograma Territórios Indígenas em Números para 8ª Assembleia Geral da FEPOIMT, 2026 - REM

Início
