{"id":5500,"date":"2024-08-26T16:53:23","date_gmt":"2024-08-26T19:53:23","guid":{"rendered":"https:\/\/rem.sema.mt.gov.br\/?post_type=biblioteca&#038;p=5500"},"modified":"2026-03-26T15:53:02","modified_gmt":"2026-03-26T18:53:02","slug":"regimento-interno-da-comissao-de-governanca-do-subprograma-territorios-indigenas","status":"publish","type":"biblioteca","link":"https:\/\/rem.sema.mt.gov.br\/en\/biblioteca\/regimento-interno-da-comissao-de-governanca-do-subprograma-territorios-indigenas\/","title":{"rendered":"Regimento Interno da Comiss\u00e3o de Governan\u00e7a do Subprograma Territ\u00f3rios Ind\u00edgenas (2025)"},"featured_media":5502,"parent":0,"template":"","categoria-de-projetos-subprogram":[],"categoria-da-biblioteca":[28],"class_list":["post-5500","biblioteca","type-biblioteca","status-publish","has-post-thumbnail","hentry","categoria-da-biblioteca-documentos","entry","has-media"],"yoast_head":"<!-- This site is optimized with the Yoast SEO plugin v27.5 - https:\/\/yoast.com\/product\/yoast-seo-wordpress\/ -->\n<title>Regimento Interno da Comiss\u00e3o de Governan\u00e7a do Subprograma Territ\u00f3rios Ind\u00edgenas (2025) - REM<\/title>\n<meta name=\"robots\" content=\"index, follow, max-snippet:-1, max-image-preview:large, max-video-preview:-1\" \/>\n<link rel=\"canonical\" href=\"https:\/\/rem.sema.mt.gov.br\/en\/biblioteca\/regimento-interno-da-comissao-de-governanca-do-subprograma-territorios-indigenas\/\" \/>\n<meta property=\"og:locale\" content=\"en_US\" \/>\n<meta property=\"og:type\" content=\"article\" \/>\n<meta property=\"og:title\" content=\"Regimento Interno da Comiss\u00e3o de Governan\u00e7a do Subprograma Territ\u00f3rios Ind\u00edgenas (2025) - REM\" \/>\n<meta property=\"og:url\" content=\"https:\/\/rem.sema.mt.gov.br\/en\/biblioteca\/regimento-interno-da-comissao-de-governanca-do-subprograma-territorios-indigenas\/\" \/>\n<meta property=\"og:site_name\" content=\"REM\" \/>\n<meta property=\"article:modified_time\" content=\"2026-03-26T18:53:02+00:00\" \/>\n<meta property=\"og:image\" content=\"https:\/\/rem.sema.mt.gov.br\/wp-content\/uploads\/2024\/08\/Captura-de-tela-2024-08-26-155118.png\" \/>\n\t<meta property=\"og:image:width\" content=\"591\" \/>\n\t<meta property=\"og:image:height\" content=\"832\" \/>\n\t<meta property=\"og:image:type\" content=\"image\/png\" \/>\n<meta name=\"twitter:card\" content=\"summary_large_image\" \/>\n<meta name=\"twitter:label1\" content=\"Est. reading time\" \/>\n\t<meta name=\"twitter:data1\" content=\"1 minute\" \/>\n<script type=\"application\/ld+json\" class=\"yoast-schema-graph\">{\"@context\":\"https:\\\/\\\/schema.org\",\"@graph\":[{\"@type\":\"WebPage\",\"@id\":\"https:\\\/\\\/rem.sema.mt.gov.br\\\/biblioteca\\\/regimento-interno-da-comissao-de-governanca-do-subprograma-territorios-indigenas\\\/\",\"url\":\"https:\\\/\\\/rem.sema.mt.gov.br\\\/biblioteca\\\/regimento-interno-da-comissao-de-governanca-do-subprograma-territorios-indigenas\\\/\",\"name\":\"Regimento Interno da Comiss\u00e3o de Governan\u00e7a do Subprograma Territ\u00f3rios Ind\u00edgenas (2025) - REM\",\"isPartOf\":{\"@id\":\"https:\\\/\\\/rem.sema.mt.gov.br\\\/#website\"},\"primaryImageOfPage\":{\"@id\":\"https:\\\/\\\/rem.sema.mt.gov.br\\\/biblioteca\\\/regimento-interno-da-comissao-de-governanca-do-subprograma-territorios-indigenas\\\/#primaryimage\"},\"image\":{\"@id\":\"https:\\\/\\\/rem.sema.mt.gov.br\\\/biblioteca\\\/regimento-interno-da-comissao-de-governanca-do-subprograma-territorios-indigenas\\\/#primaryimage\"},\"thumbnailUrl\":\"https:\\\/\\\/rem.sema.mt.gov.br\\\/wp-content\\\/uploads\\\/2024\\\/08\\\/Captura-de-tela-2024-08-26-155118.png\",\"datePublished\":\"2024-08-26T19:53:23+00:00\",\"dateModified\":\"2026-03-26T18:53:02+00:00\",\"breadcrumb\":{\"@id\":\"https:\\\/\\\/rem.sema.mt.gov.br\\\/biblioteca\\\/regimento-interno-da-comissao-de-governanca-do-subprograma-territorios-indigenas\\\/#breadcrumb\"},\"inLanguage\":\"en-US\",\"potentialAction\":[{\"@type\":\"ReadAction\",\"target\":[\"https:\\\/\\\/rem.sema.mt.gov.br\\\/biblioteca\\\/regimento-interno-da-comissao-de-governanca-do-subprograma-territorios-indigenas\\\/\"]}]},{\"@type\":\"ImageObject\",\"inLanguage\":\"en-US\",\"@id\":\"https:\\\/\\\/rem.sema.mt.gov.br\\\/biblioteca\\\/regimento-interno-da-comissao-de-governanca-do-subprograma-territorios-indigenas\\\/#primaryimage\",\"url\":\"https:\\\/\\\/rem.sema.mt.gov.br\\\/wp-content\\\/uploads\\\/2024\\\/08\\\/Captura-de-tela-2024-08-26-155118.png\",\"contentUrl\":\"https:\\\/\\\/rem.sema.mt.gov.br\\\/wp-content\\\/uploads\\\/2024\\\/08\\\/Captura-de-tela-2024-08-26-155118.png\",\"width\":591,\"height\":832},{\"@type\":\"BreadcrumbList\",\"@id\":\"https:\\\/\\\/rem.sema.mt.gov.br\\\/biblioteca\\\/regimento-interno-da-comissao-de-governanca-do-subprograma-territorios-indigenas\\\/#breadcrumb\",\"itemListElement\":[{\"@type\":\"ListItem\",\"position\":1,\"name\":\"In\u00edcio\",\"item\":\"https:\\\/\\\/rem.sema.mt.gov.br\\\/\"},{\"@type\":\"ListItem\",\"position\":2,\"name\":\"Biblioteca REM\",\"item\":\"https:\\\/\\\/rem.sema.mt.gov.br\\\/biblioteca\\\/\"},{\"@type\":\"ListItem\",\"position\":3,\"name\":\"Regimento Interno da Comiss\u00e3o de Governan\u00e7a do Subprograma Territ\u00f3rios Ind\u00edgenas (2025)\"}]},{\"@type\":\"WebSite\",\"@id\":\"https:\\\/\\\/rem.sema.mt.gov.br\\\/#website\",\"url\":\"https:\\\/\\\/rem.sema.mt.gov.br\\\/\",\"name\":\"REM\",\"description\":\"Mato Grosso\",\"potentialAction\":[{\"@type\":\"SearchAction\",\"target\":{\"@type\":\"EntryPoint\",\"urlTemplate\":\"https:\\\/\\\/rem.sema.mt.gov.br\\\/?s={search_term_string}\"},\"query-input\":{\"@type\":\"PropertyValueSpecification\",\"valueRequired\":true,\"valueName\":\"search_term_string\"}}],\"inLanguage\":\"en-US\"}]}<\/script>\n<!-- \/ Yoast SEO plugin. -->","yoast_head_json":{"title":"Regimento Interno da Comiss\u00e3o de Governan\u00e7a do Subprograma Territ\u00f3rios Ind\u00edgenas (2025) - REM","robots":{"index":"index","follow":"follow","max-snippet":"max-snippet:-1","max-image-preview":"max-image-preview:large","max-video-preview":"max-video-preview:-1"},"canonical":"https:\/\/rem.sema.mt.gov.br\/en\/biblioteca\/regimento-interno-da-comissao-de-governanca-do-subprograma-territorios-indigenas\/","og_locale":"en_US","og_type":"article","og_title":"Regimento Interno da Comiss\u00e3o de Governan\u00e7a do Subprograma Territ\u00f3rios Ind\u00edgenas (2025) - REM","og_url":"https:\/\/rem.sema.mt.gov.br\/en\/biblioteca\/regimento-interno-da-comissao-de-governanca-do-subprograma-territorios-indigenas\/","og_site_name":"REM","article_modified_time":"2026-03-26T18:53:02+00:00","og_image":[{"width":591,"height":832,"url":"https:\/\/rem.sema.mt.gov.br\/wp-content\/uploads\/2024\/08\/Captura-de-tela-2024-08-26-155118.png","type":"image\/png"}],"twitter_card":"summary_large_image","twitter_misc":{"Est. reading time":"1 minute"},"schema":{"@context":"https:\/\/schema.org","@graph":[{"@type":"WebPage","@id":"https:\/\/rem.sema.mt.gov.br\/biblioteca\/regimento-interno-da-comissao-de-governanca-do-subprograma-territorios-indigenas\/","url":"https:\/\/rem.sema.mt.gov.br\/biblioteca\/regimento-interno-da-comissao-de-governanca-do-subprograma-territorios-indigenas\/","name":"Regimento Interno da Comiss\u00e3o de Governan\u00e7a do Subprograma Territ\u00f3rios Ind\u00edgenas (2025) - REM","isPartOf":{"@id":"https:\/\/rem.sema.mt.gov.br\/#website"},"primaryImageOfPage":{"@id":"https:\/\/rem.sema.mt.gov.br\/biblioteca\/regimento-interno-da-comissao-de-governanca-do-subprograma-territorios-indigenas\/#primaryimage"},"image":{"@id":"https:\/\/rem.sema.mt.gov.br\/biblioteca\/regimento-interno-da-comissao-de-governanca-do-subprograma-territorios-indigenas\/#primaryimage"},"thumbnailUrl":"https:\/\/rem.sema.mt.gov.br\/wp-content\/uploads\/2024\/08\/Captura-de-tela-2024-08-26-155118.png","datePublished":"2024-08-26T19:53:23+00:00","dateModified":"2026-03-26T18:53:02+00:00","breadcrumb":{"@id":"https:\/\/rem.sema.mt.gov.br\/biblioteca\/regimento-interno-da-comissao-de-governanca-do-subprograma-territorios-indigenas\/#breadcrumb"},"inLanguage":"en-US","potentialAction":[{"@type":"ReadAction","target":["https:\/\/rem.sema.mt.gov.br\/biblioteca\/regimento-interno-da-comissao-de-governanca-do-subprograma-territorios-indigenas\/"]}]},{"@type":"ImageObject","inLanguage":"en-US","@id":"https:\/\/rem.sema.mt.gov.br\/biblioteca\/regimento-interno-da-comissao-de-governanca-do-subprograma-territorios-indigenas\/#primaryimage","url":"https:\/\/rem.sema.mt.gov.br\/wp-content\/uploads\/2024\/08\/Captura-de-tela-2024-08-26-155118.png","contentUrl":"https:\/\/rem.sema.mt.gov.br\/wp-content\/uploads\/2024\/08\/Captura-de-tela-2024-08-26-155118.png","width":591,"height":832},{"@type":"BreadcrumbList","@id":"https:\/\/rem.sema.mt.gov.br\/biblioteca\/regimento-interno-da-comissao-de-governanca-do-subprograma-territorios-indigenas\/#breadcrumb","itemListElement":[{"@type":"ListItem","position":1,"name":"In\u00edcio","item":"https:\/\/rem.sema.mt.gov.br\/"},{"@type":"ListItem","position":2,"name":"Biblioteca REM","item":"https:\/\/rem.sema.mt.gov.br\/biblioteca\/"},{"@type":"ListItem","position":3,"name":"Regimento Interno da Comiss\u00e3o de Governan\u00e7a do Subprograma Territ\u00f3rios Ind\u00edgenas (2025)"}]},{"@type":"WebSite","@id":"https:\/\/rem.sema.mt.gov.br\/#website","url":"https:\/\/rem.sema.mt.gov.br\/","name":"REM","description":"Mato Grosso","potentialAction":[{"@type":"SearchAction","target":{"@type":"EntryPoint","urlTemplate":"https:\/\/rem.sema.mt.gov.br\/?s={search_term_string}"},"query-input":{"@type":"PropertyValueSpecification","valueRequired":true,"valueName":"search_term_string"}}],"inLanguage":"en-US"}]}},"_links":{"self":[{"href":"https:\/\/rem.sema.mt.gov.br\/en\/wp-json\/wp\/v2\/biblioteca\/5500","targetHints":{"allow":["GET"]}}],"collection":[{"href":"https:\/\/rem.sema.mt.gov.br\/en\/wp-json\/wp\/v2\/biblioteca"}],"about":[{"href":"https:\/\/rem.sema.mt.gov.br\/en\/wp-json\/wp\/v2\/types\/biblioteca"}],"wp:featuredmedia":[{"embeddable":true,"href":"https:\/\/rem.sema.mt.gov.br\/en\/wp-json\/wp\/v2\/media\/5502"}],"wp:attachment":[{"href":"https:\/\/rem.sema.mt.gov.br\/en\/wp-json\/wp\/v2\/media?parent=5500"}],"wp:term":[{"taxonomy":"categoria-de-projetos-subprogram","embeddable":true,"href":"https:\/\/rem.sema.mt.gov.br\/en\/wp-json\/wp\/v2\/categoria-de-projetos-subprogram?post=5500"},{"taxonomy":"categoria-da-biblioteca","embeddable":true,"href":"https:\/\/rem.sema.mt.gov.br\/en\/wp-json\/wp\/v2\/categoria-da-biblioteca?post=5500"}],"curies":[{"name":"wp","href":"https:\/\/api.w.org\/{rel}","templated":true}]}}

Regimento Interno da Comissão de Governança do Subprograma Territórios Indígenas (2025)

<!-- This site is optimized with the Yoast SEO plugin v27.5 - https://yoast.com/product/yoast-seo-wordpress/ -->
<title>Regimento Interno da Comissão de Governança do Subprograma Territórios Indígenas (2025) - REM</title>
<meta name="robots" content="index, follow, max-snippet:-1, max-image-preview:large, max-video-preview:-1" />
<link rel="canonical" href="https://rem.sema.mt.gov.br/en/biblioteca/regimento-interno-da-comissao-de-governanca-do-subprograma-territorios-indigenas/" />
<meta property="og:locale" content="en_US" />
<meta property="og:type" content="article" />
<meta property="og:title" content="Regimento Interno da Comissão de Governança do Subprograma Territórios Indígenas (2025) - REM" />
<meta property="og:url" content="https://rem.sema.mt.gov.br/en/biblioteca/regimento-interno-da-comissao-de-governanca-do-subprograma-territorios-indigenas/" />
<meta property="og:site_name" content="REM" />
<meta property="article:modified_time" content="2026-03-26T18:53:02+00:00" />
<meta property="og:image" content="https://rem.sema.mt.gov.br/wp-content/uploads/2024/08/Captura-de-tela-2024-08-26-155118.png" />
	<meta property="og:image:width" content="591" />
	<meta property="og:image:height" content="832" />
	<meta property="og:image:type" content="image/png" />
<meta name="twitter:card" content="summary_large_image" />
<meta name="twitter:label1" content="Est. reading time" />
	<meta name="twitter:data1" content="1 minute" />
<script type="application/ld+json" class="yoast-schema-graph">{"@context":"https:\/\/schema.org","@graph":[{"@type":"WebPage","@id":"https:\/\/rem.sema.mt.gov.br\/biblioteca\/regimento-interno-da-comissao-de-governanca-do-subprograma-territorios-indigenas\/","url":"https:\/\/rem.sema.mt.gov.br\/biblioteca\/regimento-interno-da-comissao-de-governanca-do-subprograma-territorios-indigenas\/","name":"Regimento Interno da Comissão de Governança do Subprograma Territórios Indígenas (2025) - REM","isPartOf":{"@id":"https:\/\/rem.sema.mt.gov.br\/#website"},"primaryImageOfPage":{"@id":"https:\/\/rem.sema.mt.gov.br\/biblioteca\/regimento-interno-da-comissao-de-governanca-do-subprograma-territorios-indigenas\/#primaryimage"},"image":{"@id":"https:\/\/rem.sema.mt.gov.br\/biblioteca\/regimento-interno-da-comissao-de-governanca-do-subprograma-territorios-indigenas\/#primaryimage"},"thumbnailUrl":"https:\/\/rem.sema.mt.gov.br\/wp-content\/uploads\/2024\/08\/Captura-de-tela-2024-08-26-155118.png","datePublished":"2024-08-26T19:53:23+00:00","dateModified":"2026-03-26T18:53:02+00:00","breadcrumb":{"@id":"https:\/\/rem.sema.mt.gov.br\/biblioteca\/regimento-interno-da-comissao-de-governanca-do-subprograma-territorios-indigenas\/#breadcrumb"},"inLanguage":"en-US","potentialAction":[{"@type":"ReadAction","target":["https:\/\/rem.sema.mt.gov.br\/biblioteca\/regimento-interno-da-comissao-de-governanca-do-subprograma-territorios-indigenas\/"]}]},{"@type":"ImageObject","inLanguage":"en-US","@id":"https:\/\/rem.sema.mt.gov.br\/biblioteca\/regimento-interno-da-comissao-de-governanca-do-subprograma-territorios-indigenas\/#primaryimage","url":"https:\/\/rem.sema.mt.gov.br\/wp-content\/uploads\/2024\/08\/Captura-de-tela-2024-08-26-155118.png","contentUrl":"https:\/\/rem.sema.mt.gov.br\/wp-content\/uploads\/2024\/08\/Captura-de-tela-2024-08-26-155118.png","width":591,"height":832},{"@type":"BreadcrumbList","@id":"https:\/\/rem.sema.mt.gov.br\/biblioteca\/regimento-interno-da-comissao-de-governanca-do-subprograma-territorios-indigenas\/#breadcrumb","itemListElement":[{"@type":"ListItem","position":1,"name":"Início","item":"https:\/\/rem.sema.mt.gov.br\/"},{"@type":"ListItem","position":2,"name":"Biblioteca REM","item":"https:\/\/rem.sema.mt.gov.br\/biblioteca\/"},{"@type":"ListItem","position":3,"name":"Regimento Interno da Comissão de Governança do Subprograma Territórios Indígenas (2025)"}]},{"@type":"WebSite","@id":"https:\/\/rem.sema.mt.gov.br\/#website","url":"https:\/\/rem.sema.mt.gov.br\/","name":"REM","description":"Mato Grosso","potentialAction":[{"@type":"SearchAction","target":{"@type":"EntryPoint","urlTemplate":"https:\/\/rem.sema.mt.gov.br\/?s={search_term_string}"},"query-input":{"@type":"PropertyValueSpecification","valueRequired":true,"valueName":"search_term_string"}}],"inLanguage":"en-US"}]}</script>
<!-- / Yoast SEO plugin. -->

Regimento Interno da Comissão de Governança do Subprograma Territórios Indígenas (2025) - REM

Início
