{"id":5553,"date":"2024-10-01T12:51:35","date_gmt":"2024-10-01T15:51:35","guid":{"rendered":"https:\/\/rem.sema.mt.gov.br\/?post_type=biblioteca&#038;p=5553"},"modified":"2025-12-03T21:24:25","modified_gmt":"2025-12-04T00:24:25","slug":"modelagem-de-uso-da-terra-e-avaliacao-de-impacto-institucional-do-programa-rem-mato-grosso","status":"publish","type":"biblioteca","link":"https:\/\/rem.sema.mt.gov.br\/en\/biblioteca\/modelagem-de-uso-da-terra-e-avaliacao-de-impacto-institucional-do-programa-rem-mato-grosso\/","title":{"rendered":"Modelagem de uso da terra e avalia\u00e7\u00e3o de impacto institucional do Programa REM Mato Grosso"},"featured_media":5554,"parent":0,"template":"","categoria-de-projetos-subprogram":[],"categoria-da-biblioteca":[24],"class_list":["post-5553","biblioteca","type-biblioteca","status-publish","has-post-thumbnail","hentry","categoria-da-biblioteca-publicacoes","entry","has-media"],"yoast_head":"<!-- This site is optimized with the Yoast SEO plugin v27.5 - https:\/\/yoast.com\/product\/yoast-seo-wordpress\/ -->\n<title>Avalia\u00e7\u00e3o de impacto institucional do Programa REM Mato Grosso<\/title>\n<meta name=\"description\" content=\"Produto 4 \u2013 Relat\u00f3rio Final: Nota metodol\u00f3gica para avalia\u00e7\u00e3o de impacto do REM \u2013 MT utilizando a perspectiva do Controle Sint\u00e9tico\" \/>\n<meta name=\"robots\" content=\"index, follow, max-snippet:-1, max-image-preview:large, max-video-preview:-1\" \/>\n<link rel=\"canonical\" href=\"https:\/\/rem.sema.mt.gov.br\/en\/biblioteca\/modelagem-de-uso-da-terra-e-avaliacao-de-impacto-institucional-do-programa-rem-mato-grosso\/\" \/>\n<meta property=\"og:locale\" content=\"en_US\" \/>\n<meta property=\"og:type\" content=\"article\" \/>\n<meta property=\"og:title\" content=\"Avalia\u00e7\u00e3o de impacto institucional do Programa REM Mato Grosso\" \/>\n<meta property=\"og:description\" content=\"Produto 4 \u2013 Relat\u00f3rio Final: Nota metodol\u00f3gica para avalia\u00e7\u00e3o de impacto do REM \u2013 MT utilizando a perspectiva do Controle Sint\u00e9tico\" \/>\n<meta property=\"og:url\" content=\"https:\/\/rem.sema.mt.gov.br\/en\/biblioteca\/modelagem-de-uso-da-terra-e-avaliacao-de-impacto-institucional-do-programa-rem-mato-grosso\/\" \/>\n<meta property=\"og:site_name\" content=\"REM\" \/>\n<meta property=\"article:modified_time\" content=\"2025-12-04T00:24:25+00:00\" \/>\n<meta property=\"og:image\" content=\"https:\/\/rem.sema.mt.gov.br\/wp-content\/uploads\/2024\/10\/Captura-de-tela-2024-10-01-114735.png\" \/>\n\t<meta property=\"og:image:width\" content=\"592\" \/>\n\t<meta property=\"og:image:height\" content=\"838\" \/>\n\t<meta property=\"og:image:type\" content=\"image\/png\" \/>\n<meta name=\"twitter:card\" content=\"summary_large_image\" \/>\n<meta name=\"twitter:label1\" content=\"Est. reading time\" \/>\n\t<meta name=\"twitter:data1\" content=\"1 minute\" \/>\n<script type=\"application\/ld+json\" class=\"yoast-schema-graph\">{\"@context\":\"https:\\\/\\\/schema.org\",\"@graph\":[{\"@type\":\"WebPage\",\"@id\":\"https:\\\/\\\/rem.sema.mt.gov.br\\\/biblioteca\\\/modelagem-de-uso-da-terra-e-avaliacao-de-impacto-institucional-do-programa-rem-mato-grosso\\\/\",\"url\":\"https:\\\/\\\/rem.sema.mt.gov.br\\\/biblioteca\\\/modelagem-de-uso-da-terra-e-avaliacao-de-impacto-institucional-do-programa-rem-mato-grosso\\\/\",\"name\":\"Avalia\u00e7\u00e3o de impacto institucional do Programa REM Mato Grosso\",\"isPartOf\":{\"@id\":\"https:\\\/\\\/rem.sema.mt.gov.br\\\/#website\"},\"primaryImageOfPage\":{\"@id\":\"https:\\\/\\\/rem.sema.mt.gov.br\\\/biblioteca\\\/modelagem-de-uso-da-terra-e-avaliacao-de-impacto-institucional-do-programa-rem-mato-grosso\\\/#primaryimage\"},\"image\":{\"@id\":\"https:\\\/\\\/rem.sema.mt.gov.br\\\/biblioteca\\\/modelagem-de-uso-da-terra-e-avaliacao-de-impacto-institucional-do-programa-rem-mato-grosso\\\/#primaryimage\"},\"thumbnailUrl\":\"https:\\\/\\\/rem.sema.mt.gov.br\\\/wp-content\\\/uploads\\\/2024\\\/10\\\/Captura-de-tela-2024-10-01-114735.png\",\"datePublished\":\"2024-10-01T15:51:35+00:00\",\"dateModified\":\"2025-12-04T00:24:25+00:00\",\"description\":\"Produto 4 \u2013 Relat\u00f3rio Final: Nota metodol\u00f3gica para avalia\u00e7\u00e3o de impacto do REM \u2013 MT utilizando a perspectiva do Controle Sint\u00e9tico\",\"breadcrumb\":{\"@id\":\"https:\\\/\\\/rem.sema.mt.gov.br\\\/biblioteca\\\/modelagem-de-uso-da-terra-e-avaliacao-de-impacto-institucional-do-programa-rem-mato-grosso\\\/#breadcrumb\"},\"inLanguage\":\"en-US\",\"potentialAction\":[{\"@type\":\"ReadAction\",\"target\":[\"https:\\\/\\\/rem.sema.mt.gov.br\\\/biblioteca\\\/modelagem-de-uso-da-terra-e-avaliacao-de-impacto-institucional-do-programa-rem-mato-grosso\\\/\"]}]},{\"@type\":\"ImageObject\",\"inLanguage\":\"en-US\",\"@id\":\"https:\\\/\\\/rem.sema.mt.gov.br\\\/biblioteca\\\/modelagem-de-uso-da-terra-e-avaliacao-de-impacto-institucional-do-programa-rem-mato-grosso\\\/#primaryimage\",\"url\":\"https:\\\/\\\/rem.sema.mt.gov.br\\\/wp-content\\\/uploads\\\/2024\\\/10\\\/Captura-de-tela-2024-10-01-114735.png\",\"contentUrl\":\"https:\\\/\\\/rem.sema.mt.gov.br\\\/wp-content\\\/uploads\\\/2024\\\/10\\\/Captura-de-tela-2024-10-01-114735.png\",\"width\":592,\"height\":838},{\"@type\":\"BreadcrumbList\",\"@id\":\"https:\\\/\\\/rem.sema.mt.gov.br\\\/biblioteca\\\/modelagem-de-uso-da-terra-e-avaliacao-de-impacto-institucional-do-programa-rem-mato-grosso\\\/#breadcrumb\",\"itemListElement\":[{\"@type\":\"ListItem\",\"position\":1,\"name\":\"In\u00edcio\",\"item\":\"https:\\\/\\\/rem.sema.mt.gov.br\\\/\"},{\"@type\":\"ListItem\",\"position\":2,\"name\":\"Biblioteca REM\",\"item\":\"https:\\\/\\\/rem.sema.mt.gov.br\\\/biblioteca\\\/\"},{\"@type\":\"ListItem\",\"position\":3,\"name\":\"Modelagem de uso da terra e avalia\u00e7\u00e3o de impacto institucional do Programa REM Mato Grosso\"}]},{\"@type\":\"WebSite\",\"@id\":\"https:\\\/\\\/rem.sema.mt.gov.br\\\/#website\",\"url\":\"https:\\\/\\\/rem.sema.mt.gov.br\\\/\",\"name\":\"REM\",\"description\":\"Mato Grosso\",\"potentialAction\":[{\"@type\":\"SearchAction\",\"target\":{\"@type\":\"EntryPoint\",\"urlTemplate\":\"https:\\\/\\\/rem.sema.mt.gov.br\\\/?s={search_term_string}\"},\"query-input\":{\"@type\":\"PropertyValueSpecification\",\"valueRequired\":true,\"valueName\":\"search_term_string\"}}],\"inLanguage\":\"en-US\"}]}<\/script>\n<!-- \/ Yoast SEO plugin. -->","yoast_head_json":{"title":"Avalia\u00e7\u00e3o de impacto institucional do Programa REM Mato Grosso","description":"Produto 4 \u2013 Relat\u00f3rio Final: Nota metodol\u00f3gica para avalia\u00e7\u00e3o de impacto do REM \u2013 MT utilizando a perspectiva do Controle Sint\u00e9tico","robots":{"index":"index","follow":"follow","max-snippet":"max-snippet:-1","max-image-preview":"max-image-preview:large","max-video-preview":"max-video-preview:-1"},"canonical":"https:\/\/rem.sema.mt.gov.br\/en\/biblioteca\/modelagem-de-uso-da-terra-e-avaliacao-de-impacto-institucional-do-programa-rem-mato-grosso\/","og_locale":"en_US","og_type":"article","og_title":"Avalia\u00e7\u00e3o de impacto institucional do Programa REM Mato Grosso","og_description":"Produto 4 \u2013 Relat\u00f3rio Final: Nota metodol\u00f3gica para avalia\u00e7\u00e3o de impacto do REM \u2013 MT utilizando a perspectiva do Controle Sint\u00e9tico","og_url":"https:\/\/rem.sema.mt.gov.br\/en\/biblioteca\/modelagem-de-uso-da-terra-e-avaliacao-de-impacto-institucional-do-programa-rem-mato-grosso\/","og_site_name":"REM","article_modified_time":"2025-12-04T00:24:25+00:00","og_image":[{"width":592,"height":838,"url":"https:\/\/rem.sema.mt.gov.br\/wp-content\/uploads\/2024\/10\/Captura-de-tela-2024-10-01-114735.png","type":"image\/png"}],"twitter_card":"summary_large_image","twitter_misc":{"Est. reading time":"1 minute"},"schema":{"@context":"https:\/\/schema.org","@graph":[{"@type":"WebPage","@id":"https:\/\/rem.sema.mt.gov.br\/biblioteca\/modelagem-de-uso-da-terra-e-avaliacao-de-impacto-institucional-do-programa-rem-mato-grosso\/","url":"https:\/\/rem.sema.mt.gov.br\/biblioteca\/modelagem-de-uso-da-terra-e-avaliacao-de-impacto-institucional-do-programa-rem-mato-grosso\/","name":"Avalia\u00e7\u00e3o de impacto institucional do Programa REM Mato Grosso","isPartOf":{"@id":"https:\/\/rem.sema.mt.gov.br\/#website"},"primaryImageOfPage":{"@id":"https:\/\/rem.sema.mt.gov.br\/biblioteca\/modelagem-de-uso-da-terra-e-avaliacao-de-impacto-institucional-do-programa-rem-mato-grosso\/#primaryimage"},"image":{"@id":"https:\/\/rem.sema.mt.gov.br\/biblioteca\/modelagem-de-uso-da-terra-e-avaliacao-de-impacto-institucional-do-programa-rem-mato-grosso\/#primaryimage"},"thumbnailUrl":"https:\/\/rem.sema.mt.gov.br\/wp-content\/uploads\/2024\/10\/Captura-de-tela-2024-10-01-114735.png","datePublished":"2024-10-01T15:51:35+00:00","dateModified":"2025-12-04T00:24:25+00:00","description":"Produto 4 \u2013 Relat\u00f3rio Final: Nota metodol\u00f3gica para avalia\u00e7\u00e3o de impacto do REM \u2013 MT utilizando a perspectiva do Controle Sint\u00e9tico","breadcrumb":{"@id":"https:\/\/rem.sema.mt.gov.br\/biblioteca\/modelagem-de-uso-da-terra-e-avaliacao-de-impacto-institucional-do-programa-rem-mato-grosso\/#breadcrumb"},"inLanguage":"en-US","potentialAction":[{"@type":"ReadAction","target":["https:\/\/rem.sema.mt.gov.br\/biblioteca\/modelagem-de-uso-da-terra-e-avaliacao-de-impacto-institucional-do-programa-rem-mato-grosso\/"]}]},{"@type":"ImageObject","inLanguage":"en-US","@id":"https:\/\/rem.sema.mt.gov.br\/biblioteca\/modelagem-de-uso-da-terra-e-avaliacao-de-impacto-institucional-do-programa-rem-mato-grosso\/#primaryimage","url":"https:\/\/rem.sema.mt.gov.br\/wp-content\/uploads\/2024\/10\/Captura-de-tela-2024-10-01-114735.png","contentUrl":"https:\/\/rem.sema.mt.gov.br\/wp-content\/uploads\/2024\/10\/Captura-de-tela-2024-10-01-114735.png","width":592,"height":838},{"@type":"BreadcrumbList","@id":"https:\/\/rem.sema.mt.gov.br\/biblioteca\/modelagem-de-uso-da-terra-e-avaliacao-de-impacto-institucional-do-programa-rem-mato-grosso\/#breadcrumb","itemListElement":[{"@type":"ListItem","position":1,"name":"In\u00edcio","item":"https:\/\/rem.sema.mt.gov.br\/"},{"@type":"ListItem","position":2,"name":"Biblioteca REM","item":"https:\/\/rem.sema.mt.gov.br\/biblioteca\/"},{"@type":"ListItem","position":3,"name":"Modelagem de uso da terra e avalia\u00e7\u00e3o de impacto institucional do Programa REM Mato Grosso"}]},{"@type":"WebSite","@id":"https:\/\/rem.sema.mt.gov.br\/#website","url":"https:\/\/rem.sema.mt.gov.br\/","name":"REM","description":"Mato Grosso","potentialAction":[{"@type":"SearchAction","target":{"@type":"EntryPoint","urlTemplate":"https:\/\/rem.sema.mt.gov.br\/?s={search_term_string}"},"query-input":{"@type":"PropertyValueSpecification","valueRequired":true,"valueName":"search_term_string"}}],"inLanguage":"en-US"}]}},"_links":{"self":[{"href":"https:\/\/rem.sema.mt.gov.br\/en\/wp-json\/wp\/v2\/biblioteca\/5553","targetHints":{"allow":["GET"]}}],"collection":[{"href":"https:\/\/rem.sema.mt.gov.br\/en\/wp-json\/wp\/v2\/biblioteca"}],"about":[{"href":"https:\/\/rem.sema.mt.gov.br\/en\/wp-json\/wp\/v2\/types\/biblioteca"}],"wp:featuredmedia":[{"embeddable":true,"href":"https:\/\/rem.sema.mt.gov.br\/en\/wp-json\/wp\/v2\/media\/5554"}],"wp:attachment":[{"href":"https:\/\/rem.sema.mt.gov.br\/en\/wp-json\/wp\/v2\/media?parent=5553"}],"wp:term":[{"taxonomy":"categoria-de-projetos-subprogram","embeddable":true,"href":"https:\/\/rem.sema.mt.gov.br\/en\/wp-json\/wp\/v2\/categoria-de-projetos-subprogram?post=5553"},{"taxonomy":"categoria-da-biblioteca","embeddable":true,"href":"https:\/\/rem.sema.mt.gov.br\/en\/wp-json\/wp\/v2\/categoria-da-biblioteca?post=5553"}],"curies":[{"name":"wp","href":"https:\/\/api.w.org\/{rel}","templated":true}]}}

Modelagem de uso da terra e avaliação de impacto institucional do Programa REM Mato Grosso

<!-- This site is optimized with the Yoast SEO plugin v27.5 - https://yoast.com/product/yoast-seo-wordpress/ -->
<title>Avaliação de impacto institucional do Programa REM Mato Grosso</title>
<meta name="description" content="Produto 4 – Relatório Final: Nota metodológica para avaliação de impacto do REM – MT utilizando a perspectiva do Controle Sintético" />
<meta name="robots" content="index, follow, max-snippet:-1, max-image-preview:large, max-video-preview:-1" />
<link rel="canonical" href="https://rem.sema.mt.gov.br/en/biblioteca/modelagem-de-uso-da-terra-e-avaliacao-de-impacto-institucional-do-programa-rem-mato-grosso/" />
<meta property="og:locale" content="en_US" />
<meta property="og:type" content="article" />
<meta property="og:title" content="Avaliação de impacto institucional do Programa REM Mato Grosso" />
<meta property="og:description" content="Produto 4 – Relatório Final: Nota metodológica para avaliação de impacto do REM – MT utilizando a perspectiva do Controle Sintético" />
<meta property="og:url" content="https://rem.sema.mt.gov.br/en/biblioteca/modelagem-de-uso-da-terra-e-avaliacao-de-impacto-institucional-do-programa-rem-mato-grosso/" />
<meta property="og:site_name" content="REM" />
<meta property="article:modified_time" content="2025-12-04T00:24:25+00:00" />
<meta property="og:image" content="https://rem.sema.mt.gov.br/wp-content/uploads/2024/10/Captura-de-tela-2024-10-01-114735.png" />
	<meta property="og:image:width" content="592" />
	<meta property="og:image:height" content="838" />
	<meta property="og:image:type" content="image/png" />
<meta name="twitter:card" content="summary_large_image" />
<meta name="twitter:label1" content="Est. reading time" />
	<meta name="twitter:data1" content="1 minute" />
<script type="application/ld+json" class="yoast-schema-graph">{"@context":"https:\/\/schema.org","@graph":[{"@type":"WebPage","@id":"https:\/\/rem.sema.mt.gov.br\/biblioteca\/modelagem-de-uso-da-terra-e-avaliacao-de-impacto-institucional-do-programa-rem-mato-grosso\/","url":"https:\/\/rem.sema.mt.gov.br\/biblioteca\/modelagem-de-uso-da-terra-e-avaliacao-de-impacto-institucional-do-programa-rem-mato-grosso\/","name":"Avaliação de impacto institucional do Programa REM Mato Grosso","isPartOf":{"@id":"https:\/\/rem.sema.mt.gov.br\/#website"},"primaryImageOfPage":{"@id":"https:\/\/rem.sema.mt.gov.br\/biblioteca\/modelagem-de-uso-da-terra-e-avaliacao-de-impacto-institucional-do-programa-rem-mato-grosso\/#primaryimage"},"image":{"@id":"https:\/\/rem.sema.mt.gov.br\/biblioteca\/modelagem-de-uso-da-terra-e-avaliacao-de-impacto-institucional-do-programa-rem-mato-grosso\/#primaryimage"},"thumbnailUrl":"https:\/\/rem.sema.mt.gov.br\/wp-content\/uploads\/2024\/10\/Captura-de-tela-2024-10-01-114735.png","datePublished":"2024-10-01T15:51:35+00:00","dateModified":"2025-12-04T00:24:25+00:00","description":"Produto 4 – Relatório Final: Nota metodológica para avaliação de impacto do REM – MT utilizando a perspectiva do Controle Sintético","breadcrumb":{"@id":"https:\/\/rem.sema.mt.gov.br\/biblioteca\/modelagem-de-uso-da-terra-e-avaliacao-de-impacto-institucional-do-programa-rem-mato-grosso\/#breadcrumb"},"inLanguage":"en-US","potentialAction":[{"@type":"ReadAction","target":["https:\/\/rem.sema.mt.gov.br\/biblioteca\/modelagem-de-uso-da-terra-e-avaliacao-de-impacto-institucional-do-programa-rem-mato-grosso\/"]}]},{"@type":"ImageObject","inLanguage":"en-US","@id":"https:\/\/rem.sema.mt.gov.br\/biblioteca\/modelagem-de-uso-da-terra-e-avaliacao-de-impacto-institucional-do-programa-rem-mato-grosso\/#primaryimage","url":"https:\/\/rem.sema.mt.gov.br\/wp-content\/uploads\/2024\/10\/Captura-de-tela-2024-10-01-114735.png","contentUrl":"https:\/\/rem.sema.mt.gov.br\/wp-content\/uploads\/2024\/10\/Captura-de-tela-2024-10-01-114735.png","width":592,"height":838},{"@type":"BreadcrumbList","@id":"https:\/\/rem.sema.mt.gov.br\/biblioteca\/modelagem-de-uso-da-terra-e-avaliacao-de-impacto-institucional-do-programa-rem-mato-grosso\/#breadcrumb","itemListElement":[{"@type":"ListItem","position":1,"name":"Início","item":"https:\/\/rem.sema.mt.gov.br\/"},{"@type":"ListItem","position":2,"name":"Biblioteca REM","item":"https:\/\/rem.sema.mt.gov.br\/biblioteca\/"},{"@type":"ListItem","position":3,"name":"Modelagem de uso da terra e avaliação de impacto institucional do Programa REM Mato Grosso"}]},{"@type":"WebSite","@id":"https:\/\/rem.sema.mt.gov.br\/#website","url":"https:\/\/rem.sema.mt.gov.br\/","name":"REM","description":"Mato Grosso","potentialAction":[{"@type":"SearchAction","target":{"@type":"EntryPoint","urlTemplate":"https:\/\/rem.sema.mt.gov.br\/?s={search_term_string}"},"query-input":{"@type":"PropertyValueSpecification","valueRequired":true,"valueName":"search_term_string"}}],"inLanguage":"en-US"}]}</script>
<!-- / Yoast SEO plugin. -->

Avaliação de impacto institucional do Programa REM Mato Grosso

Produto 4 – Relatório Final: Nota metodológica para avaliação de impacto do REM – MT utilizando a perspectiva do Controle Sintético

Início
