{"id":6035,"date":"2024-11-25T15:36:16","date_gmt":"2024-11-25T18:36:16","guid":{"rendered":"https:\/\/rem.sema.mt.gov.br\/?post_type=biblioteca&#038;p=6035"},"modified":"2025-12-03T19:46:47","modified_gmt":"2025-12-03T22:46:47","slug":"financiamento-climatico-povos-indigenas","status":"publish","type":"biblioteca","link":"https:\/\/rem.sema.mt.gov.br\/en\/biblioteca\/financiamento-climatico-povos-indigenas\/","title":{"rendered":"CANALIZANDO O FINANCIAMENTO CLIM\u00c1TICO DIRETAMENTE PARA OS POVOS IND\u00cdGENAS: Li\u00e7\u00f5es Aprendidas com o Fundo Pod\u00e1ali e o Povo Xavante no Programa REDD Early Movers em Mato Grosso (Brasil)"},"featured_media":6037,"parent":0,"template":"","categoria-de-projetos-subprogram":[],"categoria-da-biblioteca":[24],"class_list":["post-6035","biblioteca","type-biblioteca","status-publish","has-post-thumbnail","hentry","categoria-da-biblioteca-publicacoes","entry","has-media"],"yoast_head":"<!-- This site is optimized with the Yoast SEO plugin v27.5 - https:\/\/yoast.com\/product\/yoast-seo-wordpress\/ -->\n<title>Financiamento Clim\u00e1tico Direto para Povos os Ind\u00edgenas no Brasil<\/title>\n<meta name=\"description\" content=\"Descubra como fundos liderados por ind\u00edgenas est\u00e3o promovendo o financiamento clim\u00e1tico direto para prote\u00e7\u00e3o de florestas e territ\u00f3rios no Brasil.\" \/>\n<meta name=\"robots\" content=\"index, follow, max-snippet:-1, max-image-preview:large, max-video-preview:-1\" \/>\n<link rel=\"canonical\" href=\"https:\/\/rem.sema.mt.gov.br\/en\/biblioteca\/financiamento-climatico-povos-indigenas\/\" \/>\n<meta property=\"og:locale\" content=\"en_US\" \/>\n<meta property=\"og:type\" content=\"article\" \/>\n<meta property=\"og:title\" content=\"Financiamento Clim\u00e1tico Direto para Povos os Ind\u00edgenas no Brasil\" \/>\n<meta property=\"og:description\" content=\"Descubra como fundos liderados por ind\u00edgenas est\u00e3o promovendo o financiamento clim\u00e1tico direto para prote\u00e7\u00e3o de florestas e territ\u00f3rios no Brasil.\" \/>\n<meta property=\"og:url\" content=\"https:\/\/rem.sema.mt.gov.br\/en\/biblioteca\/financiamento-climatico-povos-indigenas\/\" \/>\n<meta property=\"og:site_name\" content=\"REM\" \/>\n<meta property=\"article:modified_time\" content=\"2025-12-03T22:46:47+00:00\" \/>\n<meta property=\"og:image\" content=\"https:\/\/rem.sema.mt.gov.br\/wp-content\/uploads\/2024\/11\/CANALIZANDO.png\" \/>\n\t<meta property=\"og:image:width\" content=\"554\" \/>\n\t<meta property=\"og:image:height\" content=\"784\" \/>\n\t<meta property=\"og:image:type\" content=\"image\/png\" \/>\n<meta name=\"twitter:card\" content=\"summary_large_image\" \/>\n<meta name=\"twitter:label1\" content=\"Est. reading time\" \/>\n\t<meta name=\"twitter:data1\" content=\"1 minute\" \/>\n<script type=\"application\/ld+json\" class=\"yoast-schema-graph\">{\"@context\":\"https:\\\/\\\/schema.org\",\"@graph\":[{\"@type\":\"WebPage\",\"@id\":\"https:\\\/\\\/rem.sema.mt.gov.br\\\/biblioteca\\\/financiamento-climatico-povos-indigenas\\\/\",\"url\":\"https:\\\/\\\/rem.sema.mt.gov.br\\\/biblioteca\\\/financiamento-climatico-povos-indigenas\\\/\",\"name\":\"Financiamento Clim\u00e1tico Direto para Povos os Ind\u00edgenas no Brasil\",\"isPartOf\":{\"@id\":\"https:\\\/\\\/rem.sema.mt.gov.br\\\/#website\"},\"primaryImageOfPage\":{\"@id\":\"https:\\\/\\\/rem.sema.mt.gov.br\\\/biblioteca\\\/financiamento-climatico-povos-indigenas\\\/#primaryimage\"},\"image\":{\"@id\":\"https:\\\/\\\/rem.sema.mt.gov.br\\\/biblioteca\\\/financiamento-climatico-povos-indigenas\\\/#primaryimage\"},\"thumbnailUrl\":\"https:\\\/\\\/rem.sema.mt.gov.br\\\/wp-content\\\/uploads\\\/2024\\\/11\\\/CANALIZANDO.png\",\"datePublished\":\"2024-11-25T18:36:16+00:00\",\"dateModified\":\"2025-12-03T22:46:47+00:00\",\"description\":\"Descubra como fundos liderados por ind\u00edgenas est\u00e3o promovendo o financiamento clim\u00e1tico direto para prote\u00e7\u00e3o de florestas e territ\u00f3rios no Brasil.\",\"breadcrumb\":{\"@id\":\"https:\\\/\\\/rem.sema.mt.gov.br\\\/biblioteca\\\/financiamento-climatico-povos-indigenas\\\/#breadcrumb\"},\"inLanguage\":\"en-US\",\"potentialAction\":[{\"@type\":\"ReadAction\",\"target\":[\"https:\\\/\\\/rem.sema.mt.gov.br\\\/biblioteca\\\/financiamento-climatico-povos-indigenas\\\/\"]}]},{\"@type\":\"ImageObject\",\"inLanguage\":\"en-US\",\"@id\":\"https:\\\/\\\/rem.sema.mt.gov.br\\\/biblioteca\\\/financiamento-climatico-povos-indigenas\\\/#primaryimage\",\"url\":\"https:\\\/\\\/rem.sema.mt.gov.br\\\/wp-content\\\/uploads\\\/2024\\\/11\\\/CANALIZANDO.png\",\"contentUrl\":\"https:\\\/\\\/rem.sema.mt.gov.br\\\/wp-content\\\/uploads\\\/2024\\\/11\\\/CANALIZANDO.png\",\"width\":554,\"height\":784},{\"@type\":\"BreadcrumbList\",\"@id\":\"https:\\\/\\\/rem.sema.mt.gov.br\\\/biblioteca\\\/financiamento-climatico-povos-indigenas\\\/#breadcrumb\",\"itemListElement\":[{\"@type\":\"ListItem\",\"position\":1,\"name\":\"In\u00edcio\",\"item\":\"https:\\\/\\\/rem.sema.mt.gov.br\\\/\"},{\"@type\":\"ListItem\",\"position\":2,\"name\":\"Biblioteca REM\",\"item\":\"https:\\\/\\\/rem.sema.mt.gov.br\\\/biblioteca\\\/\"},{\"@type\":\"ListItem\",\"position\":3,\"name\":\"CANALIZANDO O FINANCIAMENTO CLIM\u00c1TICO DIRETAMENTE PARA OS POVOS IND\u00cdGENAS: Li\u00e7\u00f5es Aprendidas com o Fundo Pod\u00e1ali e o Povo Xavante no Programa REDD Early Movers em Mato Grosso (Brasil)\"}]},{\"@type\":\"WebSite\",\"@id\":\"https:\\\/\\\/rem.sema.mt.gov.br\\\/#website\",\"url\":\"https:\\\/\\\/rem.sema.mt.gov.br\\\/\",\"name\":\"REM\",\"description\":\"Mato Grosso\",\"potentialAction\":[{\"@type\":\"SearchAction\",\"target\":{\"@type\":\"EntryPoint\",\"urlTemplate\":\"https:\\\/\\\/rem.sema.mt.gov.br\\\/?s={search_term_string}\"},\"query-input\":{\"@type\":\"PropertyValueSpecification\",\"valueRequired\":true,\"valueName\":\"search_term_string\"}}],\"inLanguage\":\"en-US\"}]}<\/script>\n<!-- \/ Yoast SEO plugin. -->","yoast_head_json":{"title":"Financiamento Clim\u00e1tico Direto para Povos os Ind\u00edgenas no Brasil","description":"Descubra como fundos liderados por ind\u00edgenas est\u00e3o promovendo o financiamento clim\u00e1tico direto para prote\u00e7\u00e3o de florestas e territ\u00f3rios no Brasil.","robots":{"index":"index","follow":"follow","max-snippet":"max-snippet:-1","max-image-preview":"max-image-preview:large","max-video-preview":"max-video-preview:-1"},"canonical":"https:\/\/rem.sema.mt.gov.br\/en\/biblioteca\/financiamento-climatico-povos-indigenas\/","og_locale":"en_US","og_type":"article","og_title":"Financiamento Clim\u00e1tico Direto para Povos os Ind\u00edgenas no Brasil","og_description":"Descubra como fundos liderados por ind\u00edgenas est\u00e3o promovendo o financiamento clim\u00e1tico direto para prote\u00e7\u00e3o de florestas e territ\u00f3rios no Brasil.","og_url":"https:\/\/rem.sema.mt.gov.br\/en\/biblioteca\/financiamento-climatico-povos-indigenas\/","og_site_name":"REM","article_modified_time":"2025-12-03T22:46:47+00:00","og_image":[{"width":554,"height":784,"url":"https:\/\/rem.sema.mt.gov.br\/wp-content\/uploads\/2024\/11\/CANALIZANDO.png","type":"image\/png"}],"twitter_card":"summary_large_image","twitter_misc":{"Est. reading time":"1 minute"},"schema":{"@context":"https:\/\/schema.org","@graph":[{"@type":"WebPage","@id":"https:\/\/rem.sema.mt.gov.br\/biblioteca\/financiamento-climatico-povos-indigenas\/","url":"https:\/\/rem.sema.mt.gov.br\/biblioteca\/financiamento-climatico-povos-indigenas\/","name":"Financiamento Clim\u00e1tico Direto para Povos os Ind\u00edgenas no Brasil","isPartOf":{"@id":"https:\/\/rem.sema.mt.gov.br\/#website"},"primaryImageOfPage":{"@id":"https:\/\/rem.sema.mt.gov.br\/biblioteca\/financiamento-climatico-povos-indigenas\/#primaryimage"},"image":{"@id":"https:\/\/rem.sema.mt.gov.br\/biblioteca\/financiamento-climatico-povos-indigenas\/#primaryimage"},"thumbnailUrl":"https:\/\/rem.sema.mt.gov.br\/wp-content\/uploads\/2024\/11\/CANALIZANDO.png","datePublished":"2024-11-25T18:36:16+00:00","dateModified":"2025-12-03T22:46:47+00:00","description":"Descubra como fundos liderados por ind\u00edgenas est\u00e3o promovendo o financiamento clim\u00e1tico direto para prote\u00e7\u00e3o de florestas e territ\u00f3rios no Brasil.","breadcrumb":{"@id":"https:\/\/rem.sema.mt.gov.br\/biblioteca\/financiamento-climatico-povos-indigenas\/#breadcrumb"},"inLanguage":"en-US","potentialAction":[{"@type":"ReadAction","target":["https:\/\/rem.sema.mt.gov.br\/biblioteca\/financiamento-climatico-povos-indigenas\/"]}]},{"@type":"ImageObject","inLanguage":"en-US","@id":"https:\/\/rem.sema.mt.gov.br\/biblioteca\/financiamento-climatico-povos-indigenas\/#primaryimage","url":"https:\/\/rem.sema.mt.gov.br\/wp-content\/uploads\/2024\/11\/CANALIZANDO.png","contentUrl":"https:\/\/rem.sema.mt.gov.br\/wp-content\/uploads\/2024\/11\/CANALIZANDO.png","width":554,"height":784},{"@type":"BreadcrumbList","@id":"https:\/\/rem.sema.mt.gov.br\/biblioteca\/financiamento-climatico-povos-indigenas\/#breadcrumb","itemListElement":[{"@type":"ListItem","position":1,"name":"In\u00edcio","item":"https:\/\/rem.sema.mt.gov.br\/"},{"@type":"ListItem","position":2,"name":"Biblioteca REM","item":"https:\/\/rem.sema.mt.gov.br\/biblioteca\/"},{"@type":"ListItem","position":3,"name":"CANALIZANDO O FINANCIAMENTO CLIM\u00c1TICO DIRETAMENTE PARA OS POVOS IND\u00cdGENAS: Li\u00e7\u00f5es Aprendidas com o Fundo Pod\u00e1ali e o Povo Xavante no Programa REDD Early Movers em Mato Grosso (Brasil)"}]},{"@type":"WebSite","@id":"https:\/\/rem.sema.mt.gov.br\/#website","url":"https:\/\/rem.sema.mt.gov.br\/","name":"REM","description":"Mato Grosso","potentialAction":[{"@type":"SearchAction","target":{"@type":"EntryPoint","urlTemplate":"https:\/\/rem.sema.mt.gov.br\/?s={search_term_string}"},"query-input":{"@type":"PropertyValueSpecification","valueRequired":true,"valueName":"search_term_string"}}],"inLanguage":"en-US"}]}},"_links":{"self":[{"href":"https:\/\/rem.sema.mt.gov.br\/en\/wp-json\/wp\/v2\/biblioteca\/6035","targetHints":{"allow":["GET"]}}],"collection":[{"href":"https:\/\/rem.sema.mt.gov.br\/en\/wp-json\/wp\/v2\/biblioteca"}],"about":[{"href":"https:\/\/rem.sema.mt.gov.br\/en\/wp-json\/wp\/v2\/types\/biblioteca"}],"wp:featuredmedia":[{"embeddable":true,"href":"https:\/\/rem.sema.mt.gov.br\/en\/wp-json\/wp\/v2\/media\/6037"}],"wp:attachment":[{"href":"https:\/\/rem.sema.mt.gov.br\/en\/wp-json\/wp\/v2\/media?parent=6035"}],"wp:term":[{"taxonomy":"categoria-de-projetos-subprogram","embeddable":true,"href":"https:\/\/rem.sema.mt.gov.br\/en\/wp-json\/wp\/v2\/categoria-de-projetos-subprogram?post=6035"},{"taxonomy":"categoria-da-biblioteca","embeddable":true,"href":"https:\/\/rem.sema.mt.gov.br\/en\/wp-json\/wp\/v2\/categoria-da-biblioteca?post=6035"}],"curies":[{"name":"wp","href":"https:\/\/api.w.org\/{rel}","templated":true}]}}

CANALIZANDO O FINANCIAMENTO CLIMÁTICO DIRETAMENTE PARA OS POVOS INDÍGENAS: Lições Aprendidas com o Fundo Podáali e o Povo Xavante no Programa REDD Early Movers em Mato Grosso (Brasil)

<!-- This site is optimized with the Yoast SEO plugin v27.5 - https://yoast.com/product/yoast-seo-wordpress/ -->
<title>Financiamento Climático Direto para Povos os Indígenas no Brasil</title>
<meta name="description" content="Descubra como fundos liderados por indígenas estão promovendo o financiamento climático direto para proteção de florestas e territórios no Brasil." />
<meta name="robots" content="index, follow, max-snippet:-1, max-image-preview:large, max-video-preview:-1" />
<link rel="canonical" href="https://rem.sema.mt.gov.br/en/biblioteca/financiamento-climatico-povos-indigenas/" />
<meta property="og:locale" content="en_US" />
<meta property="og:type" content="article" />
<meta property="og:title" content="Financiamento Climático Direto para Povos os Indígenas no Brasil" />
<meta property="og:description" content="Descubra como fundos liderados por indígenas estão promovendo o financiamento climático direto para proteção de florestas e territórios no Brasil." />
<meta property="og:url" content="https://rem.sema.mt.gov.br/en/biblioteca/financiamento-climatico-povos-indigenas/" />
<meta property="og:site_name" content="REM" />
<meta property="article:modified_time" content="2025-12-03T22:46:47+00:00" />
<meta property="og:image" content="https://rem.sema.mt.gov.br/wp-content/uploads/2024/11/CANALIZANDO.png" />
	<meta property="og:image:width" content="554" />
	<meta property="og:image:height" content="784" />
	<meta property="og:image:type" content="image/png" />
<meta name="twitter:card" content="summary_large_image" />
<meta name="twitter:label1" content="Est. reading time" />
	<meta name="twitter:data1" content="1 minute" />
<script type="application/ld+json" class="yoast-schema-graph">{"@context":"https:\/\/schema.org","@graph":[{"@type":"WebPage","@id":"https:\/\/rem.sema.mt.gov.br\/biblioteca\/financiamento-climatico-povos-indigenas\/","url":"https:\/\/rem.sema.mt.gov.br\/biblioteca\/financiamento-climatico-povos-indigenas\/","name":"Financiamento Climático Direto para Povos os Indígenas no Brasil","isPartOf":{"@id":"https:\/\/rem.sema.mt.gov.br\/#website"},"primaryImageOfPage":{"@id":"https:\/\/rem.sema.mt.gov.br\/biblioteca\/financiamento-climatico-povos-indigenas\/#primaryimage"},"image":{"@id":"https:\/\/rem.sema.mt.gov.br\/biblioteca\/financiamento-climatico-povos-indigenas\/#primaryimage"},"thumbnailUrl":"https:\/\/rem.sema.mt.gov.br\/wp-content\/uploads\/2024\/11\/CANALIZANDO.png","datePublished":"2024-11-25T18:36:16+00:00","dateModified":"2025-12-03T22:46:47+00:00","description":"Descubra como fundos liderados por indígenas estão promovendo o financiamento climático direto para proteção de florestas e territórios no Brasil.","breadcrumb":{"@id":"https:\/\/rem.sema.mt.gov.br\/biblioteca\/financiamento-climatico-povos-indigenas\/#breadcrumb"},"inLanguage":"en-US","potentialAction":[{"@type":"ReadAction","target":["https:\/\/rem.sema.mt.gov.br\/biblioteca\/financiamento-climatico-povos-indigenas\/"]}]},{"@type":"ImageObject","inLanguage":"en-US","@id":"https:\/\/rem.sema.mt.gov.br\/biblioteca\/financiamento-climatico-povos-indigenas\/#primaryimage","url":"https:\/\/rem.sema.mt.gov.br\/wp-content\/uploads\/2024\/11\/CANALIZANDO.png","contentUrl":"https:\/\/rem.sema.mt.gov.br\/wp-content\/uploads\/2024\/11\/CANALIZANDO.png","width":554,"height":784},{"@type":"BreadcrumbList","@id":"https:\/\/rem.sema.mt.gov.br\/biblioteca\/financiamento-climatico-povos-indigenas\/#breadcrumb","itemListElement":[{"@type":"ListItem","position":1,"name":"Início","item":"https:\/\/rem.sema.mt.gov.br\/"},{"@type":"ListItem","position":2,"name":"Biblioteca REM","item":"https:\/\/rem.sema.mt.gov.br\/biblioteca\/"},{"@type":"ListItem","position":3,"name":"CANALIZANDO O FINANCIAMENTO CLIMÁTICO DIRETAMENTE PARA OS POVOS INDÍGENAS: Lições Aprendidas com o Fundo Podáali e o Povo Xavante no Programa REDD Early Movers em Mato Grosso (Brasil)"}]},{"@type":"WebSite","@id":"https:\/\/rem.sema.mt.gov.br\/#website","url":"https:\/\/rem.sema.mt.gov.br\/","name":"REM","description":"Mato Grosso","potentialAction":[{"@type":"SearchAction","target":{"@type":"EntryPoint","urlTemplate":"https:\/\/rem.sema.mt.gov.br\/?s={search_term_string}"},"query-input":{"@type":"PropertyValueSpecification","valueRequired":true,"valueName":"search_term_string"}}],"inLanguage":"en-US"}]}</script>
<!-- / Yoast SEO plugin. -->

Financiamento Climático Direto para Povos os Indígenas no Brasil

Descubra como fundos liderados por indígenas estão promovendo o financiamento climático direto para proteção de florestas e territórios no Brasil.

Início
