{"id":4777,"date":"2024-07-02T12:18:53","date_gmt":"2024-07-02T15:18:53","guid":{"rendered":"https:\/\/devsweb.com.br\/rem_wp\/?post_type=capacitacao-e-formac&#038;p=4777"},"modified":"2024-07-02T12:18:53","modified_gmt":"2024-07-02T15:18:53","slug":"restauragro","status":"publish","type":"capacitacao-e-formac","link":"https:\/\/rem.sema.mt.gov.br\/en\/capacitacao-e-formac\/restauragro\/","title":{"rendered":"Restauragro"},"featured_media":4778,"parent":0,"template":"","categorias-formacao-e-capacitaca":[69],"class_list":["post-4777","capacitacao-e-formac","type-capacitacao-e-formac","status-publish","has-post-thumbnail","hentry","categorias-formacao-e-capacitaca-producao-sustentavel","entry","has-media"],"yoast_head":"<!-- This site is optimized with the Yoast SEO plugin v27.5 - https:\/\/yoast.com\/product\/yoast-seo-wordpress\/ -->\n<title>Restauragro - REM<\/title>\n<meta name=\"robots\" content=\"index, follow, max-snippet:-1, max-image-preview:large, max-video-preview:-1\" \/>\n<link rel=\"canonical\" href=\"https:\/\/rem.sema.mt.gov.br\/en\/capacitacao-e-formac\/restauragro\/\" \/>\n<meta property=\"og:locale\" content=\"en_US\" \/>\n<meta property=\"og:type\" content=\"article\" \/>\n<meta property=\"og:title\" content=\"Restauragro - REM\" \/>\n<meta property=\"og:url\" content=\"https:\/\/rem.sema.mt.gov.br\/en\/capacitacao-e-formac\/restauragro\/\" \/>\n<meta property=\"og:site_name\" content=\"REM\" \/>\n<meta property=\"og:image\" content=\"https:\/\/rem.sema.mt.gov.br\/wp-content\/uploads\/2024\/07\/producao-sustentavel-cap-form-02-scaled.webp\" \/>\n\t<meta property=\"og:image:width\" content=\"2560\" \/>\n\t<meta property=\"og:image:height\" content=\"1428\" \/>\n\t<meta property=\"og:image:type\" content=\"image\/webp\" \/>\n<meta name=\"twitter:card\" content=\"summary_large_image\" \/>\n<script type=\"application\/ld+json\" class=\"yoast-schema-graph\">{\"@context\":\"https:\\\/\\\/schema.org\",\"@graph\":[{\"@type\":\"WebPage\",\"@id\":\"https:\\\/\\\/rem.sema.mt.gov.br\\\/capacitacao-e-formac\\\/restauragro\\\/\",\"url\":\"https:\\\/\\\/rem.sema.mt.gov.br\\\/capacitacao-e-formac\\\/restauragro\\\/\",\"name\":\"Restauragro - REM\",\"isPartOf\":{\"@id\":\"https:\\\/\\\/rem.sema.mt.gov.br\\\/#website\"},\"primaryImageOfPage\":{\"@id\":\"https:\\\/\\\/rem.sema.mt.gov.br\\\/capacitacao-e-formac\\\/restauragro\\\/#primaryimage\"},\"image\":{\"@id\":\"https:\\\/\\\/rem.sema.mt.gov.br\\\/capacitacao-e-formac\\\/restauragro\\\/#primaryimage\"},\"thumbnailUrl\":\"https:\\\/\\\/rem.sema.mt.gov.br\\\/wp-content\\\/uploads\\\/2024\\\/07\\\/producao-sustentavel-cap-form-02-scaled.webp\",\"datePublished\":\"2024-07-02T15:18:53+00:00\",\"breadcrumb\":{\"@id\":\"https:\\\/\\\/rem.sema.mt.gov.br\\\/capacitacao-e-formac\\\/restauragro\\\/#breadcrumb\"},\"inLanguage\":\"en-US\",\"potentialAction\":[{\"@type\":\"ReadAction\",\"target\":[\"https:\\\/\\\/rem.sema.mt.gov.br\\\/capacitacao-e-formac\\\/restauragro\\\/\"]}]},{\"@type\":\"ImageObject\",\"inLanguage\":\"en-US\",\"@id\":\"https:\\\/\\\/rem.sema.mt.gov.br\\\/capacitacao-e-formac\\\/restauragro\\\/#primaryimage\",\"url\":\"https:\\\/\\\/rem.sema.mt.gov.br\\\/wp-content\\\/uploads\\\/2024\\\/07\\\/producao-sustentavel-cap-form-02-scaled.webp\",\"contentUrl\":\"https:\\\/\\\/rem.sema.mt.gov.br\\\/wp-content\\\/uploads\\\/2024\\\/07\\\/producao-sustentavel-cap-form-02-scaled.webp\",\"width\":2560,\"height\":1428},{\"@type\":\"BreadcrumbList\",\"@id\":\"https:\\\/\\\/rem.sema.mt.gov.br\\\/capacitacao-e-formac\\\/restauragro\\\/#breadcrumb\",\"itemListElement\":[{\"@type\":\"ListItem\",\"position\":1,\"name\":\"In\u00edcio\",\"item\":\"https:\\\/\\\/rem.sema.mt.gov.br\\\/\"},{\"@type\":\"ListItem\",\"position\":2,\"name\":\"Capacita\u00e7\u00e3o e Forma\u00e7\u00e3o Subprograma\",\"item\":\"https:\\\/\\\/rem.sema.mt.gov.br\\\/capacitacao-e-formac\\\/\"},{\"@type\":\"ListItem\",\"position\":3,\"name\":\"Restauragro\"}]},{\"@type\":\"WebSite\",\"@id\":\"https:\\\/\\\/rem.sema.mt.gov.br\\\/#website\",\"url\":\"https:\\\/\\\/rem.sema.mt.gov.br\\\/\",\"name\":\"REM\",\"description\":\"Mato Grosso\",\"potentialAction\":[{\"@type\":\"SearchAction\",\"target\":{\"@type\":\"EntryPoint\",\"urlTemplate\":\"https:\\\/\\\/rem.sema.mt.gov.br\\\/?s={search_term_string}\"},\"query-input\":{\"@type\":\"PropertyValueSpecification\",\"valueRequired\":true,\"valueName\":\"search_term_string\"}}],\"inLanguage\":\"en-US\"}]}<\/script>\n<!-- \/ Yoast SEO plugin. -->","yoast_head_json":{"title":"Restauragro - REM","robots":{"index":"index","follow":"follow","max-snippet":"max-snippet:-1","max-image-preview":"max-image-preview:large","max-video-preview":"max-video-preview:-1"},"canonical":"https:\/\/rem.sema.mt.gov.br\/en\/capacitacao-e-formac\/restauragro\/","og_locale":"en_US","og_type":"article","og_title":"Restauragro - REM","og_url":"https:\/\/rem.sema.mt.gov.br\/en\/capacitacao-e-formac\/restauragro\/","og_site_name":"REM","og_image":[{"width":2560,"height":1428,"url":"https:\/\/rem.sema.mt.gov.br\/wp-content\/uploads\/2024\/07\/producao-sustentavel-cap-form-02-scaled.webp","type":"image\/webp"}],"twitter_card":"summary_large_image","schema":{"@context":"https:\/\/schema.org","@graph":[{"@type":"WebPage","@id":"https:\/\/rem.sema.mt.gov.br\/capacitacao-e-formac\/restauragro\/","url":"https:\/\/rem.sema.mt.gov.br\/capacitacao-e-formac\/restauragro\/","name":"Restauragro - REM","isPartOf":{"@id":"https:\/\/rem.sema.mt.gov.br\/#website"},"primaryImageOfPage":{"@id":"https:\/\/rem.sema.mt.gov.br\/capacitacao-e-formac\/restauragro\/#primaryimage"},"image":{"@id":"https:\/\/rem.sema.mt.gov.br\/capacitacao-e-formac\/restauragro\/#primaryimage"},"thumbnailUrl":"https:\/\/rem.sema.mt.gov.br\/wp-content\/uploads\/2024\/07\/producao-sustentavel-cap-form-02-scaled.webp","datePublished":"2024-07-02T15:18:53+00:00","breadcrumb":{"@id":"https:\/\/rem.sema.mt.gov.br\/capacitacao-e-formac\/restauragro\/#breadcrumb"},"inLanguage":"en-US","potentialAction":[{"@type":"ReadAction","target":["https:\/\/rem.sema.mt.gov.br\/capacitacao-e-formac\/restauragro\/"]}]},{"@type":"ImageObject","inLanguage":"en-US","@id":"https:\/\/rem.sema.mt.gov.br\/capacitacao-e-formac\/restauragro\/#primaryimage","url":"https:\/\/rem.sema.mt.gov.br\/wp-content\/uploads\/2024\/07\/producao-sustentavel-cap-form-02-scaled.webp","contentUrl":"https:\/\/rem.sema.mt.gov.br\/wp-content\/uploads\/2024\/07\/producao-sustentavel-cap-form-02-scaled.webp","width":2560,"height":1428},{"@type":"BreadcrumbList","@id":"https:\/\/rem.sema.mt.gov.br\/capacitacao-e-formac\/restauragro\/#breadcrumb","itemListElement":[{"@type":"ListItem","position":1,"name":"In\u00edcio","item":"https:\/\/rem.sema.mt.gov.br\/"},{"@type":"ListItem","position":2,"name":"Capacita\u00e7\u00e3o e Forma\u00e7\u00e3o Subprograma","item":"https:\/\/rem.sema.mt.gov.br\/capacitacao-e-formac\/"},{"@type":"ListItem","position":3,"name":"Restauragro"}]},{"@type":"WebSite","@id":"https:\/\/rem.sema.mt.gov.br\/#website","url":"https:\/\/rem.sema.mt.gov.br\/","name":"REM","description":"Mato Grosso","potentialAction":[{"@type":"SearchAction","target":{"@type":"EntryPoint","urlTemplate":"https:\/\/rem.sema.mt.gov.br\/?s={search_term_string}"},"query-input":{"@type":"PropertyValueSpecification","valueRequired":true,"valueName":"search_term_string"}}],"inLanguage":"en-US"}]}},"_links":{"self":[{"href":"https:\/\/rem.sema.mt.gov.br\/en\/wp-json\/wp\/v2\/capacitacao-e-formac\/4777","targetHints":{"allow":["GET"]}}],"collection":[{"href":"https:\/\/rem.sema.mt.gov.br\/en\/wp-json\/wp\/v2\/capacitacao-e-formac"}],"about":[{"href":"https:\/\/rem.sema.mt.gov.br\/en\/wp-json\/wp\/v2\/types\/capacitacao-e-formac"}],"wp:featuredmedia":[{"embeddable":true,"href":"https:\/\/rem.sema.mt.gov.br\/en\/wp-json\/wp\/v2\/media\/4778"}],"wp:attachment":[{"href":"https:\/\/rem.sema.mt.gov.br\/en\/wp-json\/wp\/v2\/media?parent=4777"}],"wp:term":[{"taxonomy":"categorias-formacao-e-capacitaca","embeddable":true,"href":"https:\/\/rem.sema.mt.gov.br\/en\/wp-json\/wp\/v2\/categorias-formacao-e-capacitaca?post=4777"}],"curies":[{"name":"wp","href":"https:\/\/api.w.org\/{rel}","templated":true}]}}

<!-- This site is optimized with the Yoast SEO plugin v27.5 - https://yoast.com/product/yoast-seo-wordpress/ -->
<title>Restauragro - REM</title>
<meta name="robots" content="index, follow, max-snippet:-1, max-image-preview:large, max-video-preview:-1" />
<link rel="canonical" href="https://rem.sema.mt.gov.br/en/capacitacao-e-formac/restauragro/" />
<meta property="og:locale" content="en_US" />
<meta property="og:type" content="article" />
<meta property="og:title" content="Restauragro - REM" />
<meta property="og:url" content="https://rem.sema.mt.gov.br/en/capacitacao-e-formac/restauragro/" />
<meta property="og:site_name" content="REM" />
<meta property="og:image" content="https://rem.sema.mt.gov.br/wp-content/uploads/2024/07/producao-sustentavel-cap-form-02-scaled.webp" />
	<meta property="og:image:width" content="2560" />
	<meta property="og:image:height" content="1428" />
	<meta property="og:image:type" content="image/webp" />
<meta name="twitter:card" content="summary_large_image" />
<script type="application/ld+json" class="yoast-schema-graph">{"@context":"https:\/\/schema.org","@graph":[{"@type":"WebPage","@id":"https:\/\/rem.sema.mt.gov.br\/capacitacao-e-formac\/restauragro\/","url":"https:\/\/rem.sema.mt.gov.br\/capacitacao-e-formac\/restauragro\/","name":"Restauragro - REM","isPartOf":{"@id":"https:\/\/rem.sema.mt.gov.br\/#website"},"primaryImageOfPage":{"@id":"https:\/\/rem.sema.mt.gov.br\/capacitacao-e-formac\/restauragro\/#primaryimage"},"image":{"@id":"https:\/\/rem.sema.mt.gov.br\/capacitacao-e-formac\/restauragro\/#primaryimage"},"thumbnailUrl":"https:\/\/rem.sema.mt.gov.br\/wp-content\/uploads\/2024\/07\/producao-sustentavel-cap-form-02-scaled.webp","datePublished":"2024-07-02T15:18:53+00:00","breadcrumb":{"@id":"https:\/\/rem.sema.mt.gov.br\/capacitacao-e-formac\/restauragro\/#breadcrumb"},"inLanguage":"en-US","potentialAction":[{"@type":"ReadAction","target":["https:\/\/rem.sema.mt.gov.br\/capacitacao-e-formac\/restauragro\/"]}]},{"@type":"ImageObject","inLanguage":"en-US","@id":"https:\/\/rem.sema.mt.gov.br\/capacitacao-e-formac\/restauragro\/#primaryimage","url":"https:\/\/rem.sema.mt.gov.br\/wp-content\/uploads\/2024\/07\/producao-sustentavel-cap-form-02-scaled.webp","contentUrl":"https:\/\/rem.sema.mt.gov.br\/wp-content\/uploads\/2024\/07\/producao-sustentavel-cap-form-02-scaled.webp","width":2560,"height":1428},{"@type":"BreadcrumbList","@id":"https:\/\/rem.sema.mt.gov.br\/capacitacao-e-formac\/restauragro\/#breadcrumb","itemListElement":[{"@type":"ListItem","position":1,"name":"Início","item":"https:\/\/rem.sema.mt.gov.br\/"},{"@type":"ListItem","position":2,"name":"Capacitação e Formação Subprograma","item":"https:\/\/rem.sema.mt.gov.br\/capacitacao-e-formac\/"},{"@type":"ListItem","position":3,"name":"Restauragro"}]},{"@type":"WebSite","@id":"https:\/\/rem.sema.mt.gov.br\/#website","url":"https:\/\/rem.sema.mt.gov.br\/","name":"REM","description":"Mato Grosso","potentialAction":[{"@type":"SearchAction","target":{"@type":"EntryPoint","urlTemplate":"https:\/\/rem.sema.mt.gov.br\/?s={search_term_string}"},"query-input":{"@type":"PropertyValueSpecification","valueRequired":true,"valueName":"search_term_string"}}],"inLanguage":"en-US"}]}</script>
<!-- / Yoast SEO plugin. -->

Início

Capacitação e Formação Subprograma
