{"id":4782,"date":"2024-07-02T12:23:16","date_gmt":"2024-07-02T15:23:16","guid":{"rendered":"https:\/\/devsweb.com.br\/rem_wp\/?post_type=capacitacao-e-formac&#038;p=4782"},"modified":"2024-07-02T12:23:16","modified_gmt":"2024-07-02T15:23:16","slug":"capacitacao-em-identificacao-botanica-especies-florestais-nativas-da-amazonia-em-mato-grosso-para-analistas-ambientais-da-sema-mt","status":"publish","type":"capacitacao-e-formac","link":"https:\/\/rem.sema.mt.gov.br\/en\/capacitacao-e-formac\/capacitacao-em-identificacao-botanica-especies-florestais-nativas-da-amazonia-em-mato-grosso-para-analistas-ambientais-da-sema-mt\/","title":{"rendered":"Capacita\u00e7\u00e3o em Identifica\u00e7\u00e3o Bot\u00e2nica: Esp\u00e9cies Florestais Nativas da Amaz\u00f4nia em Mato Grosso para Analistas Ambientais da SEMA-MT"},"featured_media":4783,"parent":0,"template":"","categorias-formacao-e-capacitaca":[69],"class_list":["post-4782","capacitacao-e-formac","type-capacitacao-e-formac","status-publish","has-post-thumbnail","hentry","categorias-formacao-e-capacitaca-producao-sustentavel","entry","has-media"],"yoast_head":"<!-- This site is optimized with the Yoast SEO plugin v27.5 - https:\/\/yoast.com\/product\/yoast-seo-wordpress\/ -->\n<title>Capacita\u00e7\u00e3o em Identifica\u00e7\u00e3o Bot\u00e2nica: Esp\u00e9cies Florestais Nativas da Amaz\u00f4nia em Mato Grosso para Analistas Ambientais da SEMA-MT - REM<\/title>\n<meta name=\"robots\" content=\"index, follow, max-snippet:-1, max-image-preview:large, max-video-preview:-1\" \/>\n<link rel=\"canonical\" href=\"https:\/\/rem.sema.mt.gov.br\/en\/capacitacao-e-formac\/capacitacao-em-identificacao-botanica-especies-florestais-nativas-da-amazonia-em-mato-grosso-para-analistas-ambientais-da-sema-mt\/\" \/>\n<meta property=\"og:locale\" content=\"en_US\" \/>\n<meta property=\"og:type\" content=\"article\" \/>\n<meta property=\"og:title\" content=\"Capacita\u00e7\u00e3o em Identifica\u00e7\u00e3o Bot\u00e2nica: Esp\u00e9cies Florestais Nativas da Amaz\u00f4nia em Mato Grosso para Analistas Ambientais da SEMA-MT - REM\" \/>\n<meta property=\"og:url\" content=\"https:\/\/rem.sema.mt.gov.br\/en\/capacitacao-e-formac\/capacitacao-em-identificacao-botanica-especies-florestais-nativas-da-amazonia-em-mato-grosso-para-analistas-ambientais-da-sema-mt\/\" \/>\n<meta property=\"og:site_name\" content=\"REM\" \/>\n<meta property=\"og:image\" content=\"https:\/\/rem.sema.mt.gov.br\/wp-content\/uploads\/2024\/07\/producao-sustentavel-cap-form-04-scaled.webp\" \/>\n\t<meta property=\"og:image:width\" content=\"2560\" \/>\n\t<meta property=\"og:image:height\" content=\"1427\" \/>\n\t<meta property=\"og:image:type\" content=\"image\/webp\" \/>\n<meta name=\"twitter:card\" content=\"summary_large_image\" \/>\n<script type=\"application\/ld+json\" class=\"yoast-schema-graph\">{\"@context\":\"https:\\\/\\\/schema.org\",\"@graph\":[{\"@type\":\"WebPage\",\"@id\":\"https:\\\/\\\/rem.sema.mt.gov.br\\\/capacitacao-e-formac\\\/capacitacao-em-identificacao-botanica-especies-florestais-nativas-da-amazonia-em-mato-grosso-para-analistas-ambientais-da-sema-mt\\\/\",\"url\":\"https:\\\/\\\/rem.sema.mt.gov.br\\\/capacitacao-e-formac\\\/capacitacao-em-identificacao-botanica-especies-florestais-nativas-da-amazonia-em-mato-grosso-para-analistas-ambientais-da-sema-mt\\\/\",\"name\":\"Capacita\u00e7\u00e3o em Identifica\u00e7\u00e3o Bot\u00e2nica: Esp\u00e9cies Florestais Nativas da Amaz\u00f4nia em Mato Grosso para Analistas Ambientais da SEMA-MT - REM\",\"isPartOf\":{\"@id\":\"https:\\\/\\\/rem.sema.mt.gov.br\\\/#website\"},\"primaryImageOfPage\":{\"@id\":\"https:\\\/\\\/rem.sema.mt.gov.br\\\/capacitacao-e-formac\\\/capacitacao-em-identificacao-botanica-especies-florestais-nativas-da-amazonia-em-mato-grosso-para-analistas-ambientais-da-sema-mt\\\/#primaryimage\"},\"image\":{\"@id\":\"https:\\\/\\\/rem.sema.mt.gov.br\\\/capacitacao-e-formac\\\/capacitacao-em-identificacao-botanica-especies-florestais-nativas-da-amazonia-em-mato-grosso-para-analistas-ambientais-da-sema-mt\\\/#primaryimage\"},\"thumbnailUrl\":\"https:\\\/\\\/rem.sema.mt.gov.br\\\/wp-content\\\/uploads\\\/2024\\\/07\\\/producao-sustentavel-cap-form-04-scaled.webp\",\"datePublished\":\"2024-07-02T15:23:16+00:00\",\"breadcrumb\":{\"@id\":\"https:\\\/\\\/rem.sema.mt.gov.br\\\/capacitacao-e-formac\\\/capacitacao-em-identificacao-botanica-especies-florestais-nativas-da-amazonia-em-mato-grosso-para-analistas-ambientais-da-sema-mt\\\/#breadcrumb\"},\"inLanguage\":\"en-US\",\"potentialAction\":[{\"@type\":\"ReadAction\",\"target\":[\"https:\\\/\\\/rem.sema.mt.gov.br\\\/capacitacao-e-formac\\\/capacitacao-em-identificacao-botanica-especies-florestais-nativas-da-amazonia-em-mato-grosso-para-analistas-ambientais-da-sema-mt\\\/\"]}]},{\"@type\":\"ImageObject\",\"inLanguage\":\"en-US\",\"@id\":\"https:\\\/\\\/rem.sema.mt.gov.br\\\/capacitacao-e-formac\\\/capacitacao-em-identificacao-botanica-especies-florestais-nativas-da-amazonia-em-mato-grosso-para-analistas-ambientais-da-sema-mt\\\/#primaryimage\",\"url\":\"https:\\\/\\\/rem.sema.mt.gov.br\\\/wp-content\\\/uploads\\\/2024\\\/07\\\/producao-sustentavel-cap-form-04-scaled.webp\",\"contentUrl\":\"https:\\\/\\\/rem.sema.mt.gov.br\\\/wp-content\\\/uploads\\\/2024\\\/07\\\/producao-sustentavel-cap-form-04-scaled.webp\",\"width\":2560,\"height\":1427},{\"@type\":\"BreadcrumbList\",\"@id\":\"https:\\\/\\\/rem.sema.mt.gov.br\\\/capacitacao-e-formac\\\/capacitacao-em-identificacao-botanica-especies-florestais-nativas-da-amazonia-em-mato-grosso-para-analistas-ambientais-da-sema-mt\\\/#breadcrumb\",\"itemListElement\":[{\"@type\":\"ListItem\",\"position\":1,\"name\":\"In\u00edcio\",\"item\":\"https:\\\/\\\/rem.sema.mt.gov.br\\\/\"},{\"@type\":\"ListItem\",\"position\":2,\"name\":\"Capacita\u00e7\u00e3o e Forma\u00e7\u00e3o Subprograma\",\"item\":\"https:\\\/\\\/rem.sema.mt.gov.br\\\/capacitacao-e-formac\\\/\"},{\"@type\":\"ListItem\",\"position\":3,\"name\":\"Capacita\u00e7\u00e3o em Identifica\u00e7\u00e3o Bot\u00e2nica: Esp\u00e9cies Florestais Nativas da Amaz\u00f4nia em Mato Grosso para Analistas Ambientais da SEMA-MT\"}]},{\"@type\":\"WebSite\",\"@id\":\"https:\\\/\\\/rem.sema.mt.gov.br\\\/#website\",\"url\":\"https:\\\/\\\/rem.sema.mt.gov.br\\\/\",\"name\":\"REM\",\"description\":\"Mato Grosso\",\"potentialAction\":[{\"@type\":\"SearchAction\",\"target\":{\"@type\":\"EntryPoint\",\"urlTemplate\":\"https:\\\/\\\/rem.sema.mt.gov.br\\\/?s={search_term_string}\"},\"query-input\":{\"@type\":\"PropertyValueSpecification\",\"valueRequired\":true,\"valueName\":\"search_term_string\"}}],\"inLanguage\":\"en-US\"}]}<\/script>\n<!-- \/ Yoast SEO plugin. -->","yoast_head_json":{"title":"Capacita\u00e7\u00e3o em Identifica\u00e7\u00e3o Bot\u00e2nica: Esp\u00e9cies Florestais Nativas da Amaz\u00f4nia em Mato Grosso para Analistas Ambientais da SEMA-MT - REM","robots":{"index":"index","follow":"follow","max-snippet":"max-snippet:-1","max-image-preview":"max-image-preview:large","max-video-preview":"max-video-preview:-1"},"canonical":"https:\/\/rem.sema.mt.gov.br\/en\/capacitacao-e-formac\/capacitacao-em-identificacao-botanica-especies-florestais-nativas-da-amazonia-em-mato-grosso-para-analistas-ambientais-da-sema-mt\/","og_locale":"en_US","og_type":"article","og_title":"Capacita\u00e7\u00e3o em Identifica\u00e7\u00e3o Bot\u00e2nica: Esp\u00e9cies Florestais Nativas da Amaz\u00f4nia em Mato Grosso para Analistas Ambientais da SEMA-MT - REM","og_url":"https:\/\/rem.sema.mt.gov.br\/en\/capacitacao-e-formac\/capacitacao-em-identificacao-botanica-especies-florestais-nativas-da-amazonia-em-mato-grosso-para-analistas-ambientais-da-sema-mt\/","og_site_name":"REM","og_image":[{"width":2560,"height":1427,"url":"https:\/\/rem.sema.mt.gov.br\/wp-content\/uploads\/2024\/07\/producao-sustentavel-cap-form-04-scaled.webp","type":"image\/webp"}],"twitter_card":"summary_large_image","schema":{"@context":"https:\/\/schema.org","@graph":[{"@type":"WebPage","@id":"https:\/\/rem.sema.mt.gov.br\/capacitacao-e-formac\/capacitacao-em-identificacao-botanica-especies-florestais-nativas-da-amazonia-em-mato-grosso-para-analistas-ambientais-da-sema-mt\/","url":"https:\/\/rem.sema.mt.gov.br\/capacitacao-e-formac\/capacitacao-em-identificacao-botanica-especies-florestais-nativas-da-amazonia-em-mato-grosso-para-analistas-ambientais-da-sema-mt\/","name":"Capacita\u00e7\u00e3o em Identifica\u00e7\u00e3o Bot\u00e2nica: Esp\u00e9cies Florestais Nativas da Amaz\u00f4nia em Mato Grosso para Analistas Ambientais da SEMA-MT - REM","isPartOf":{"@id":"https:\/\/rem.sema.mt.gov.br\/#website"},"primaryImageOfPage":{"@id":"https:\/\/rem.sema.mt.gov.br\/capacitacao-e-formac\/capacitacao-em-identificacao-botanica-especies-florestais-nativas-da-amazonia-em-mato-grosso-para-analistas-ambientais-da-sema-mt\/#primaryimage"},"image":{"@id":"https:\/\/rem.sema.mt.gov.br\/capacitacao-e-formac\/capacitacao-em-identificacao-botanica-especies-florestais-nativas-da-amazonia-em-mato-grosso-para-analistas-ambientais-da-sema-mt\/#primaryimage"},"thumbnailUrl":"https:\/\/rem.sema.mt.gov.br\/wp-content\/uploads\/2024\/07\/producao-sustentavel-cap-form-04-scaled.webp","datePublished":"2024-07-02T15:23:16+00:00","breadcrumb":{"@id":"https:\/\/rem.sema.mt.gov.br\/capacitacao-e-formac\/capacitacao-em-identificacao-botanica-especies-florestais-nativas-da-amazonia-em-mato-grosso-para-analistas-ambientais-da-sema-mt\/#breadcrumb"},"inLanguage":"en-US","potentialAction":[{"@type":"ReadAction","target":["https:\/\/rem.sema.mt.gov.br\/capacitacao-e-formac\/capacitacao-em-identificacao-botanica-especies-florestais-nativas-da-amazonia-em-mato-grosso-para-analistas-ambientais-da-sema-mt\/"]}]},{"@type":"ImageObject","inLanguage":"en-US","@id":"https:\/\/rem.sema.mt.gov.br\/capacitacao-e-formac\/capacitacao-em-identificacao-botanica-especies-florestais-nativas-da-amazonia-em-mato-grosso-para-analistas-ambientais-da-sema-mt\/#primaryimage","url":"https:\/\/rem.sema.mt.gov.br\/wp-content\/uploads\/2024\/07\/producao-sustentavel-cap-form-04-scaled.webp","contentUrl":"https:\/\/rem.sema.mt.gov.br\/wp-content\/uploads\/2024\/07\/producao-sustentavel-cap-form-04-scaled.webp","width":2560,"height":1427},{"@type":"BreadcrumbList","@id":"https:\/\/rem.sema.mt.gov.br\/capacitacao-e-formac\/capacitacao-em-identificacao-botanica-especies-florestais-nativas-da-amazonia-em-mato-grosso-para-analistas-ambientais-da-sema-mt\/#breadcrumb","itemListElement":[{"@type":"ListItem","position":1,"name":"In\u00edcio","item":"https:\/\/rem.sema.mt.gov.br\/"},{"@type":"ListItem","position":2,"name":"Capacita\u00e7\u00e3o e Forma\u00e7\u00e3o Subprograma","item":"https:\/\/rem.sema.mt.gov.br\/capacitacao-e-formac\/"},{"@type":"ListItem","position":3,"name":"Capacita\u00e7\u00e3o em Identifica\u00e7\u00e3o Bot\u00e2nica: Esp\u00e9cies Florestais Nativas da Amaz\u00f4nia em Mato Grosso para Analistas Ambientais da SEMA-MT"}]},{"@type":"WebSite","@id":"https:\/\/rem.sema.mt.gov.br\/#website","url":"https:\/\/rem.sema.mt.gov.br\/","name":"REM","description":"Mato Grosso","potentialAction":[{"@type":"SearchAction","target":{"@type":"EntryPoint","urlTemplate":"https:\/\/rem.sema.mt.gov.br\/?s={search_term_string}"},"query-input":{"@type":"PropertyValueSpecification","valueRequired":true,"valueName":"search_term_string"}}],"inLanguage":"en-US"}]}},"_links":{"self":[{"href":"https:\/\/rem.sema.mt.gov.br\/en\/wp-json\/wp\/v2\/capacitacao-e-formac\/4782","targetHints":{"allow":["GET"]}}],"collection":[{"href":"https:\/\/rem.sema.mt.gov.br\/en\/wp-json\/wp\/v2\/capacitacao-e-formac"}],"about":[{"href":"https:\/\/rem.sema.mt.gov.br\/en\/wp-json\/wp\/v2\/types\/capacitacao-e-formac"}],"wp:featuredmedia":[{"embeddable":true,"href":"https:\/\/rem.sema.mt.gov.br\/en\/wp-json\/wp\/v2\/media\/4783"}],"wp:attachment":[{"href":"https:\/\/rem.sema.mt.gov.br\/en\/wp-json\/wp\/v2\/media?parent=4782"}],"wp:term":[{"taxonomy":"categorias-formacao-e-capacitaca","embeddable":true,"href":"https:\/\/rem.sema.mt.gov.br\/en\/wp-json\/wp\/v2\/categorias-formacao-e-capacitaca?post=4782"}],"curies":[{"name":"wp","href":"https:\/\/api.w.org\/{rel}","templated":true}]}}

Capacitação em Identificação Botânica: Espécies Florestais Nativas da Amazônia em Mato Grosso para Analistas Ambientais da SEMA-MT

<!-- This site is optimized with the Yoast SEO plugin v27.5 - https://yoast.com/product/yoast-seo-wordpress/ -->
<title>Capacitação em Identificação Botânica: Espécies Florestais Nativas da Amazônia em Mato Grosso para Analistas Ambientais da SEMA-MT - REM</title>
<meta name="robots" content="index, follow, max-snippet:-1, max-image-preview:large, max-video-preview:-1" />
<link rel="canonical" href="https://rem.sema.mt.gov.br/en/capacitacao-e-formac/capacitacao-em-identificacao-botanica-especies-florestais-nativas-da-amazonia-em-mato-grosso-para-analistas-ambientais-da-sema-mt/" />
<meta property="og:locale" content="en_US" />
<meta property="og:type" content="article" />
<meta property="og:title" content="Capacitação em Identificação Botânica: Espécies Florestais Nativas da Amazônia em Mato Grosso para Analistas Ambientais da SEMA-MT - REM" />
<meta property="og:url" content="https://rem.sema.mt.gov.br/en/capacitacao-e-formac/capacitacao-em-identificacao-botanica-especies-florestais-nativas-da-amazonia-em-mato-grosso-para-analistas-ambientais-da-sema-mt/" />
<meta property="og:site_name" content="REM" />
<meta property="og:image" content="https://rem.sema.mt.gov.br/wp-content/uploads/2024/07/producao-sustentavel-cap-form-04-scaled.webp" />
	<meta property="og:image:width" content="2560" />
	<meta property="og:image:height" content="1427" />
	<meta property="og:image:type" content="image/webp" />
<meta name="twitter:card" content="summary_large_image" />
<script type="application/ld+json" class="yoast-schema-graph">{"@context":"https:\/\/schema.org","@graph":[{"@type":"WebPage","@id":"https:\/\/rem.sema.mt.gov.br\/capacitacao-e-formac\/capacitacao-em-identificacao-botanica-especies-florestais-nativas-da-amazonia-em-mato-grosso-para-analistas-ambientais-da-sema-mt\/","url":"https:\/\/rem.sema.mt.gov.br\/capacitacao-e-formac\/capacitacao-em-identificacao-botanica-especies-florestais-nativas-da-amazonia-em-mato-grosso-para-analistas-ambientais-da-sema-mt\/","name":"Capacitação em Identificação Botânica: Espécies Florestais Nativas da Amazônia em Mato Grosso para Analistas Ambientais da SEMA-MT - REM","isPartOf":{"@id":"https:\/\/rem.sema.mt.gov.br\/#website"},"primaryImageOfPage":{"@id":"https:\/\/rem.sema.mt.gov.br\/capacitacao-e-formac\/capacitacao-em-identificacao-botanica-especies-florestais-nativas-da-amazonia-em-mato-grosso-para-analistas-ambientais-da-sema-mt\/#primaryimage"},"image":{"@id":"https:\/\/rem.sema.mt.gov.br\/capacitacao-e-formac\/capacitacao-em-identificacao-botanica-especies-florestais-nativas-da-amazonia-em-mato-grosso-para-analistas-ambientais-da-sema-mt\/#primaryimage"},"thumbnailUrl":"https:\/\/rem.sema.mt.gov.br\/wp-content\/uploads\/2024\/07\/producao-sustentavel-cap-form-04-scaled.webp","datePublished":"2024-07-02T15:23:16+00:00","breadcrumb":{"@id":"https:\/\/rem.sema.mt.gov.br\/capacitacao-e-formac\/capacitacao-em-identificacao-botanica-especies-florestais-nativas-da-amazonia-em-mato-grosso-para-analistas-ambientais-da-sema-mt\/#breadcrumb"},"inLanguage":"en-US","potentialAction":[{"@type":"ReadAction","target":["https:\/\/rem.sema.mt.gov.br\/capacitacao-e-formac\/capacitacao-em-identificacao-botanica-especies-florestais-nativas-da-amazonia-em-mato-grosso-para-analistas-ambientais-da-sema-mt\/"]}]},{"@type":"ImageObject","inLanguage":"en-US","@id":"https:\/\/rem.sema.mt.gov.br\/capacitacao-e-formac\/capacitacao-em-identificacao-botanica-especies-florestais-nativas-da-amazonia-em-mato-grosso-para-analistas-ambientais-da-sema-mt\/#primaryimage","url":"https:\/\/rem.sema.mt.gov.br\/wp-content\/uploads\/2024\/07\/producao-sustentavel-cap-form-04-scaled.webp","contentUrl":"https:\/\/rem.sema.mt.gov.br\/wp-content\/uploads\/2024\/07\/producao-sustentavel-cap-form-04-scaled.webp","width":2560,"height":1427},{"@type":"BreadcrumbList","@id":"https:\/\/rem.sema.mt.gov.br\/capacitacao-e-formac\/capacitacao-em-identificacao-botanica-especies-florestais-nativas-da-amazonia-em-mato-grosso-para-analistas-ambientais-da-sema-mt\/#breadcrumb","itemListElement":[{"@type":"ListItem","position":1,"name":"Início","item":"https:\/\/rem.sema.mt.gov.br\/"},{"@type":"ListItem","position":2,"name":"Capacitação e Formação Subprograma","item":"https:\/\/rem.sema.mt.gov.br\/capacitacao-e-formac\/"},{"@type":"ListItem","position":3,"name":"Capacitação em Identificação Botânica: Espécies Florestais Nativas da Amazônia em Mato Grosso para Analistas Ambientais da SEMA-MT"}]},{"@type":"WebSite","@id":"https:\/\/rem.sema.mt.gov.br\/#website","url":"https:\/\/rem.sema.mt.gov.br\/","name":"REM","description":"Mato Grosso","potentialAction":[{"@type":"SearchAction","target":{"@type":"EntryPoint","urlTemplate":"https:\/\/rem.sema.mt.gov.br\/?s={search_term_string}"},"query-input":{"@type":"PropertyValueSpecification","valueRequired":true,"valueName":"search_term_string"}}],"inLanguage":"en-US"}]}</script>
<!-- / Yoast SEO plugin. -->

Capacitação em Identificação Botânica: Espécies Florestais Nativas da Amazônia em Mato Grosso para Analistas Ambientais da SEMA-MT - REM

Início

Capacitação e Formação Subprograma
