{"id":4928,"date":"2024-07-04T13:33:11","date_gmt":"2024-07-04T16:33:11","guid":{"rendered":"https:\/\/devsweb.com.br\/rem_wp\/?post_type=capacitacao-e-formac&#038;p=4928"},"modified":"2024-07-23T12:25:23","modified_gmt":"2024-07-23T15:25:23","slug":"programa-pequis","status":"publish","type":"capacitacao-e-formac","link":"https:\/\/rem.sema.mt.gov.br\/en\/capacitacao-e-formac\/programa-pequis\/","title":{"rendered":"Programa PEQUIS"},"featured_media":5417,"parent":0,"template":"","categorias-formacao-e-capacitaca":[65],"class_list":["post-4928","capacitacao-e-formac","type-capacitacao-e-formac","status-publish","has-post-thumbnail","hentry","categorias-formacao-e-capacitaca-agricultura-familiar-e-de-povos-e-comunidades-tradicionais","entry","has-media"],"yoast_head":"<!-- This site is optimized with the Yoast SEO plugin v27.5 - https:\/\/yoast.com\/product\/yoast-seo-wordpress\/ -->\n<title>Programa PEQUIS - REM<\/title>\n<meta name=\"robots\" content=\"index, follow, max-snippet:-1, max-image-preview:large, max-video-preview:-1\" \/>\n<link rel=\"canonical\" href=\"https:\/\/rem.sema.mt.gov.br\/en\/capacitacao-e-formac\/programa-pequis\/\" \/>\n<meta property=\"og:locale\" content=\"en_US\" \/>\n<meta property=\"og:type\" content=\"article\" \/>\n<meta property=\"og:title\" content=\"Programa PEQUIS - REM\" \/>\n<meta property=\"og:url\" content=\"https:\/\/rem.sema.mt.gov.br\/en\/capacitacao-e-formac\/programa-pequis\/\" \/>\n<meta property=\"og:site_name\" content=\"REM\" \/>\n<meta property=\"article:modified_time\" content=\"2024-07-23T15:25:23+00:00\" \/>\n<meta property=\"og:image\" content=\"https:\/\/rem.sema.mt.gov.br\/wp-content\/uploads\/2024\/07\/pequis1-d66-1536x861-1.webp\" \/>\n\t<meta property=\"og:image:width\" content=\"1536\" \/>\n\t<meta property=\"og:image:height\" content=\"861\" \/>\n\t<meta property=\"og:image:type\" content=\"image\/webp\" \/>\n<meta name=\"twitter:card\" content=\"summary_large_image\" \/>\n<meta name=\"twitter:label1\" content=\"Est. reading time\" \/>\n\t<meta name=\"twitter:data1\" content=\"1 minute\" \/>\n<script type=\"application\/ld+json\" class=\"yoast-schema-graph\">{\"@context\":\"https:\\\/\\\/schema.org\",\"@graph\":[{\"@type\":\"WebPage\",\"@id\":\"https:\\\/\\\/rem.sema.mt.gov.br\\\/capacitacao-e-formac\\\/programa-pequis\\\/\",\"url\":\"https:\\\/\\\/rem.sema.mt.gov.br\\\/capacitacao-e-formac\\\/programa-pequis\\\/\",\"name\":\"Programa PEQUIS - REM\",\"isPartOf\":{\"@id\":\"https:\\\/\\\/rem.sema.mt.gov.br\\\/#website\"},\"primaryImageOfPage\":{\"@id\":\"https:\\\/\\\/rem.sema.mt.gov.br\\\/capacitacao-e-formac\\\/programa-pequis\\\/#primaryimage\"},\"image\":{\"@id\":\"https:\\\/\\\/rem.sema.mt.gov.br\\\/capacitacao-e-formac\\\/programa-pequis\\\/#primaryimage\"},\"thumbnailUrl\":\"https:\\\/\\\/rem.sema.mt.gov.br\\\/wp-content\\\/uploads\\\/2024\\\/07\\\/pequis1-d66-1536x861-1.webp\",\"datePublished\":\"2024-07-04T16:33:11+00:00\",\"dateModified\":\"2024-07-23T15:25:23+00:00\",\"breadcrumb\":{\"@id\":\"https:\\\/\\\/rem.sema.mt.gov.br\\\/capacitacao-e-formac\\\/programa-pequis\\\/#breadcrumb\"},\"inLanguage\":\"en-US\",\"potentialAction\":[{\"@type\":\"ReadAction\",\"target\":[\"https:\\\/\\\/rem.sema.mt.gov.br\\\/capacitacao-e-formac\\\/programa-pequis\\\/\"]}]},{\"@type\":\"ImageObject\",\"inLanguage\":\"en-US\",\"@id\":\"https:\\\/\\\/rem.sema.mt.gov.br\\\/capacitacao-e-formac\\\/programa-pequis\\\/#primaryimage\",\"url\":\"https:\\\/\\\/rem.sema.mt.gov.br\\\/wp-content\\\/uploads\\\/2024\\\/07\\\/pequis1-d66-1536x861-1.webp\",\"contentUrl\":\"https:\\\/\\\/rem.sema.mt.gov.br\\\/wp-content\\\/uploads\\\/2024\\\/07\\\/pequis1-d66-1536x861-1.webp\",\"width\":1536,\"height\":861,\"caption\":\"Foto: Fernanda Fidelis (REM MT)\"},{\"@type\":\"BreadcrumbList\",\"@id\":\"https:\\\/\\\/rem.sema.mt.gov.br\\\/capacitacao-e-formac\\\/programa-pequis\\\/#breadcrumb\",\"itemListElement\":[{\"@type\":\"ListItem\",\"position\":1,\"name\":\"In\u00edcio\",\"item\":\"https:\\\/\\\/rem.sema.mt.gov.br\\\/\"},{\"@type\":\"ListItem\",\"position\":2,\"name\":\"Capacita\u00e7\u00e3o e Forma\u00e7\u00e3o Subprograma\",\"item\":\"https:\\\/\\\/rem.sema.mt.gov.br\\\/capacitacao-e-formac\\\/\"},{\"@type\":\"ListItem\",\"position\":3,\"name\":\"Programa PEQUIS\"}]},{\"@type\":\"WebSite\",\"@id\":\"https:\\\/\\\/rem.sema.mt.gov.br\\\/#website\",\"url\":\"https:\\\/\\\/rem.sema.mt.gov.br\\\/\",\"name\":\"REM\",\"description\":\"Mato Grosso\",\"potentialAction\":[{\"@type\":\"SearchAction\",\"target\":{\"@type\":\"EntryPoint\",\"urlTemplate\":\"https:\\\/\\\/rem.sema.mt.gov.br\\\/?s={search_term_string}\"},\"query-input\":{\"@type\":\"PropertyValueSpecification\",\"valueRequired\":true,\"valueName\":\"search_term_string\"}}],\"inLanguage\":\"en-US\"}]}<\/script>\n<!-- \/ Yoast SEO plugin. -->","yoast_head_json":{"title":"Programa PEQUIS - REM","robots":{"index":"index","follow":"follow","max-snippet":"max-snippet:-1","max-image-preview":"max-image-preview:large","max-video-preview":"max-video-preview:-1"},"canonical":"https:\/\/rem.sema.mt.gov.br\/en\/capacitacao-e-formac\/programa-pequis\/","og_locale":"en_US","og_type":"article","og_title":"Programa PEQUIS - REM","og_url":"https:\/\/rem.sema.mt.gov.br\/en\/capacitacao-e-formac\/programa-pequis\/","og_site_name":"REM","article_modified_time":"2024-07-23T15:25:23+00:00","og_image":[{"width":1536,"height":861,"url":"https:\/\/rem.sema.mt.gov.br\/wp-content\/uploads\/2024\/07\/pequis1-d66-1536x861-1.webp","type":"image\/webp"}],"twitter_card":"summary_large_image","twitter_misc":{"Est. reading time":"1 minute"},"schema":{"@context":"https:\/\/schema.org","@graph":[{"@type":"WebPage","@id":"https:\/\/rem.sema.mt.gov.br\/capacitacao-e-formac\/programa-pequis\/","url":"https:\/\/rem.sema.mt.gov.br\/capacitacao-e-formac\/programa-pequis\/","name":"Programa PEQUIS - REM","isPartOf":{"@id":"https:\/\/rem.sema.mt.gov.br\/#website"},"primaryImageOfPage":{"@id":"https:\/\/rem.sema.mt.gov.br\/capacitacao-e-formac\/programa-pequis\/#primaryimage"},"image":{"@id":"https:\/\/rem.sema.mt.gov.br\/capacitacao-e-formac\/programa-pequis\/#primaryimage"},"thumbnailUrl":"https:\/\/rem.sema.mt.gov.br\/wp-content\/uploads\/2024\/07\/pequis1-d66-1536x861-1.webp","datePublished":"2024-07-04T16:33:11+00:00","dateModified":"2024-07-23T15:25:23+00:00","breadcrumb":{"@id":"https:\/\/rem.sema.mt.gov.br\/capacitacao-e-formac\/programa-pequis\/#breadcrumb"},"inLanguage":"en-US","potentialAction":[{"@type":"ReadAction","target":["https:\/\/rem.sema.mt.gov.br\/capacitacao-e-formac\/programa-pequis\/"]}]},{"@type":"ImageObject","inLanguage":"en-US","@id":"https:\/\/rem.sema.mt.gov.br\/capacitacao-e-formac\/programa-pequis\/#primaryimage","url":"https:\/\/rem.sema.mt.gov.br\/wp-content\/uploads\/2024\/07\/pequis1-d66-1536x861-1.webp","contentUrl":"https:\/\/rem.sema.mt.gov.br\/wp-content\/uploads\/2024\/07\/pequis1-d66-1536x861-1.webp","width":1536,"height":861,"caption":"Foto: Fernanda Fidelis (REM MT)"},{"@type":"BreadcrumbList","@id":"https:\/\/rem.sema.mt.gov.br\/capacitacao-e-formac\/programa-pequis\/#breadcrumb","itemListElement":[{"@type":"ListItem","position":1,"name":"In\u00edcio","item":"https:\/\/rem.sema.mt.gov.br\/"},{"@type":"ListItem","position":2,"name":"Capacita\u00e7\u00e3o e Forma\u00e7\u00e3o Subprograma","item":"https:\/\/rem.sema.mt.gov.br\/capacitacao-e-formac\/"},{"@type":"ListItem","position":3,"name":"Programa PEQUIS"}]},{"@type":"WebSite","@id":"https:\/\/rem.sema.mt.gov.br\/#website","url":"https:\/\/rem.sema.mt.gov.br\/","name":"REM","description":"Mato Grosso","potentialAction":[{"@type":"SearchAction","target":{"@type":"EntryPoint","urlTemplate":"https:\/\/rem.sema.mt.gov.br\/?s={search_term_string}"},"query-input":{"@type":"PropertyValueSpecification","valueRequired":true,"valueName":"search_term_string"}}],"inLanguage":"en-US"}]}},"_links":{"self":[{"href":"https:\/\/rem.sema.mt.gov.br\/en\/wp-json\/wp\/v2\/capacitacao-e-formac\/4928","targetHints":{"allow":["GET"]}}],"collection":[{"href":"https:\/\/rem.sema.mt.gov.br\/en\/wp-json\/wp\/v2\/capacitacao-e-formac"}],"about":[{"href":"https:\/\/rem.sema.mt.gov.br\/en\/wp-json\/wp\/v2\/types\/capacitacao-e-formac"}],"wp:featuredmedia":[{"embeddable":true,"href":"https:\/\/rem.sema.mt.gov.br\/en\/wp-json\/wp\/v2\/media\/5417"}],"wp:attachment":[{"href":"https:\/\/rem.sema.mt.gov.br\/en\/wp-json\/wp\/v2\/media?parent=4928"}],"wp:term":[{"taxonomy":"categorias-formacao-e-capacitaca","embeddable":true,"href":"https:\/\/rem.sema.mt.gov.br\/en\/wp-json\/wp\/v2\/categorias-formacao-e-capacitaca?post=4928"}],"curies":[{"name":"wp","href":"https:\/\/api.w.org\/{rel}","templated":true}]}}

<!-- This site is optimized with the Yoast SEO plugin v27.5 - https://yoast.com/product/yoast-seo-wordpress/ -->
<title>Programa PEQUIS - REM</title>
<meta name="robots" content="index, follow, max-snippet:-1, max-image-preview:large, max-video-preview:-1" />
<link rel="canonical" href="https://rem.sema.mt.gov.br/en/capacitacao-e-formac/programa-pequis/" />
<meta property="og:locale" content="en_US" />
<meta property="og:type" content="article" />
<meta property="og:title" content="Programa PEQUIS - REM" />
<meta property="og:url" content="https://rem.sema.mt.gov.br/en/capacitacao-e-formac/programa-pequis/" />
<meta property="og:site_name" content="REM" />
<meta property="article:modified_time" content="2024-07-23T15:25:23+00:00" />
<meta property="og:image" content="https://rem.sema.mt.gov.br/wp-content/uploads/2024/07/pequis1-d66-1536x861-1.webp" />
	<meta property="og:image:width" content="1536" />
	<meta property="og:image:height" content="861" />
	<meta property="og:image:type" content="image/webp" />
<meta name="twitter:card" content="summary_large_image" />
<meta name="twitter:label1" content="Est. reading time" />
	<meta name="twitter:data1" content="1 minute" />
<script type="application/ld+json" class="yoast-schema-graph">{"@context":"https:\/\/schema.org","@graph":[{"@type":"WebPage","@id":"https:\/\/rem.sema.mt.gov.br\/capacitacao-e-formac\/programa-pequis\/","url":"https:\/\/rem.sema.mt.gov.br\/capacitacao-e-formac\/programa-pequis\/","name":"Programa PEQUIS - REM","isPartOf":{"@id":"https:\/\/rem.sema.mt.gov.br\/#website"},"primaryImageOfPage":{"@id":"https:\/\/rem.sema.mt.gov.br\/capacitacao-e-formac\/programa-pequis\/#primaryimage"},"image":{"@id":"https:\/\/rem.sema.mt.gov.br\/capacitacao-e-formac\/programa-pequis\/#primaryimage"},"thumbnailUrl":"https:\/\/rem.sema.mt.gov.br\/wp-content\/uploads\/2024\/07\/pequis1-d66-1536x861-1.webp","datePublished":"2024-07-04T16:33:11+00:00","dateModified":"2024-07-23T15:25:23+00:00","breadcrumb":{"@id":"https:\/\/rem.sema.mt.gov.br\/capacitacao-e-formac\/programa-pequis\/#breadcrumb"},"inLanguage":"en-US","potentialAction":[{"@type":"ReadAction","target":["https:\/\/rem.sema.mt.gov.br\/capacitacao-e-formac\/programa-pequis\/"]}]},{"@type":"ImageObject","inLanguage":"en-US","@id":"https:\/\/rem.sema.mt.gov.br\/capacitacao-e-formac\/programa-pequis\/#primaryimage","url":"https:\/\/rem.sema.mt.gov.br\/wp-content\/uploads\/2024\/07\/pequis1-d66-1536x861-1.webp","contentUrl":"https:\/\/rem.sema.mt.gov.br\/wp-content\/uploads\/2024\/07\/pequis1-d66-1536x861-1.webp","width":1536,"height":861,"caption":"Foto: Fernanda Fidelis (REM MT)"},{"@type":"BreadcrumbList","@id":"https:\/\/rem.sema.mt.gov.br\/capacitacao-e-formac\/programa-pequis\/#breadcrumb","itemListElement":[{"@type":"ListItem","position":1,"name":"Início","item":"https:\/\/rem.sema.mt.gov.br\/"},{"@type":"ListItem","position":2,"name":"Capacitação e Formação Subprograma","item":"https:\/\/rem.sema.mt.gov.br\/capacitacao-e-formac\/"},{"@type":"ListItem","position":3,"name":"Programa PEQUIS"}]},{"@type":"WebSite","@id":"https:\/\/rem.sema.mt.gov.br\/#website","url":"https:\/\/rem.sema.mt.gov.br\/","name":"REM","description":"Mato Grosso","potentialAction":[{"@type":"SearchAction","target":{"@type":"EntryPoint","urlTemplate":"https:\/\/rem.sema.mt.gov.br\/?s={search_term_string}"},"query-input":{"@type":"PropertyValueSpecification","valueRequired":true,"valueName":"search_term_string"}}],"inLanguage":"en-US"}]}</script>
<!-- / Yoast SEO plugin. -->

Início

Capacitação e Formação Subprograma
