{"id":6359,"date":"2025-03-05T18:45:16","date_gmt":"2025-03-05T21:45:16","guid":{"rendered":"https:\/\/rem.sema.mt.gov.br\/?post_type=galeria-de-videos-re&#038;p=6359"},"modified":"2025-03-05T18:45:54","modified_gmt":"2025-03-05T21:45:54","slug":"memy-bijok-festa-dos-homens-kayapo","status":"publish","type":"galeria-de-videos","link":"https:\/\/rem.sema.mt.gov.br\/en\/galeria-de-videos\/memy-bijok-festa-dos-homens-kayapo\/","title":{"rendered":"REM MT | &#8216;Memy Bij\u00f4k&#8217; Festa dos Homens Kayap\u00f3"},"parent":0,"template":"","categoria-de-videos":[],"class_list":["post-6359","galeria-de-videos","type-galeria-de-videos","status-publish","hentry","entry"],"yoast_head":"<!-- This site is optimized with the Yoast SEO plugin v27.5 - https:\/\/yoast.com\/product\/yoast-seo-wordpress\/ -->\n<title>REM MT | &#039;Memy Bij\u00f4k&#039; Festa dos Homens Kayap\u00f3 - REM<\/title>\n<meta name=\"description\" content=\"O document\u00e1rio sobre a festa dos homens &quot; Memy Bij\u00f4k&quot; apresenta uma das cerim\u00f4nias de nomina\u00e7\u00e3o do povo M\u1ebdb\u00eang\u00f4kre -Kayap\u00f3&quot;. Durante a cerim\u00f4nia, as crian\u00e7as (meninos) recebem seus nomes, integrando-se desta forma \u00e0 sociedade M\u1ebdb\u00eang\u00f4kre e levando o legado dos nomes dos seus av\u00f4s. Este document\u00e1rio foi realizado no \u00e2mbito do projeto &quot;A For\u00e7a dos Protetores da Floresta: a\u00e7\u00f5es socioambientais e econ\u00f4micas para o protagonismo, autonomia e o bem viver nos Territ\u00f3rios Capoto\/Jarina, Menkragnoti (sul) e Territ\u00f3rio Ind\u00edgena do Xingu (norte)&quot;, apoiado pelo Programa REM MT - Projetos Estruturantes Chamada 002\/2022, do Subprograma Territ\u00f3rios Ind\u00edgenas. Realiza\u00e7\u00e3o: Instituto RaoniApoio: Programa REM MT\" \/>\n<meta name=\"robots\" content=\"index, follow, max-snippet:-1, max-image-preview:large, max-video-preview:-1\" \/>\n<link rel=\"canonical\" href=\"https:\/\/rem.sema.mt.gov.br\/en\/galeria-de-videos\/memy-bijok-festa-dos-homens-kayapo\/\" \/>\n<meta property=\"og:locale\" content=\"en_US\" \/>\n<meta property=\"og:type\" content=\"article\" \/>\n<meta property=\"og:title\" content=\"REM MT | &#039;Memy Bij\u00f4k&#039; Festa dos Homens Kayap\u00f3 - REM\" \/>\n<meta property=\"og:description\" content=\"O document\u00e1rio sobre a festa dos homens &quot; Memy Bij\u00f4k&quot; apresenta uma das cerim\u00f4nias de nomina\u00e7\u00e3o do povo M\u1ebdb\u00eang\u00f4kre -Kayap\u00f3&quot;. Durante a cerim\u00f4nia, as crian\u00e7as (meninos) recebem seus nomes, integrando-se desta forma \u00e0 sociedade M\u1ebdb\u00eang\u00f4kre e levando o legado dos nomes dos seus av\u00f4s. Este document\u00e1rio foi realizado no \u00e2mbito do projeto &quot;A For\u00e7a dos Protetores da Floresta: a\u00e7\u00f5es socioambientais e econ\u00f4micas para o protagonismo, autonomia e o bem viver nos Territ\u00f3rios Capoto\/Jarina, Menkragnoti (sul) e Territ\u00f3rio Ind\u00edgena do Xingu (norte)&quot;, apoiado pelo Programa REM MT - Projetos Estruturantes Chamada 002\/2022, do Subprograma Territ\u00f3rios Ind\u00edgenas. Realiza\u00e7\u00e3o: Instituto RaoniApoio: Programa REM MT\" \/>\n<meta property=\"og:url\" content=\"https:\/\/rem.sema.mt.gov.br\/en\/galeria-de-videos\/memy-bijok-festa-dos-homens-kayapo\/\" \/>\n<meta property=\"og:site_name\" content=\"REM\" \/>\n<meta property=\"article:modified_time\" content=\"2025-03-05T21:45:54+00:00\" \/>\n<meta name=\"twitter:card\" content=\"summary_large_image\" \/>\n<script type=\"application\/ld+json\" class=\"yoast-schema-graph\">{\"@context\":\"https:\\\/\\\/schema.org\",\"@graph\":[{\"@type\":\"WebPage\",\"@id\":\"https:\\\/\\\/rem.sema.mt.gov.br\\\/galeria-de-videos\\\/memy-bijok-festa-dos-homens-kayapo\\\/\",\"url\":\"https:\\\/\\\/rem.sema.mt.gov.br\\\/galeria-de-videos\\\/memy-bijok-festa-dos-homens-kayapo\\\/\",\"name\":\"REM MT | 'Memy Bij\u00f4k' Festa dos Homens Kayap\u00f3 - REM\",\"isPartOf\":{\"@id\":\"https:\\\/\\\/rem.sema.mt.gov.br\\\/#website\"},\"datePublished\":\"2025-03-05T21:45:16+00:00\",\"dateModified\":\"2025-03-05T21:45:54+00:00\",\"description\":\"O document\u00e1rio sobre a festa dos homens \\\" Memy Bij\u00f4k\\\" apresenta uma das cerim\u00f4nias de nomina\u00e7\u00e3o do povo M\u1ebdb\u00eang\u00f4kre -Kayap\u00f3\\\". Durante a cerim\u00f4nia, as crian\u00e7as (meninos) recebem seus nomes, integrando-se desta forma \u00e0 sociedade M\u1ebdb\u00eang\u00f4kre e levando o legado dos nomes dos seus av\u00f4s. Este document\u00e1rio foi realizado no \u00e2mbito do projeto \\\"A For\u00e7a dos Protetores da Floresta: a\u00e7\u00f5es socioambientais e econ\u00f4micas para o protagonismo, autonomia e o bem viver nos Territ\u00f3rios Capoto\\\/Jarina, Menkragnoti (sul) e Territ\u00f3rio Ind\u00edgena do Xingu (norte)\\\", apoiado pelo Programa REM MT - Projetos Estruturantes Chamada 002\\\/2022, do Subprograma Territ\u00f3rios Ind\u00edgenas. Realiza\u00e7\u00e3o: Instituto RaoniApoio: Programa REM MT\",\"breadcrumb\":{\"@id\":\"https:\\\/\\\/rem.sema.mt.gov.br\\\/galeria-de-videos\\\/memy-bijok-festa-dos-homens-kayapo\\\/#breadcrumb\"},\"inLanguage\":\"en-US\",\"potentialAction\":[{\"@type\":\"ReadAction\",\"target\":[\"https:\\\/\\\/rem.sema.mt.gov.br\\\/galeria-de-videos\\\/memy-bijok-festa-dos-homens-kayapo\\\/\"]}]},{\"@type\":\"BreadcrumbList\",\"@id\":\"https:\\\/\\\/rem.sema.mt.gov.br\\\/galeria-de-videos\\\/memy-bijok-festa-dos-homens-kayapo\\\/#breadcrumb\",\"itemListElement\":[{\"@type\":\"ListItem\",\"position\":1,\"name\":\"In\u00edcio\",\"item\":\"https:\\\/\\\/rem.sema.mt.gov.br\\\/\"},{\"@type\":\"ListItem\",\"position\":2,\"name\":\"Galeria de V\u00eddeos\",\"item\":\"https:\\\/\\\/rem.sema.mt.gov.br\\\/en\\\/galeria-de-videos\\\/\"},{\"@type\":\"ListItem\",\"position\":3,\"name\":\"REM MT | &#8216;Memy Bij\u00f4k&#8217; Festa dos Homens Kayap\u00f3\"}]},{\"@type\":\"WebSite\",\"@id\":\"https:\\\/\\\/rem.sema.mt.gov.br\\\/#website\",\"url\":\"https:\\\/\\\/rem.sema.mt.gov.br\\\/\",\"name\":\"REM\",\"description\":\"Mato Grosso\",\"potentialAction\":[{\"@type\":\"SearchAction\",\"target\":{\"@type\":\"EntryPoint\",\"urlTemplate\":\"https:\\\/\\\/rem.sema.mt.gov.br\\\/?s={search_term_string}\"},\"query-input\":{\"@type\":\"PropertyValueSpecification\",\"valueRequired\":true,\"valueName\":\"search_term_string\"}}],\"inLanguage\":\"en-US\"}]}<\/script>\n<!-- \/ Yoast SEO plugin. -->","yoast_head_json":{"title":"REM MT | 'Memy Bij\u00f4k' Festa dos Homens Kayap\u00f3 - REM","description":"O document\u00e1rio sobre a festa dos homens \" Memy Bij\u00f4k\" apresenta uma das cerim\u00f4nias de nomina\u00e7\u00e3o do povo M\u1ebdb\u00eang\u00f4kre -Kayap\u00f3\". Durante a cerim\u00f4nia, as crian\u00e7as (meninos) recebem seus nomes, integrando-se desta forma \u00e0 sociedade M\u1ebdb\u00eang\u00f4kre e levando o legado dos nomes dos seus av\u00f4s. Este document\u00e1rio foi realizado no \u00e2mbito do projeto \"A For\u00e7a dos Protetores da Floresta: a\u00e7\u00f5es socioambientais e econ\u00f4micas para o protagonismo, autonomia e o bem viver nos Territ\u00f3rios Capoto\/Jarina, Menkragnoti (sul) e Territ\u00f3rio Ind\u00edgena do Xingu (norte)\", apoiado pelo Programa REM MT - Projetos Estruturantes Chamada 002\/2022, do Subprograma Territ\u00f3rios Ind\u00edgenas. Realiza\u00e7\u00e3o: Instituto RaoniApoio: Programa REM MT","robots":{"index":"index","follow":"follow","max-snippet":"max-snippet:-1","max-image-preview":"max-image-preview:large","max-video-preview":"max-video-preview:-1"},"canonical":"https:\/\/rem.sema.mt.gov.br\/en\/galeria-de-videos\/memy-bijok-festa-dos-homens-kayapo\/","og_locale":"en_US","og_type":"article","og_title":"REM MT | 'Memy Bij\u00f4k' Festa dos Homens Kayap\u00f3 - REM","og_description":"O document\u00e1rio sobre a festa dos homens \" Memy Bij\u00f4k\" apresenta uma das cerim\u00f4nias de nomina\u00e7\u00e3o do povo M\u1ebdb\u00eang\u00f4kre -Kayap\u00f3\". Durante a cerim\u00f4nia, as crian\u00e7as (meninos) recebem seus nomes, integrando-se desta forma \u00e0 sociedade M\u1ebdb\u00eang\u00f4kre e levando o legado dos nomes dos seus av\u00f4s. Este document\u00e1rio foi realizado no \u00e2mbito do projeto \"A For\u00e7a dos Protetores da Floresta: a\u00e7\u00f5es socioambientais e econ\u00f4micas para o protagonismo, autonomia e o bem viver nos Territ\u00f3rios Capoto\/Jarina, Menkragnoti (sul) e Territ\u00f3rio Ind\u00edgena do Xingu (norte)\", apoiado pelo Programa REM MT - Projetos Estruturantes Chamada 002\/2022, do Subprograma Territ\u00f3rios Ind\u00edgenas. Realiza\u00e7\u00e3o: Instituto RaoniApoio: Programa REM MT","og_url":"https:\/\/rem.sema.mt.gov.br\/en\/galeria-de-videos\/memy-bijok-festa-dos-homens-kayapo\/","og_site_name":"REM","article_modified_time":"2025-03-05T21:45:54+00:00","twitter_card":"summary_large_image","schema":{"@context":"https:\/\/schema.org","@graph":[{"@type":"WebPage","@id":"https:\/\/rem.sema.mt.gov.br\/galeria-de-videos\/memy-bijok-festa-dos-homens-kayapo\/","url":"https:\/\/rem.sema.mt.gov.br\/galeria-de-videos\/memy-bijok-festa-dos-homens-kayapo\/","name":"REM MT | 'Memy Bij\u00f4k' Festa dos Homens Kayap\u00f3 - REM","isPartOf":{"@id":"https:\/\/rem.sema.mt.gov.br\/#website"},"datePublished":"2025-03-05T21:45:16+00:00","dateModified":"2025-03-05T21:45:54+00:00","description":"O document\u00e1rio sobre a festa dos homens \" Memy Bij\u00f4k\" apresenta uma das cerim\u00f4nias de nomina\u00e7\u00e3o do povo M\u1ebdb\u00eang\u00f4kre -Kayap\u00f3\". Durante a cerim\u00f4nia, as crian\u00e7as (meninos) recebem seus nomes, integrando-se desta forma \u00e0 sociedade M\u1ebdb\u00eang\u00f4kre e levando o legado dos nomes dos seus av\u00f4s. Este document\u00e1rio foi realizado no \u00e2mbito do projeto \"A For\u00e7a dos Protetores da Floresta: a\u00e7\u00f5es socioambientais e econ\u00f4micas para o protagonismo, autonomia e o bem viver nos Territ\u00f3rios Capoto\/Jarina, Menkragnoti (sul) e Territ\u00f3rio Ind\u00edgena do Xingu (norte)\", apoiado pelo Programa REM MT - Projetos Estruturantes Chamada 002\/2022, do Subprograma Territ\u00f3rios Ind\u00edgenas. Realiza\u00e7\u00e3o: Instituto RaoniApoio: Programa REM MT","breadcrumb":{"@id":"https:\/\/rem.sema.mt.gov.br\/galeria-de-videos\/memy-bijok-festa-dos-homens-kayapo\/#breadcrumb"},"inLanguage":"en-US","potentialAction":[{"@type":"ReadAction","target":["https:\/\/rem.sema.mt.gov.br\/galeria-de-videos\/memy-bijok-festa-dos-homens-kayapo\/"]}]},{"@type":"BreadcrumbList","@id":"https:\/\/rem.sema.mt.gov.br\/galeria-de-videos\/memy-bijok-festa-dos-homens-kayapo\/#breadcrumb","itemListElement":[{"@type":"ListItem","position":1,"name":"In\u00edcio","item":"https:\/\/rem.sema.mt.gov.br\/"},{"@type":"ListItem","position":2,"name":"Galeria de V\u00eddeos","item":"https:\/\/rem.sema.mt.gov.br\/en\/galeria-de-videos\/"},{"@type":"ListItem","position":3,"name":"REM MT | &#8216;Memy Bij\u00f4k&#8217; Festa dos Homens Kayap\u00f3"}]},{"@type":"WebSite","@id":"https:\/\/rem.sema.mt.gov.br\/#website","url":"https:\/\/rem.sema.mt.gov.br\/","name":"REM","description":"Mato Grosso","potentialAction":[{"@type":"SearchAction","target":{"@type":"EntryPoint","urlTemplate":"https:\/\/rem.sema.mt.gov.br\/?s={search_term_string}"},"query-input":{"@type":"PropertyValueSpecification","valueRequired":true,"valueName":"search_term_string"}}],"inLanguage":"en-US"}]}},"_links":{"self":[{"href":"https:\/\/rem.sema.mt.gov.br\/en\/wp-json\/wp\/v2\/galeria-de-videos\/6359","targetHints":{"allow":["GET"]}}],"collection":[{"href":"https:\/\/rem.sema.mt.gov.br\/en\/wp-json\/wp\/v2\/galeria-de-videos"}],"about":[{"href":"https:\/\/rem.sema.mt.gov.br\/en\/wp-json\/wp\/v2\/types\/galeria-de-videos"}],"wp:attachment":[{"href":"https:\/\/rem.sema.mt.gov.br\/en\/wp-json\/wp\/v2\/media?parent=6359"}],"wp:term":[{"taxonomy":"categoria-de-videos","embeddable":true,"href":"https:\/\/rem.sema.mt.gov.br\/en\/wp-json\/wp\/v2\/categoria-de-videos?post=6359"}],"curies":[{"name":"wp","href":"https:\/\/api.w.org\/{rel}","templated":true}]}}

REM MT | &#8216;Memy Bijôk&#8217; Festa dos Homens Kayapó

<!-- This site is optimized with the Yoast SEO plugin v27.5 - https://yoast.com/product/yoast-seo-wordpress/ -->
<title>REM MT | &#039;Memy Bijôk&#039; Festa dos Homens Kayapó - REM</title>
<meta name="description" content="O documentário sobre a festa dos homens &quot; Memy Bijôk&quot; apresenta uma das cerimônias de nominação do povo Mẽbêngôkre -Kayapó&quot;. Durante a cerimônia, as crianças (meninos) recebem seus nomes, integrando-se desta forma à sociedade Mẽbêngôkre e levando o legado dos nomes dos seus avôs. Este documentário foi realizado no âmbito do projeto &quot;A Força dos Protetores da Floresta: ações socioambientais e econômicas para o protagonismo, autonomia e o bem viver nos Territórios Capoto/Jarina, Menkragnoti (sul) e Território Indígena do Xingu (norte)&quot;, apoiado pelo Programa REM MT - Projetos Estruturantes Chamada 002/2022, do Subprograma Territórios Indígenas. Realização: Instituto RaoniApoio: Programa REM MT" />
<meta name="robots" content="index, follow, max-snippet:-1, max-image-preview:large, max-video-preview:-1" />
<link rel="canonical" href="https://rem.sema.mt.gov.br/en/galeria-de-videos/memy-bijok-festa-dos-homens-kayapo/" />
<meta property="og:locale" content="en_US" />
<meta property="og:type" content="article" />
<meta property="og:title" content="REM MT | &#039;Memy Bijôk&#039; Festa dos Homens Kayapó - REM" />
<meta property="og:description" content="O documentário sobre a festa dos homens &quot; Memy Bijôk&quot; apresenta uma das cerimônias de nominação do povo Mẽbêngôkre -Kayapó&quot;. Durante a cerimônia, as crianças (meninos) recebem seus nomes, integrando-se desta forma à sociedade Mẽbêngôkre e levando o legado dos nomes dos seus avôs. Este documentário foi realizado no âmbito do projeto &quot;A Força dos Protetores da Floresta: ações socioambientais e econômicas para o protagonismo, autonomia e o bem viver nos Territórios Capoto/Jarina, Menkragnoti (sul) e Território Indígena do Xingu (norte)&quot;, apoiado pelo Programa REM MT - Projetos Estruturantes Chamada 002/2022, do Subprograma Territórios Indígenas. Realização: Instituto RaoniApoio: Programa REM MT" />
<meta property="og:url" content="https://rem.sema.mt.gov.br/en/galeria-de-videos/memy-bijok-festa-dos-homens-kayapo/" />
<meta property="og:site_name" content="REM" />
<meta property="article:modified_time" content="2025-03-05T21:45:54+00:00" />
<meta name="twitter:card" content="summary_large_image" />
<script type="application/ld+json" class="yoast-schema-graph">{"@context":"https:\/\/schema.org","@graph":[{"@type":"WebPage","@id":"https:\/\/rem.sema.mt.gov.br\/galeria-de-videos\/memy-bijok-festa-dos-homens-kayapo\/","url":"https:\/\/rem.sema.mt.gov.br\/galeria-de-videos\/memy-bijok-festa-dos-homens-kayapo\/","name":"REM MT | 'Memy Bijôk' Festa dos Homens Kayapó - REM","isPartOf":{"@id":"https:\/\/rem.sema.mt.gov.br\/#website"},"datePublished":"2025-03-05T21:45:16+00:00","dateModified":"2025-03-05T21:45:54+00:00","description":"O documentário sobre a festa dos homens \" Memy Bijôk\" apresenta uma das cerimônias de nominação do povo Mẽbêngôkre -Kayapó\". Durante a cerimônia, as crianças (meninos) recebem seus nomes, integrando-se desta forma à sociedade Mẽbêngôkre e levando o legado dos nomes dos seus avôs. Este documentário foi realizado no âmbito do projeto \"A Força dos Protetores da Floresta: ações socioambientais e econômicas para o protagonismo, autonomia e o bem viver nos Territórios Capoto\/Jarina, Menkragnoti (sul) e Território Indígena do Xingu (norte)\", apoiado pelo Programa REM MT - Projetos Estruturantes Chamada 002\/2022, do Subprograma Territórios Indígenas. Realização: Instituto RaoniApoio: Programa REM MT","breadcrumb":{"@id":"https:\/\/rem.sema.mt.gov.br\/galeria-de-videos\/memy-bijok-festa-dos-homens-kayapo\/#breadcrumb"},"inLanguage":"en-US","potentialAction":[{"@type":"ReadAction","target":["https:\/\/rem.sema.mt.gov.br\/galeria-de-videos\/memy-bijok-festa-dos-homens-kayapo\/"]}]},{"@type":"BreadcrumbList","@id":"https:\/\/rem.sema.mt.gov.br\/galeria-de-videos\/memy-bijok-festa-dos-homens-kayapo\/#breadcrumb","itemListElement":[{"@type":"ListItem","position":1,"name":"Início","item":"https:\/\/rem.sema.mt.gov.br\/"},{"@type":"ListItem","position":2,"name":"Galeria de Vídeos","item":"https:\/\/rem.sema.mt.gov.br\/en\/galeria-de-videos\/"},{"@type":"ListItem","position":3,"name":"REM MT | &#8216;Memy Bijôk&#8217; Festa dos Homens Kayapó"}]},{"@type":"WebSite","@id":"https:\/\/rem.sema.mt.gov.br\/#website","url":"https:\/\/rem.sema.mt.gov.br\/","name":"REM","description":"Mato Grosso","potentialAction":[{"@type":"SearchAction","target":{"@type":"EntryPoint","urlTemplate":"https:\/\/rem.sema.mt.gov.br\/?s={search_term_string}"},"query-input":{"@type":"PropertyValueSpecification","valueRequired":true,"valueName":"search_term_string"}}],"inLanguage":"en-US"}]}</script>
<!-- / Yoast SEO plugin. -->

REM MT | 'Memy Bijôk' Festa dos Homens Kayapó - REM

O documentário sobre a festa dos homens " Memy Bijôk" apresenta uma das cerimônias de nominação do povo Mẽbêngôkre -Kayapó". Durante a cerimônia, as crianças (meninos) recebem seus nomes, integrando-se desta forma à sociedade Mẽbêngôkre e levando o legado dos nomes dos seus avôs. Este documentário foi realizado no âmbito do projeto "A Força dos Protetores da Floresta: ações socioambientais e econômicas para o protagonismo, autonomia e o bem viver nos Territórios Capoto/Jarina, Menkragnoti (sul) e Território Indígena do Xingu (norte)", apoiado pelo Programa REM MT - Projetos Estruturantes Chamada 002/2022, do Subprograma Territórios Indígenas. Realização: Instituto RaoniApoio: Programa REM MT

Início

Galeria de Vídeos
