{"id":3140,"date":"2024-06-18T14:52:05","date_gmt":"2024-06-18T17:52:05","guid":{"rendered":"https:\/\/devsweb.com.br\/rem_wp\/?post_type=governanca-do-subpro&#038;p=3140"},"modified":"2024-06-20T14:41:23","modified_gmt":"2024-06-20T17:41:23","slug":"5a-reuniao-da-comissao-de-governanca-do-subprograma-territorios-indigenas-do-programa-rem-mt","status":"publish","type":"governanca-do-subpro","link":"https:\/\/rem.sema.mt.gov.br\/en\/governanca-do-subpro\/5a-reuniao-da-comissao-de-governanca-do-subprograma-territorios-indigenas-do-programa-rem-mt\/","title":{"rendered":"5\u00aa Reuni\u00e3o da Comiss\u00e3o de Governan\u00e7a do Subprograma Territ\u00f3rios Ind\u00edgenas do Programa REM MT"},"featured_media":3141,"parent":0,"template":"","categorias-governanca":[71],"class_list":["post-3140","governanca-do-subpro","type-governanca-do-subpro","status-publish","has-post-thumbnail","hentry","categorias-governanca-territorios-indigenas","entry","has-media"],"yoast_head":"<!-- This site is optimized with the Yoast SEO plugin v27.5 - https:\/\/yoast.com\/product\/yoast-seo-wordpress\/ -->\n<title>5\u00aa Reuni\u00e3o da Comiss\u00e3o de Governan\u00e7a do Subprograma Territ\u00f3rios Ind\u00edgenas do Programa REM MT - REM<\/title>\n<meta name=\"robots\" content=\"index, follow, max-snippet:-1, max-image-preview:large, max-video-preview:-1\" \/>\n<link rel=\"canonical\" href=\"https:\/\/rem.sema.mt.gov.br\/en\/governanca-do-subpro\/5a-reuniao-da-comissao-de-governanca-do-subprograma-territorios-indigenas-do-programa-rem-mt\/\" \/>\n<meta property=\"og:locale\" content=\"en_US\" \/>\n<meta property=\"og:type\" content=\"article\" \/>\n<meta property=\"og:title\" content=\"5\u00aa Reuni\u00e3o da Comiss\u00e3o de Governan\u00e7a do Subprograma Territ\u00f3rios Ind\u00edgenas do Programa REM MT - REM\" \/>\n<meta property=\"og:url\" content=\"https:\/\/rem.sema.mt.gov.br\/en\/governanca-do-subpro\/5a-reuniao-da-comissao-de-governanca-do-subprograma-territorios-indigenas-do-programa-rem-mt\/\" \/>\n<meta property=\"og:site_name\" content=\"REM\" \/>\n<meta property=\"article:modified_time\" content=\"2024-06-20T17:41:23+00:00\" \/>\n<meta property=\"og:image\" content=\"https:\/\/rem.sema.mt.gov.br\/wp-content\/uploads\/2024\/06\/gonvernanca-img-06.webp\" \/>\n\t<meta property=\"og:image:width\" content=\"1200\" \/>\n\t<meta property=\"og:image:height\" content=\"673\" \/>\n\t<meta property=\"og:image:type\" content=\"image\/webp\" \/>\n<meta name=\"twitter:card\" content=\"summary_large_image\" \/>\n<meta name=\"twitter:label1\" content=\"Est. reading time\" \/>\n\t<meta name=\"twitter:data1\" content=\"1 minute\" \/>\n<script type=\"application\/ld+json\" class=\"yoast-schema-graph\">{\"@context\":\"https:\\\/\\\/schema.org\",\"@graph\":[{\"@type\":\"WebPage\",\"@id\":\"https:\\\/\\\/rem.sema.mt.gov.br\\\/en\\\/governanca-do-subpro\\\/5a-reuniao-da-comissao-de-governanca-do-subprograma-territorios-indigenas-do-programa-rem-mt\\\/\",\"url\":\"https:\\\/\\\/rem.sema.mt.gov.br\\\/en\\\/governanca-do-subpro\\\/5a-reuniao-da-comissao-de-governanca-do-subprograma-territorios-indigenas-do-programa-rem-mt\\\/\",\"name\":\"5\u00aa Reuni\u00e3o da Comiss\u00e3o de Governan\u00e7a do Subprograma Territ\u00f3rios Ind\u00edgenas do Programa REM MT - REM\",\"isPartOf\":{\"@id\":\"https:\\\/\\\/rem.sema.mt.gov.br\\\/#website\"},\"primaryImageOfPage\":{\"@id\":\"https:\\\/\\\/rem.sema.mt.gov.br\\\/en\\\/governanca-do-subpro\\\/5a-reuniao-da-comissao-de-governanca-do-subprograma-territorios-indigenas-do-programa-rem-mt\\\/#primaryimage\"},\"image\":{\"@id\":\"https:\\\/\\\/rem.sema.mt.gov.br\\\/en\\\/governanca-do-subpro\\\/5a-reuniao-da-comissao-de-governanca-do-subprograma-territorios-indigenas-do-programa-rem-mt\\\/#primaryimage\"},\"thumbnailUrl\":\"https:\\\/\\\/rem.sema.mt.gov.br\\\/wp-content\\\/uploads\\\/2024\\\/06\\\/gonvernanca-img-06.webp\",\"datePublished\":\"2024-06-18T17:52:05+00:00\",\"dateModified\":\"2024-06-20T17:41:23+00:00\",\"breadcrumb\":{\"@id\":\"https:\\\/\\\/rem.sema.mt.gov.br\\\/en\\\/governanca-do-subpro\\\/5a-reuniao-da-comissao-de-governanca-do-subprograma-territorios-indigenas-do-programa-rem-mt\\\/#breadcrumb\"},\"inLanguage\":\"en-US\",\"potentialAction\":[{\"@type\":\"ReadAction\",\"target\":[\"https:\\\/\\\/rem.sema.mt.gov.br\\\/en\\\/governanca-do-subpro\\\/5a-reuniao-da-comissao-de-governanca-do-subprograma-territorios-indigenas-do-programa-rem-mt\\\/\"]}]},{\"@type\":\"ImageObject\",\"inLanguage\":\"en-US\",\"@id\":\"https:\\\/\\\/rem.sema.mt.gov.br\\\/en\\\/governanca-do-subpro\\\/5a-reuniao-da-comissao-de-governanca-do-subprograma-territorios-indigenas-do-programa-rem-mt\\\/#primaryimage\",\"url\":\"https:\\\/\\\/rem.sema.mt.gov.br\\\/wp-content\\\/uploads\\\/2024\\\/06\\\/gonvernanca-img-06.webp\",\"contentUrl\":\"https:\\\/\\\/rem.sema.mt.gov.br\\\/wp-content\\\/uploads\\\/2024\\\/06\\\/gonvernanca-img-06.webp\",\"width\":1200,\"height\":673},{\"@type\":\"BreadcrumbList\",\"@id\":\"https:\\\/\\\/rem.sema.mt.gov.br\\\/en\\\/governanca-do-subpro\\\/5a-reuniao-da-comissao-de-governanca-do-subprograma-territorios-indigenas-do-programa-rem-mt\\\/#breadcrumb\",\"itemListElement\":[{\"@type\":\"ListItem\",\"position\":1,\"name\":\"In\u00edcio\",\"item\":\"https:\\\/\\\/rem.sema.mt.gov.br\\\/\"},{\"@type\":\"ListItem\",\"position\":2,\"name\":\"Governan\u00e7a Subprograma\",\"item\":\"https:\\\/\\\/rem.sema.mt.gov.br\\\/governanca-do-subpro\\\/\"},{\"@type\":\"ListItem\",\"position\":3,\"name\":\"5\u00aa Reuni\u00e3o da Comiss\u00e3o de Governan\u00e7a do Subprograma Territ\u00f3rios Ind\u00edgenas do Programa REM MT\"}]},{\"@type\":\"WebSite\",\"@id\":\"https:\\\/\\\/rem.sema.mt.gov.br\\\/#website\",\"url\":\"https:\\\/\\\/rem.sema.mt.gov.br\\\/\",\"name\":\"REM\",\"description\":\"Mato Grosso\",\"potentialAction\":[{\"@type\":\"SearchAction\",\"target\":{\"@type\":\"EntryPoint\",\"urlTemplate\":\"https:\\\/\\\/rem.sema.mt.gov.br\\\/?s={search_term_string}\"},\"query-input\":{\"@type\":\"PropertyValueSpecification\",\"valueRequired\":true,\"valueName\":\"search_term_string\"}}],\"inLanguage\":\"en-US\"}]}<\/script>\n<!-- \/ Yoast SEO plugin. -->","yoast_head_json":{"title":"5\u00aa Reuni\u00e3o da Comiss\u00e3o de Governan\u00e7a do Subprograma Territ\u00f3rios Ind\u00edgenas do Programa REM MT - REM","robots":{"index":"index","follow":"follow","max-snippet":"max-snippet:-1","max-image-preview":"max-image-preview:large","max-video-preview":"max-video-preview:-1"},"canonical":"https:\/\/rem.sema.mt.gov.br\/en\/governanca-do-subpro\/5a-reuniao-da-comissao-de-governanca-do-subprograma-territorios-indigenas-do-programa-rem-mt\/","og_locale":"en_US","og_type":"article","og_title":"5\u00aa Reuni\u00e3o da Comiss\u00e3o de Governan\u00e7a do Subprograma Territ\u00f3rios Ind\u00edgenas do Programa REM MT - REM","og_url":"https:\/\/rem.sema.mt.gov.br\/en\/governanca-do-subpro\/5a-reuniao-da-comissao-de-governanca-do-subprograma-territorios-indigenas-do-programa-rem-mt\/","og_site_name":"REM","article_modified_time":"2024-06-20T17:41:23+00:00","og_image":[{"width":1200,"height":673,"url":"https:\/\/rem.sema.mt.gov.br\/wp-content\/uploads\/2024\/06\/gonvernanca-img-06.webp","type":"image\/webp"}],"twitter_card":"summary_large_image","twitter_misc":{"Est. reading time":"1 minute"},"schema":{"@context":"https:\/\/schema.org","@graph":[{"@type":"WebPage","@id":"https:\/\/rem.sema.mt.gov.br\/en\/governanca-do-subpro\/5a-reuniao-da-comissao-de-governanca-do-subprograma-territorios-indigenas-do-programa-rem-mt\/","url":"https:\/\/rem.sema.mt.gov.br\/en\/governanca-do-subpro\/5a-reuniao-da-comissao-de-governanca-do-subprograma-territorios-indigenas-do-programa-rem-mt\/","name":"5\u00aa Reuni\u00e3o da Comiss\u00e3o de Governan\u00e7a do Subprograma Territ\u00f3rios Ind\u00edgenas do Programa REM MT - REM","isPartOf":{"@id":"https:\/\/rem.sema.mt.gov.br\/#website"},"primaryImageOfPage":{"@id":"https:\/\/rem.sema.mt.gov.br\/en\/governanca-do-subpro\/5a-reuniao-da-comissao-de-governanca-do-subprograma-territorios-indigenas-do-programa-rem-mt\/#primaryimage"},"image":{"@id":"https:\/\/rem.sema.mt.gov.br\/en\/governanca-do-subpro\/5a-reuniao-da-comissao-de-governanca-do-subprograma-territorios-indigenas-do-programa-rem-mt\/#primaryimage"},"thumbnailUrl":"https:\/\/rem.sema.mt.gov.br\/wp-content\/uploads\/2024\/06\/gonvernanca-img-06.webp","datePublished":"2024-06-18T17:52:05+00:00","dateModified":"2024-06-20T17:41:23+00:00","breadcrumb":{"@id":"https:\/\/rem.sema.mt.gov.br\/en\/governanca-do-subpro\/5a-reuniao-da-comissao-de-governanca-do-subprograma-territorios-indigenas-do-programa-rem-mt\/#breadcrumb"},"inLanguage":"en-US","potentialAction":[{"@type":"ReadAction","target":["https:\/\/rem.sema.mt.gov.br\/en\/governanca-do-subpro\/5a-reuniao-da-comissao-de-governanca-do-subprograma-territorios-indigenas-do-programa-rem-mt\/"]}]},{"@type":"ImageObject","inLanguage":"en-US","@id":"https:\/\/rem.sema.mt.gov.br\/en\/governanca-do-subpro\/5a-reuniao-da-comissao-de-governanca-do-subprograma-territorios-indigenas-do-programa-rem-mt\/#primaryimage","url":"https:\/\/rem.sema.mt.gov.br\/wp-content\/uploads\/2024\/06\/gonvernanca-img-06.webp","contentUrl":"https:\/\/rem.sema.mt.gov.br\/wp-content\/uploads\/2024\/06\/gonvernanca-img-06.webp","width":1200,"height":673},{"@type":"BreadcrumbList","@id":"https:\/\/rem.sema.mt.gov.br\/en\/governanca-do-subpro\/5a-reuniao-da-comissao-de-governanca-do-subprograma-territorios-indigenas-do-programa-rem-mt\/#breadcrumb","itemListElement":[{"@type":"ListItem","position":1,"name":"In\u00edcio","item":"https:\/\/rem.sema.mt.gov.br\/"},{"@type":"ListItem","position":2,"name":"Governan\u00e7a Subprograma","item":"https:\/\/rem.sema.mt.gov.br\/governanca-do-subpro\/"},{"@type":"ListItem","position":3,"name":"5\u00aa Reuni\u00e3o da Comiss\u00e3o de Governan\u00e7a do Subprograma Territ\u00f3rios Ind\u00edgenas do Programa REM MT"}]},{"@type":"WebSite","@id":"https:\/\/rem.sema.mt.gov.br\/#website","url":"https:\/\/rem.sema.mt.gov.br\/","name":"REM","description":"Mato Grosso","potentialAction":[{"@type":"SearchAction","target":{"@type":"EntryPoint","urlTemplate":"https:\/\/rem.sema.mt.gov.br\/?s={search_term_string}"},"query-input":{"@type":"PropertyValueSpecification","valueRequired":true,"valueName":"search_term_string"}}],"inLanguage":"en-US"}]}},"_links":{"self":[{"href":"https:\/\/rem.sema.mt.gov.br\/en\/wp-json\/wp\/v2\/governanca-do-subpro\/3140","targetHints":{"allow":["GET"]}}],"collection":[{"href":"https:\/\/rem.sema.mt.gov.br\/en\/wp-json\/wp\/v2\/governanca-do-subpro"}],"about":[{"href":"https:\/\/rem.sema.mt.gov.br\/en\/wp-json\/wp\/v2\/types\/governanca-do-subpro"}],"wp:featuredmedia":[{"embeddable":true,"href":"https:\/\/rem.sema.mt.gov.br\/en\/wp-json\/wp\/v2\/media\/3141"}],"wp:attachment":[{"href":"https:\/\/rem.sema.mt.gov.br\/en\/wp-json\/wp\/v2\/media?parent=3140"}],"wp:term":[{"taxonomy":"categorias-governanca","embeddable":true,"href":"https:\/\/rem.sema.mt.gov.br\/en\/wp-json\/wp\/v2\/categorias-governanca?post=3140"}],"curies":[{"name":"wp","href":"https:\/\/api.w.org\/{rel}","templated":true}]}}

5ª Reunião da Comissão de Governança do Subprograma Territórios Indígenas do Programa REM MT

<!-- This site is optimized with the Yoast SEO plugin v27.5 - https://yoast.com/product/yoast-seo-wordpress/ -->
<title>5ª Reunião da Comissão de Governança do Subprograma Territórios Indígenas do Programa REM MT - REM</title>
<meta name="robots" content="index, follow, max-snippet:-1, max-image-preview:large, max-video-preview:-1" />
<link rel="canonical" href="https://rem.sema.mt.gov.br/en/governanca-do-subpro/5a-reuniao-da-comissao-de-governanca-do-subprograma-territorios-indigenas-do-programa-rem-mt/" />
<meta property="og:locale" content="en_US" />
<meta property="og:type" content="article" />
<meta property="og:title" content="5ª Reunião da Comissão de Governança do Subprograma Territórios Indígenas do Programa REM MT - REM" />
<meta property="og:url" content="https://rem.sema.mt.gov.br/en/governanca-do-subpro/5a-reuniao-da-comissao-de-governanca-do-subprograma-territorios-indigenas-do-programa-rem-mt/" />
<meta property="og:site_name" content="REM" />
<meta property="article:modified_time" content="2024-06-20T17:41:23+00:00" />
<meta property="og:image" content="https://rem.sema.mt.gov.br/wp-content/uploads/2024/06/gonvernanca-img-06.webp" />
	<meta property="og:image:width" content="1200" />
	<meta property="og:image:height" content="673" />
	<meta property="og:image:type" content="image/webp" />
<meta name="twitter:card" content="summary_large_image" />
<meta name="twitter:label1" content="Est. reading time" />
	<meta name="twitter:data1" content="1 minute" />
<script type="application/ld+json" class="yoast-schema-graph">{"@context":"https:\/\/schema.org","@graph":[{"@type":"WebPage","@id":"https:\/\/rem.sema.mt.gov.br\/en\/governanca-do-subpro\/5a-reuniao-da-comissao-de-governanca-do-subprograma-territorios-indigenas-do-programa-rem-mt\/","url":"https:\/\/rem.sema.mt.gov.br\/en\/governanca-do-subpro\/5a-reuniao-da-comissao-de-governanca-do-subprograma-territorios-indigenas-do-programa-rem-mt\/","name":"5ª Reunião da Comissão de Governança do Subprograma Territórios Indígenas do Programa REM MT - REM","isPartOf":{"@id":"https:\/\/rem.sema.mt.gov.br\/#website"},"primaryImageOfPage":{"@id":"https:\/\/rem.sema.mt.gov.br\/en\/governanca-do-subpro\/5a-reuniao-da-comissao-de-governanca-do-subprograma-territorios-indigenas-do-programa-rem-mt\/#primaryimage"},"image":{"@id":"https:\/\/rem.sema.mt.gov.br\/en\/governanca-do-subpro\/5a-reuniao-da-comissao-de-governanca-do-subprograma-territorios-indigenas-do-programa-rem-mt\/#primaryimage"},"thumbnailUrl":"https:\/\/rem.sema.mt.gov.br\/wp-content\/uploads\/2024\/06\/gonvernanca-img-06.webp","datePublished":"2024-06-18T17:52:05+00:00","dateModified":"2024-06-20T17:41:23+00:00","breadcrumb":{"@id":"https:\/\/rem.sema.mt.gov.br\/en\/governanca-do-subpro\/5a-reuniao-da-comissao-de-governanca-do-subprograma-territorios-indigenas-do-programa-rem-mt\/#breadcrumb"},"inLanguage":"en-US","potentialAction":[{"@type":"ReadAction","target":["https:\/\/rem.sema.mt.gov.br\/en\/governanca-do-subpro\/5a-reuniao-da-comissao-de-governanca-do-subprograma-territorios-indigenas-do-programa-rem-mt\/"]}]},{"@type":"ImageObject","inLanguage":"en-US","@id":"https:\/\/rem.sema.mt.gov.br\/en\/governanca-do-subpro\/5a-reuniao-da-comissao-de-governanca-do-subprograma-territorios-indigenas-do-programa-rem-mt\/#primaryimage","url":"https:\/\/rem.sema.mt.gov.br\/wp-content\/uploads\/2024\/06\/gonvernanca-img-06.webp","contentUrl":"https:\/\/rem.sema.mt.gov.br\/wp-content\/uploads\/2024\/06\/gonvernanca-img-06.webp","width":1200,"height":673},{"@type":"BreadcrumbList","@id":"https:\/\/rem.sema.mt.gov.br\/en\/governanca-do-subpro\/5a-reuniao-da-comissao-de-governanca-do-subprograma-territorios-indigenas-do-programa-rem-mt\/#breadcrumb","itemListElement":[{"@type":"ListItem","position":1,"name":"Início","item":"https:\/\/rem.sema.mt.gov.br\/"},{"@type":"ListItem","position":2,"name":"Governança Subprograma","item":"https:\/\/rem.sema.mt.gov.br\/governanca-do-subpro\/"},{"@type":"ListItem","position":3,"name":"5ª Reunião da Comissão de Governança do Subprograma Territórios Indígenas do Programa REM MT"}]},{"@type":"WebSite","@id":"https:\/\/rem.sema.mt.gov.br\/#website","url":"https:\/\/rem.sema.mt.gov.br\/","name":"REM","description":"Mato Grosso","potentialAction":[{"@type":"SearchAction","target":{"@type":"EntryPoint","urlTemplate":"https:\/\/rem.sema.mt.gov.br\/?s={search_term_string}"},"query-input":{"@type":"PropertyValueSpecification","valueRequired":true,"valueName":"search_term_string"}}],"inLanguage":"en-US"}]}</script>
<!-- / Yoast SEO plugin. -->

5ª Reunião da Comissão de Governança do Subprograma Territórios Indígenas do Programa REM MT - REM

Início

Governança Subprograma
