{"id":2661,"date":"2024-06-17T11:33:02","date_gmt":"2024-06-17T14:33:02","guid":{"rendered":"https:\/\/devsweb.com.br\/rem_wp\/?post_type=projetos-subprograma&#038;p=2661"},"modified":"2026-08-07T17:02:04","modified_gmt":"2026-08-07T20:02:04","slug":"sistemas-agroflorestais-manejados-participativamente-com-tecnologias-agroecologicas-em-aripuana-mt","status":"publish","type":"projetos-subprograma","link":"https:\/\/rem.sema.mt.gov.br\/en\/projetos-subprograma\/sistemas-agroflorestais-manejados-participativamente-com-tecnologias-agroecologicas-em-aripuana-mt\/","title":{"rendered":"Sistemas Agroflorestais Manejados Participativamente com Tecnologias Agroecol\u00f3gicas em Aripuan\u00e3-MT"},"featured_media":129885,"parent":0,"template":"","categoria-de-projetos-subprogram":[46],"categoria-da-biblioteca":[269],"class_list":["post-2661","projetos-subprograma","type-projetos-subprograma","status-publish","has-post-thumbnail","hentry","categoria-de-projetos-subprogram-agricultura-familiar-e-de-povos-e-comunidades-tradicionais","categoria-da-biblioteca-publicacoes-de-projetos","entry","has-media"],"yoast_head":"<!-- This site is optimized with the Yoast SEO plugin v28.4 - https:\/\/yoast.com\/product\/yoast-seo-wordpress\/ -->\n<title>Sistemas Agroflorestais Manejados Participativamente com Tecnologias Agroecol\u00f3gicas em Aripuan\u00e3-MT - REM<\/title>\n<meta name=\"robots\" content=\"index, follow, max-snippet:-1, max-image-preview:large, max-video-preview:-1\" \/>\n<link rel=\"canonical\" href=\"https:\/\/rem.sema.mt.gov.br\/en\/projetos-subprograma\/sistemas-agroflorestais-manejados-participativamente-com-tecnologias-agroecologicas-em-aripuana-mt\/\" \/>\n<meta property=\"og:locale\" content=\"en_US\" \/>\n<meta property=\"og:type\" content=\"article\" \/>\n<meta property=\"og:title\" content=\"Sistemas Agroflorestais Manejados Participativamente com Tecnologias Agroecol\u00f3gicas em Aripuan\u00e3-MT - REM\" \/>\n<meta property=\"og:description\" content=\"O Projeto tem como objetivo implantar e monitorar \u201cUnidades de Refer\u00eancia Tecnol\u00f3gica (URTs)\u201d utilizando Sistemas Agroflorestais (SAF), tendo o cacau como cultivo principal, manejadas com tecnologias agroecol\u00f3gicas e de precis\u00e3o, de forma participativa. Pretende aplicar os conhecimentos agroecol\u00f3gicos e do manejo integrado (solo-planta-atmosfera), para obter resultados produtivos em quantidade e qualidade superior ao manejo convencional, [&hellip;]\" \/>\n<meta property=\"og:url\" content=\"https:\/\/rem.sema.mt.gov.br\/en\/projetos-subprograma\/sistemas-agroflorestais-manejados-participativamente-com-tecnologias-agroecologicas-em-aripuana-mt\/\" \/>\n<meta property=\"og:site_name\" content=\"REM\" \/>\n<meta property=\"article:modified_time\" content=\"2026-08-07T20:02:04+00:00\" \/>\n<meta property=\"og:image\" content=\"https:\/\/rem.sema.mt.gov.br\/wp-content\/uploads\/2024\/06\/WhatsApp-Image-2023-06-29-at-18.06.00-1.jpeg\" \/>\n\t<meta property=\"og:image:width\" content=\"1600\" \/>\n\t<meta property=\"og:image:height\" content=\"720\" \/>\n\t<meta property=\"og:image:type\" content=\"image\/jpeg\" \/>\n<meta name=\"twitter:card\" content=\"summary_large_image\" \/>\n<meta name=\"twitter:label1\" content=\"Est. reading time\" \/>\n\t<meta name=\"twitter:data1\" content=\"1 minute\" \/>\n<script type=\"application\/ld+json\" class=\"yoast-schema-graph\">{\"@context\":\"https:\\\/\\\/schema.org\",\"@graph\":[{\"@type\":\"WebPage\",\"@id\":\"https:\\\/\\\/rem.sema.mt.gov.br\\\/projetos-subprograma\\\/sistemas-agroflorestais-manejados-participativamente-com-tecnologias-agroecologicas-em-aripuana-mt\\\/\",\"url\":\"https:\\\/\\\/rem.sema.mt.gov.br\\\/projetos-subprograma\\\/sistemas-agroflorestais-manejados-participativamente-com-tecnologias-agroecologicas-em-aripuana-mt\\\/\",\"name\":\"Sistemas Agroflorestais Manejados Participativamente com Tecnologias Agroecol\u00f3gicas em Aripuan\u00e3-MT - REM\",\"isPartOf\":{\"@id\":\"https:\\\/\\\/rem.sema.mt.gov.br\\\/#website\"},\"primaryImageOfPage\":{\"@id\":\"https:\\\/\\\/rem.sema.mt.gov.br\\\/projetos-subprograma\\\/sistemas-agroflorestais-manejados-participativamente-com-tecnologias-agroecologicas-em-aripuana-mt\\\/#primaryimage\"},\"image\":{\"@id\":\"https:\\\/\\\/rem.sema.mt.gov.br\\\/projetos-subprograma\\\/sistemas-agroflorestais-manejados-participativamente-com-tecnologias-agroecologicas-em-aripuana-mt\\\/#primaryimage\"},\"thumbnailUrl\":\"https:\\\/\\\/rem.sema.mt.gov.br\\\/wp-content\\\/uploads\\\/2024\\\/06\\\/WhatsApp-Image-2023-06-29-at-18.06.00-1.jpeg\",\"datePublished\":\"2024-06-17T14:33:02+00:00\",\"dateModified\":\"2026-08-07T20:02:04+00:00\",\"breadcrumb\":{\"@id\":\"https:\\\/\\\/rem.sema.mt.gov.br\\\/projetos-subprograma\\\/sistemas-agroflorestais-manejados-participativamente-com-tecnologias-agroecologicas-em-aripuana-mt\\\/#breadcrumb\"},\"inLanguage\":\"en-US\",\"potentialAction\":[{\"@type\":\"ReadAction\",\"target\":[\"https:\\\/\\\/rem.sema.mt.gov.br\\\/projetos-subprograma\\\/sistemas-agroflorestais-manejados-participativamente-com-tecnologias-agroecologicas-em-aripuana-mt\\\/\"]}]},{\"@type\":\"ImageObject\",\"inLanguage\":\"en-US\",\"@id\":\"https:\\\/\\\/rem.sema.mt.gov.br\\\/projetos-subprograma\\\/sistemas-agroflorestais-manejados-participativamente-com-tecnologias-agroecologicas-em-aripuana-mt\\\/#primaryimage\",\"url\":\"https:\\\/\\\/rem.sema.mt.gov.br\\\/wp-content\\\/uploads\\\/2024\\\/06\\\/WhatsApp-Image-2023-06-29-at-18.06.00-1.jpeg\",\"contentUrl\":\"https:\\\/\\\/rem.sema.mt.gov.br\\\/wp-content\\\/uploads\\\/2024\\\/06\\\/WhatsApp-Image-2023-06-29-at-18.06.00-1.jpeg\",\"width\":1600,\"height\":720},{\"@type\":\"BreadcrumbList\",\"@id\":\"https:\\\/\\\/rem.sema.mt.gov.br\\\/projetos-subprograma\\\/sistemas-agroflorestais-manejados-participativamente-com-tecnologias-agroecologicas-em-aripuana-mt\\\/#breadcrumb\",\"itemListElement\":[{\"@type\":\"ListItem\",\"position\":1,\"name\":\"In\u00edcio\",\"item\":\"https:\\\/\\\/rem.sema.mt.gov.br\\\/\"},{\"@type\":\"ListItem\",\"position\":2,\"name\":\"Projetos Subprogramas\",\"item\":\"https:\\\/\\\/rem.sema.mt.gov.br\\\/projetos-subprograma\\\/\"},{\"@type\":\"ListItem\",\"position\":3,\"name\":\"Sistemas Agroflorestais Manejados Participativamente com Tecnologias Agroecol\u00f3gicas em Aripuan\u00e3-MT\"}]},{\"@type\":\"WebSite\",\"@id\":\"https:\\\/\\\/rem.sema.mt.gov.br\\\/#website\",\"url\":\"https:\\\/\\\/rem.sema.mt.gov.br\\\/\",\"name\":\"REM\",\"description\":\"Mato Grosso\",\"potentialAction\":[{\"@type\":\"SearchAction\",\"target\":{\"@type\":\"EntryPoint\",\"urlTemplate\":\"https:\\\/\\\/rem.sema.mt.gov.br\\\/?s={search_term_string}\"},\"query-input\":{\"@type\":\"PropertyValueSpecification\",\"valueRequired\":true,\"valueName\":\"search_term_string\"}}],\"inLanguage\":\"en-US\"}]}<\/script>\n<!-- \/ Yoast SEO plugin. -->","yoast_head_json":{"title":"Sistemas Agroflorestais Manejados Participativamente com Tecnologias Agroecol\u00f3gicas em Aripuan\u00e3-MT - REM","robots":{"index":"index","follow":"follow","max-snippet":"max-snippet:-1","max-image-preview":"max-image-preview:large","max-video-preview":"max-video-preview:-1"},"canonical":"https:\/\/rem.sema.mt.gov.br\/en\/projetos-subprograma\/sistemas-agroflorestais-manejados-participativamente-com-tecnologias-agroecologicas-em-aripuana-mt\/","og_locale":"en_US","og_type":"article","og_title":"Sistemas Agroflorestais Manejados Participativamente com Tecnologias Agroecol\u00f3gicas em Aripuan\u00e3-MT - REM","og_description":"O Projeto tem como objetivo implantar e monitorar \u201cUnidades de Refer\u00eancia Tecnol\u00f3gica (URTs)\u201d utilizando Sistemas Agroflorestais (SAF), tendo o cacau como cultivo principal, manejadas com tecnologias agroecol\u00f3gicas e de precis\u00e3o, de forma participativa. Pretende aplicar os conhecimentos agroecol\u00f3gicos e do manejo integrado (solo-planta-atmosfera), para obter resultados produtivos em quantidade e qualidade superior ao manejo convencional, [&hellip;]","og_url":"https:\/\/rem.sema.mt.gov.br\/en\/projetos-subprograma\/sistemas-agroflorestais-manejados-participativamente-com-tecnologias-agroecologicas-em-aripuana-mt\/","og_site_name":"REM","article_modified_time":"2026-08-07T20:02:04+00:00","og_image":[{"width":1600,"height":720,"url":"https:\/\/rem.sema.mt.gov.br\/wp-content\/uploads\/2024\/06\/WhatsApp-Image-2023-06-29-at-18.06.00-1.jpeg","type":"image\/jpeg"}],"twitter_card":"summary_large_image","twitter_misc":{"Est. reading time":"1 minute"},"schema":{"@context":"https:\/\/schema.org","@graph":[{"@type":"WebPage","@id":"https:\/\/rem.sema.mt.gov.br\/projetos-subprograma\/sistemas-agroflorestais-manejados-participativamente-com-tecnologias-agroecologicas-em-aripuana-mt\/","url":"https:\/\/rem.sema.mt.gov.br\/projetos-subprograma\/sistemas-agroflorestais-manejados-participativamente-com-tecnologias-agroecologicas-em-aripuana-mt\/","name":"Sistemas Agroflorestais Manejados Participativamente com Tecnologias Agroecol\u00f3gicas em Aripuan\u00e3-MT - REM","isPartOf":{"@id":"https:\/\/rem.sema.mt.gov.br\/#website"},"primaryImageOfPage":{"@id":"https:\/\/rem.sema.mt.gov.br\/projetos-subprograma\/sistemas-agroflorestais-manejados-participativamente-com-tecnologias-agroecologicas-em-aripuana-mt\/#primaryimage"},"image":{"@id":"https:\/\/rem.sema.mt.gov.br\/projetos-subprograma\/sistemas-agroflorestais-manejados-participativamente-com-tecnologias-agroecologicas-em-aripuana-mt\/#primaryimage"},"thumbnailUrl":"https:\/\/rem.sema.mt.gov.br\/wp-content\/uploads\/2024\/06\/WhatsApp-Image-2023-06-29-at-18.06.00-1.jpeg","datePublished":"2024-06-17T14:33:02+00:00","dateModified":"2026-08-07T20:02:04+00:00","breadcrumb":{"@id":"https:\/\/rem.sema.mt.gov.br\/projetos-subprograma\/sistemas-agroflorestais-manejados-participativamente-com-tecnologias-agroecologicas-em-aripuana-mt\/#breadcrumb"},"inLanguage":"en-US","potentialAction":[{"@type":"ReadAction","target":["https:\/\/rem.sema.mt.gov.br\/projetos-subprograma\/sistemas-agroflorestais-manejados-participativamente-com-tecnologias-agroecologicas-em-aripuana-mt\/"]}]},{"@type":"ImageObject","inLanguage":"en-US","@id":"https:\/\/rem.sema.mt.gov.br\/projetos-subprograma\/sistemas-agroflorestais-manejados-participativamente-com-tecnologias-agroecologicas-em-aripuana-mt\/#primaryimage","url":"https:\/\/rem.sema.mt.gov.br\/wp-content\/uploads\/2024\/06\/WhatsApp-Image-2023-06-29-at-18.06.00-1.jpeg","contentUrl":"https:\/\/rem.sema.mt.gov.br\/wp-content\/uploads\/2024\/06\/WhatsApp-Image-2023-06-29-at-18.06.00-1.jpeg","width":1600,"height":720},{"@type":"BreadcrumbList","@id":"https:\/\/rem.sema.mt.gov.br\/projetos-subprograma\/sistemas-agroflorestais-manejados-participativamente-com-tecnologias-agroecologicas-em-aripuana-mt\/#breadcrumb","itemListElement":[{"@type":"ListItem","position":1,"name":"In\u00edcio","item":"https:\/\/rem.sema.mt.gov.br\/"},{"@type":"ListItem","position":2,"name":"Projetos Subprogramas","item":"https:\/\/rem.sema.mt.gov.br\/projetos-subprograma\/"},{"@type":"ListItem","position":3,"name":"Sistemas Agroflorestais Manejados Participativamente com Tecnologias Agroecol\u00f3gicas em Aripuan\u00e3-MT"}]},{"@type":"WebSite","@id":"https:\/\/rem.sema.mt.gov.br\/#website","url":"https:\/\/rem.sema.mt.gov.br\/","name":"REM","description":"Mato Grosso","potentialAction":[{"@type":"SearchAction","target":{"@type":"EntryPoint","urlTemplate":"https:\/\/rem.sema.mt.gov.br\/?s={search_term_string}"},"query-input":{"@type":"PropertyValueSpecification","valueRequired":true,"valueName":"search_term_string"}}],"inLanguage":"en-US"}]}},"_links":{"self":[{"href":"https:\/\/rem.sema.mt.gov.br\/en\/wp-json\/wp\/v2\/projetos-subprograma\/2661","targetHints":{"allow":["GET"]}}],"collection":[{"href":"https:\/\/rem.sema.mt.gov.br\/en\/wp-json\/wp\/v2\/projetos-subprograma"}],"about":[{"href":"https:\/\/rem.sema.mt.gov.br\/en\/wp-json\/wp\/v2\/types\/projetos-subprograma"}],"wp:featuredmedia":[{"embeddable":true,"href":"https:\/\/rem.sema.mt.gov.br\/en\/wp-json\/wp\/v2\/media\/129885"}],"wp:attachment":[{"href":"https:\/\/rem.sema.mt.gov.br\/en\/wp-json\/wp\/v2\/media?parent=2661"}],"wp:term":[{"taxonomy":"categoria-de-projetos-subprogram","embeddable":true,"href":"https:\/\/rem.sema.mt.gov.br\/en\/wp-json\/wp\/v2\/categoria-de-projetos-subprogram?post=2661"},{"taxonomy":"categoria-da-biblioteca","embeddable":true,"href":"https:\/\/rem.sema.mt.gov.br\/en\/wp-json\/wp\/v2\/categoria-da-biblioteca?post=2661"}],"curies":[{"name":"wp","href":"https:\/\/api.w.org\/{rel}","templated":true}]}}

Sistemas Agroflorestais Manejados Participativamente com Tecnologias Agroecológicas em Aripuanã-MT

<!-- This site is optimized with the Yoast SEO plugin v28.4 - https://yoast.com/product/yoast-seo-wordpress/ -->
<title>Sistemas Agroflorestais Manejados Participativamente com Tecnologias Agroecológicas em Aripuanã-MT - REM</title>
<meta name="robots" content="index, follow, max-snippet:-1, max-image-preview:large, max-video-preview:-1" />
<link rel="canonical" href="https://rem.sema.mt.gov.br/en/projetos-subprograma/sistemas-agroflorestais-manejados-participativamente-com-tecnologias-agroecologicas-em-aripuana-mt/" />
<meta property="og:locale" content="en_US" />
<meta property="og:type" content="article" />
<meta property="og:title" content="Sistemas Agroflorestais Manejados Participativamente com Tecnologias Agroecológicas em Aripuanã-MT - REM" />
<meta property="og:description" content="O Projeto tem como objetivo implantar e monitorar “Unidades de Referência Tecnológica (URTs)” utilizando Sistemas Agroflorestais (SAF), tendo o cacau como cultivo principal, manejadas com tecnologias agroecológicas e de precisão, de forma participativa. Pretende aplicar os conhecimentos agroecológicos e do manejo integrado (solo-planta-atmosfera), para obter resultados produtivos em quantidade e qualidade superior ao manejo convencional, [&hellip;]" />
<meta property="og:url" content="https://rem.sema.mt.gov.br/en/projetos-subprograma/sistemas-agroflorestais-manejados-participativamente-com-tecnologias-agroecologicas-em-aripuana-mt/" />
<meta property="og:site_name" content="REM" />
<meta property="article:modified_time" content="2026-08-07T20:02:04+00:00" />
<meta property="og:image" content="https://rem.sema.mt.gov.br/wp-content/uploads/2024/06/WhatsApp-Image-2023-06-29-at-18.06.00-1.jpeg" />
	<meta property="og:image:width" content="1600" />
	<meta property="og:image:height" content="720" />
	<meta property="og:image:type" content="image/jpeg" />
<meta name="twitter:card" content="summary_large_image" />
<meta name="twitter:label1" content="Est. reading time" />
	<meta name="twitter:data1" content="1 minute" />
<script type="application/ld+json" class="yoast-schema-graph">{"@context":"https:\/\/schema.org","@graph":[{"@type":"WebPage","@id":"https:\/\/rem.sema.mt.gov.br\/projetos-subprograma\/sistemas-agroflorestais-manejados-participativamente-com-tecnologias-agroecologicas-em-aripuana-mt\/","url":"https:\/\/rem.sema.mt.gov.br\/projetos-subprograma\/sistemas-agroflorestais-manejados-participativamente-com-tecnologias-agroecologicas-em-aripuana-mt\/","name":"Sistemas Agroflorestais Manejados Participativamente com Tecnologias Agroecológicas em Aripuanã-MT - REM","isPartOf":{"@id":"https:\/\/rem.sema.mt.gov.br\/#website"},"primaryImageOfPage":{"@id":"https:\/\/rem.sema.mt.gov.br\/projetos-subprograma\/sistemas-agroflorestais-manejados-participativamente-com-tecnologias-agroecologicas-em-aripuana-mt\/#primaryimage"},"image":{"@id":"https:\/\/rem.sema.mt.gov.br\/projetos-subprograma\/sistemas-agroflorestais-manejados-participativamente-com-tecnologias-agroecologicas-em-aripuana-mt\/#primaryimage"},"thumbnailUrl":"https:\/\/rem.sema.mt.gov.br\/wp-content\/uploads\/2024\/06\/WhatsApp-Image-2023-06-29-at-18.06.00-1.jpeg","datePublished":"2024-06-17T14:33:02+00:00","dateModified":"2026-08-07T20:02:04+00:00","breadcrumb":{"@id":"https:\/\/rem.sema.mt.gov.br\/projetos-subprograma\/sistemas-agroflorestais-manejados-participativamente-com-tecnologias-agroecologicas-em-aripuana-mt\/#breadcrumb"},"inLanguage":"en-US","potentialAction":[{"@type":"ReadAction","target":["https:\/\/rem.sema.mt.gov.br\/projetos-subprograma\/sistemas-agroflorestais-manejados-participativamente-com-tecnologias-agroecologicas-em-aripuana-mt\/"]}]},{"@type":"ImageObject","inLanguage":"en-US","@id":"https:\/\/rem.sema.mt.gov.br\/projetos-subprograma\/sistemas-agroflorestais-manejados-participativamente-com-tecnologias-agroecologicas-em-aripuana-mt\/#primaryimage","url":"https:\/\/rem.sema.mt.gov.br\/wp-content\/uploads\/2024\/06\/WhatsApp-Image-2023-06-29-at-18.06.00-1.jpeg","contentUrl":"https:\/\/rem.sema.mt.gov.br\/wp-content\/uploads\/2024\/06\/WhatsApp-Image-2023-06-29-at-18.06.00-1.jpeg","width":1600,"height":720},{"@type":"BreadcrumbList","@id":"https:\/\/rem.sema.mt.gov.br\/projetos-subprograma\/sistemas-agroflorestais-manejados-participativamente-com-tecnologias-agroecologicas-em-aripuana-mt\/#breadcrumb","itemListElement":[{"@type":"ListItem","position":1,"name":"Início","item":"https:\/\/rem.sema.mt.gov.br\/"},{"@type":"ListItem","position":2,"name":"Projetos Subprogramas","item":"https:\/\/rem.sema.mt.gov.br\/projetos-subprograma\/"},{"@type":"ListItem","position":3,"name":"Sistemas Agroflorestais Manejados Participativamente com Tecnologias Agroecológicas em Aripuanã-MT"}]},{"@type":"WebSite","@id":"https:\/\/rem.sema.mt.gov.br\/#website","url":"https:\/\/rem.sema.mt.gov.br\/","name":"REM","description":"Mato Grosso","potentialAction":[{"@type":"SearchAction","target":{"@type":"EntryPoint","urlTemplate":"https:\/\/rem.sema.mt.gov.br\/?s={search_term_string}"},"query-input":{"@type":"PropertyValueSpecification","valueRequired":true,"valueName":"search_term_string"}}],"inLanguage":"en-US"}]}</script>
<!-- / Yoast SEO plugin. -->

Sistemas Agroflorestais Manejados Participativamente com Tecnologias Agroecológicas em Aripuanã-MT - REM

O Projeto tem como objetivo implantar e monitorar “Unidades de Referência Tecnológica (URTs)” utilizando Sistemas Agroflorestais (SAF), tendo o cacau como cultivo principal, manejadas com tecnologias agroecológicas e de precisão, de forma participativa. Pretende aplicar os conhecimentos agroecológicos e do manejo integrado (solo-planta-atmosfera), para obter resultados produtivos em quantidade e qualidade superior ao manejo convencional, [&hellip;]

Início
