{"id":2674,"date":"2024-06-17T11:55:14","date_gmt":"2024-06-17T14:55:14","guid":{"rendered":"https:\/\/devsweb.com.br\/rem_wp\/?post_type=projetos-subprograma&#038;p=2674"},"modified":"2026-02-13T11:17:52","modified_gmt":"2026-02-13T14:17:52","slug":"cadeia-de-valor-da-sociobio-no-cerrado-e-amazonia-com-foco-no-pequi","status":"publish","type":"projetos-subprograma","link":"https:\/\/rem.sema.mt.gov.br\/en\/projetos-subprograma\/cadeia-de-valor-da-sociobio-no-cerrado-e-amazonia-com-foco-no-pequi\/","title":{"rendered":"Cadeia de Valor da Sociobio no Cerrado e Amaz\u00f4nia, com Foco no Pequi"},"featured_media":4465,"parent":0,"template":"","categoria-de-projetos-subprogram":[46],"categoria-da-biblioteca":[269],"class_list":["post-2674","projetos-subprograma","type-projetos-subprograma","status-publish","has-post-thumbnail","hentry","categoria-de-projetos-subprogram-agricultura-familiar-e-de-povos-e-comunidades-tradicionais","categoria-da-biblioteca-publicacoes-de-projetos","entry","has-media"],"yoast_head":"<!-- This site is optimized with the Yoast SEO plugin v27.5 - https:\/\/yoast.com\/product\/yoast-seo-wordpress\/ -->\n<title>Cadeia de Valor da Sociobio no Cerrado e Amaz\u00f4nia, com Foco no Pequi - REM<\/title>\n<meta name=\"robots\" content=\"index, follow, max-snippet:-1, max-image-preview:large, max-video-preview:-1\" \/>\n<link rel=\"canonical\" href=\"https:\/\/rem.sema.mt.gov.br\/en\/projetos-subprograma\/cadeia-de-valor-da-sociobio-no-cerrado-e-amazonia-com-foco-no-pequi\/\" \/>\n<meta property=\"og:locale\" content=\"en_US\" \/>\n<meta property=\"og:type\" content=\"article\" \/>\n<meta property=\"og:title\" content=\"Cadeia de Valor da Sociobio no Cerrado e Amaz\u00f4nia, com Foco no Pequi - REM\" \/>\n<meta property=\"og:description\" content=\"O Plano de Gest\u00e3o de cadeias de valor da Sociobio, busca desenvolver uma estrat\u00e9gia integrada de solu\u00e7\u00f5es que potencializem a produ\u00e7\u00e3o do extrativismo sustent\u00e1vel envolvendo 7 esp\u00e9cies vegetais nativas e cria\u00e7\u00e3o de abelhas em Mato Grosso com 10mil fam\u00edlias ind\u00edgenas e assentados numa din\u00e2mica de coopera\u00e7\u00e3o em rede em escala industrial com produtos voltados ao [&hellip;]\" \/>\n<meta property=\"og:url\" content=\"https:\/\/rem.sema.mt.gov.br\/en\/projetos-subprograma\/cadeia-de-valor-da-sociobio-no-cerrado-e-amazonia-com-foco-no-pequi\/\" \/>\n<meta property=\"og:site_name\" content=\"REM\" \/>\n<meta property=\"article:modified_time\" content=\"2026-02-13T14:17:52+00:00\" \/>\n<meta property=\"og:image\" content=\"https:\/\/rem.sema.mt.gov.br\/wp-content\/uploads\/2024\/06\/pequi-cadeia-de-valor-scaled.webp\" \/>\n\t<meta property=\"og:image:width\" content=\"2560\" \/>\n\t<meta property=\"og:image:height\" content=\"1459\" \/>\n\t<meta property=\"og:image:type\" content=\"image\/webp\" \/>\n<meta name=\"twitter:card\" content=\"summary_large_image\" \/>\n<meta name=\"twitter:label1\" content=\"Est. reading time\" \/>\n\t<meta name=\"twitter:data1\" content=\"1 minute\" \/>\n<script type=\"application\/ld+json\" class=\"yoast-schema-graph\">{\"@context\":\"https:\\\/\\\/schema.org\",\"@graph\":[{\"@type\":\"WebPage\",\"@id\":\"https:\\\/\\\/rem.sema.mt.gov.br\\\/projetos-subprograma\\\/cadeia-de-valor-da-sociobio-no-cerrado-e-amazonia-com-foco-no-pequi\\\/\",\"url\":\"https:\\\/\\\/rem.sema.mt.gov.br\\\/projetos-subprograma\\\/cadeia-de-valor-da-sociobio-no-cerrado-e-amazonia-com-foco-no-pequi\\\/\",\"name\":\"Cadeia de Valor da Sociobio no Cerrado e Amaz\u00f4nia, com Foco no Pequi - REM\",\"isPartOf\":{\"@id\":\"https:\\\/\\\/rem.sema.mt.gov.br\\\/#website\"},\"primaryImageOfPage\":{\"@id\":\"https:\\\/\\\/rem.sema.mt.gov.br\\\/projetos-subprograma\\\/cadeia-de-valor-da-sociobio-no-cerrado-e-amazonia-com-foco-no-pequi\\\/#primaryimage\"},\"image\":{\"@id\":\"https:\\\/\\\/rem.sema.mt.gov.br\\\/projetos-subprograma\\\/cadeia-de-valor-da-sociobio-no-cerrado-e-amazonia-com-foco-no-pequi\\\/#primaryimage\"},\"thumbnailUrl\":\"https:\\\/\\\/rem.sema.mt.gov.br\\\/wp-content\\\/uploads\\\/2024\\\/06\\\/pequi-cadeia-de-valor-scaled.webp\",\"datePublished\":\"2024-06-17T14:55:14+00:00\",\"dateModified\":\"2026-02-13T14:17:52+00:00\",\"breadcrumb\":{\"@id\":\"https:\\\/\\\/rem.sema.mt.gov.br\\\/projetos-subprograma\\\/cadeia-de-valor-da-sociobio-no-cerrado-e-amazonia-com-foco-no-pequi\\\/#breadcrumb\"},\"inLanguage\":\"en-US\",\"potentialAction\":[{\"@type\":\"ReadAction\",\"target\":[\"https:\\\/\\\/rem.sema.mt.gov.br\\\/projetos-subprograma\\\/cadeia-de-valor-da-sociobio-no-cerrado-e-amazonia-com-foco-no-pequi\\\/\"]}]},{\"@type\":\"ImageObject\",\"inLanguage\":\"en-US\",\"@id\":\"https:\\\/\\\/rem.sema.mt.gov.br\\\/projetos-subprograma\\\/cadeia-de-valor-da-sociobio-no-cerrado-e-amazonia-com-foco-no-pequi\\\/#primaryimage\",\"url\":\"https:\\\/\\\/rem.sema.mt.gov.br\\\/wp-content\\\/uploads\\\/2024\\\/06\\\/pequi-cadeia-de-valor-scaled.webp\",\"contentUrl\":\"https:\\\/\\\/rem.sema.mt.gov.br\\\/wp-content\\\/uploads\\\/2024\\\/06\\\/pequi-cadeia-de-valor-scaled.webp\",\"width\":2560,\"height\":1459},{\"@type\":\"BreadcrumbList\",\"@id\":\"https:\\\/\\\/rem.sema.mt.gov.br\\\/projetos-subprograma\\\/cadeia-de-valor-da-sociobio-no-cerrado-e-amazonia-com-foco-no-pequi\\\/#breadcrumb\",\"itemListElement\":[{\"@type\":\"ListItem\",\"position\":1,\"name\":\"In\u00edcio\",\"item\":\"https:\\\/\\\/rem.sema.mt.gov.br\\\/\"},{\"@type\":\"ListItem\",\"position\":2,\"name\":\"Projetos Subprogramas\",\"item\":\"https:\\\/\\\/rem.sema.mt.gov.br\\\/projetos-subprograma\\\/\"},{\"@type\":\"ListItem\",\"position\":3,\"name\":\"Cadeia de Valor da Sociobio no Cerrado e Amaz\u00f4nia, com Foco no Pequi\"}]},{\"@type\":\"WebSite\",\"@id\":\"https:\\\/\\\/rem.sema.mt.gov.br\\\/#website\",\"url\":\"https:\\\/\\\/rem.sema.mt.gov.br\\\/\",\"name\":\"REM\",\"description\":\"Mato Grosso\",\"potentialAction\":[{\"@type\":\"SearchAction\",\"target\":{\"@type\":\"EntryPoint\",\"urlTemplate\":\"https:\\\/\\\/rem.sema.mt.gov.br\\\/?s={search_term_string}\"},\"query-input\":{\"@type\":\"PropertyValueSpecification\",\"valueRequired\":true,\"valueName\":\"search_term_string\"}}],\"inLanguage\":\"en-US\"}]}<\/script>\n<!-- \/ Yoast SEO plugin. -->","yoast_head_json":{"title":"Cadeia de Valor da Sociobio no Cerrado e Amaz\u00f4nia, com Foco no Pequi - REM","robots":{"index":"index","follow":"follow","max-snippet":"max-snippet:-1","max-image-preview":"max-image-preview:large","max-video-preview":"max-video-preview:-1"},"canonical":"https:\/\/rem.sema.mt.gov.br\/en\/projetos-subprograma\/cadeia-de-valor-da-sociobio-no-cerrado-e-amazonia-com-foco-no-pequi\/","og_locale":"en_US","og_type":"article","og_title":"Cadeia de Valor da Sociobio no Cerrado e Amaz\u00f4nia, com Foco no Pequi - REM","og_description":"O Plano de Gest\u00e3o de cadeias de valor da Sociobio, busca desenvolver uma estrat\u00e9gia integrada de solu\u00e7\u00f5es que potencializem a produ\u00e7\u00e3o do extrativismo sustent\u00e1vel envolvendo 7 esp\u00e9cies vegetais nativas e cria\u00e7\u00e3o de abelhas em Mato Grosso com 10mil fam\u00edlias ind\u00edgenas e assentados numa din\u00e2mica de coopera\u00e7\u00e3o em rede em escala industrial com produtos voltados ao [&hellip;]","og_url":"https:\/\/rem.sema.mt.gov.br\/en\/projetos-subprograma\/cadeia-de-valor-da-sociobio-no-cerrado-e-amazonia-com-foco-no-pequi\/","og_site_name":"REM","article_modified_time":"2026-02-13T14:17:52+00:00","og_image":[{"width":2560,"height":1459,"url":"https:\/\/rem.sema.mt.gov.br\/wp-content\/uploads\/2024\/06\/pequi-cadeia-de-valor-scaled.webp","type":"image\/webp"}],"twitter_card":"summary_large_image","twitter_misc":{"Est. reading time":"1 minute"},"schema":{"@context":"https:\/\/schema.org","@graph":[{"@type":"WebPage","@id":"https:\/\/rem.sema.mt.gov.br\/projetos-subprograma\/cadeia-de-valor-da-sociobio-no-cerrado-e-amazonia-com-foco-no-pequi\/","url":"https:\/\/rem.sema.mt.gov.br\/projetos-subprograma\/cadeia-de-valor-da-sociobio-no-cerrado-e-amazonia-com-foco-no-pequi\/","name":"Cadeia de Valor da Sociobio no Cerrado e Amaz\u00f4nia, com Foco no Pequi - REM","isPartOf":{"@id":"https:\/\/rem.sema.mt.gov.br\/#website"},"primaryImageOfPage":{"@id":"https:\/\/rem.sema.mt.gov.br\/projetos-subprograma\/cadeia-de-valor-da-sociobio-no-cerrado-e-amazonia-com-foco-no-pequi\/#primaryimage"},"image":{"@id":"https:\/\/rem.sema.mt.gov.br\/projetos-subprograma\/cadeia-de-valor-da-sociobio-no-cerrado-e-amazonia-com-foco-no-pequi\/#primaryimage"},"thumbnailUrl":"https:\/\/rem.sema.mt.gov.br\/wp-content\/uploads\/2024\/06\/pequi-cadeia-de-valor-scaled.webp","datePublished":"2024-06-17T14:55:14+00:00","dateModified":"2026-02-13T14:17:52+00:00","breadcrumb":{"@id":"https:\/\/rem.sema.mt.gov.br\/projetos-subprograma\/cadeia-de-valor-da-sociobio-no-cerrado-e-amazonia-com-foco-no-pequi\/#breadcrumb"},"inLanguage":"en-US","potentialAction":[{"@type":"ReadAction","target":["https:\/\/rem.sema.mt.gov.br\/projetos-subprograma\/cadeia-de-valor-da-sociobio-no-cerrado-e-amazonia-com-foco-no-pequi\/"]}]},{"@type":"ImageObject","inLanguage":"en-US","@id":"https:\/\/rem.sema.mt.gov.br\/projetos-subprograma\/cadeia-de-valor-da-sociobio-no-cerrado-e-amazonia-com-foco-no-pequi\/#primaryimage","url":"https:\/\/rem.sema.mt.gov.br\/wp-content\/uploads\/2024\/06\/pequi-cadeia-de-valor-scaled.webp","contentUrl":"https:\/\/rem.sema.mt.gov.br\/wp-content\/uploads\/2024\/06\/pequi-cadeia-de-valor-scaled.webp","width":2560,"height":1459},{"@type":"BreadcrumbList","@id":"https:\/\/rem.sema.mt.gov.br\/projetos-subprograma\/cadeia-de-valor-da-sociobio-no-cerrado-e-amazonia-com-foco-no-pequi\/#breadcrumb","itemListElement":[{"@type":"ListItem","position":1,"name":"In\u00edcio","item":"https:\/\/rem.sema.mt.gov.br\/"},{"@type":"ListItem","position":2,"name":"Projetos Subprogramas","item":"https:\/\/rem.sema.mt.gov.br\/projetos-subprograma\/"},{"@type":"ListItem","position":3,"name":"Cadeia de Valor da Sociobio no Cerrado e Amaz\u00f4nia, com Foco no Pequi"}]},{"@type":"WebSite","@id":"https:\/\/rem.sema.mt.gov.br\/#website","url":"https:\/\/rem.sema.mt.gov.br\/","name":"REM","description":"Mato Grosso","potentialAction":[{"@type":"SearchAction","target":{"@type":"EntryPoint","urlTemplate":"https:\/\/rem.sema.mt.gov.br\/?s={search_term_string}"},"query-input":{"@type":"PropertyValueSpecification","valueRequired":true,"valueName":"search_term_string"}}],"inLanguage":"en-US"}]}},"_links":{"self":[{"href":"https:\/\/rem.sema.mt.gov.br\/en\/wp-json\/wp\/v2\/projetos-subprograma\/2674","targetHints":{"allow":["GET"]}}],"collection":[{"href":"https:\/\/rem.sema.mt.gov.br\/en\/wp-json\/wp\/v2\/projetos-subprograma"}],"about":[{"href":"https:\/\/rem.sema.mt.gov.br\/en\/wp-json\/wp\/v2\/types\/projetos-subprograma"}],"wp:featuredmedia":[{"embeddable":true,"href":"https:\/\/rem.sema.mt.gov.br\/en\/wp-json\/wp\/v2\/media\/4465"}],"wp:attachment":[{"href":"https:\/\/rem.sema.mt.gov.br\/en\/wp-json\/wp\/v2\/media?parent=2674"}],"wp:term":[{"taxonomy":"categoria-de-projetos-subprogram","embeddable":true,"href":"https:\/\/rem.sema.mt.gov.br\/en\/wp-json\/wp\/v2\/categoria-de-projetos-subprogram?post=2674"},{"taxonomy":"categoria-da-biblioteca","embeddable":true,"href":"https:\/\/rem.sema.mt.gov.br\/en\/wp-json\/wp\/v2\/categoria-da-biblioteca?post=2674"}],"curies":[{"name":"wp","href":"https:\/\/api.w.org\/{rel}","templated":true}]}}

Cadeia de Valor da Sociobio no Cerrado e Amazônia, com Foco no Pequi

<!-- This site is optimized with the Yoast SEO plugin v27.5 - https://yoast.com/product/yoast-seo-wordpress/ -->
<title>Cadeia de Valor da Sociobio no Cerrado e Amazônia, com Foco no Pequi - REM</title>
<meta name="robots" content="index, follow, max-snippet:-1, max-image-preview:large, max-video-preview:-1" />
<link rel="canonical" href="https://rem.sema.mt.gov.br/en/projetos-subprograma/cadeia-de-valor-da-sociobio-no-cerrado-e-amazonia-com-foco-no-pequi/" />
<meta property="og:locale" content="en_US" />
<meta property="og:type" content="article" />
<meta property="og:title" content="Cadeia de Valor da Sociobio no Cerrado e Amazônia, com Foco no Pequi - REM" />
<meta property="og:description" content="O Plano de Gestão de cadeias de valor da Sociobio, busca desenvolver uma estratégia integrada de soluções que potencializem a produção do extrativismo sustentável envolvendo 7 espécies vegetais nativas e criação de abelhas em Mato Grosso com 10mil famílias indígenas e assentados numa dinâmica de cooperação em rede em escala industrial com produtos voltados ao [&hellip;]" />
<meta property="og:url" content="https://rem.sema.mt.gov.br/en/projetos-subprograma/cadeia-de-valor-da-sociobio-no-cerrado-e-amazonia-com-foco-no-pequi/" />
<meta property="og:site_name" content="REM" />
<meta property="article:modified_time" content="2026-02-13T14:17:52+00:00" />
<meta property="og:image" content="https://rem.sema.mt.gov.br/wp-content/uploads/2024/06/pequi-cadeia-de-valor-scaled.webp" />
	<meta property="og:image:width" content="2560" />
	<meta property="og:image:height" content="1459" />
	<meta property="og:image:type" content="image/webp" />
<meta name="twitter:card" content="summary_large_image" />
<meta name="twitter:label1" content="Est. reading time" />
	<meta name="twitter:data1" content="1 minute" />
<script type="application/ld+json" class="yoast-schema-graph">{"@context":"https:\/\/schema.org","@graph":[{"@type":"WebPage","@id":"https:\/\/rem.sema.mt.gov.br\/projetos-subprograma\/cadeia-de-valor-da-sociobio-no-cerrado-e-amazonia-com-foco-no-pequi\/","url":"https:\/\/rem.sema.mt.gov.br\/projetos-subprograma\/cadeia-de-valor-da-sociobio-no-cerrado-e-amazonia-com-foco-no-pequi\/","name":"Cadeia de Valor da Sociobio no Cerrado e Amazônia, com Foco no Pequi - REM","isPartOf":{"@id":"https:\/\/rem.sema.mt.gov.br\/#website"},"primaryImageOfPage":{"@id":"https:\/\/rem.sema.mt.gov.br\/projetos-subprograma\/cadeia-de-valor-da-sociobio-no-cerrado-e-amazonia-com-foco-no-pequi\/#primaryimage"},"image":{"@id":"https:\/\/rem.sema.mt.gov.br\/projetos-subprograma\/cadeia-de-valor-da-sociobio-no-cerrado-e-amazonia-com-foco-no-pequi\/#primaryimage"},"thumbnailUrl":"https:\/\/rem.sema.mt.gov.br\/wp-content\/uploads\/2024\/06\/pequi-cadeia-de-valor-scaled.webp","datePublished":"2024-06-17T14:55:14+00:00","dateModified":"2026-02-13T14:17:52+00:00","breadcrumb":{"@id":"https:\/\/rem.sema.mt.gov.br\/projetos-subprograma\/cadeia-de-valor-da-sociobio-no-cerrado-e-amazonia-com-foco-no-pequi\/#breadcrumb"},"inLanguage":"en-US","potentialAction":[{"@type":"ReadAction","target":["https:\/\/rem.sema.mt.gov.br\/projetos-subprograma\/cadeia-de-valor-da-sociobio-no-cerrado-e-amazonia-com-foco-no-pequi\/"]}]},{"@type":"ImageObject","inLanguage":"en-US","@id":"https:\/\/rem.sema.mt.gov.br\/projetos-subprograma\/cadeia-de-valor-da-sociobio-no-cerrado-e-amazonia-com-foco-no-pequi\/#primaryimage","url":"https:\/\/rem.sema.mt.gov.br\/wp-content\/uploads\/2024\/06\/pequi-cadeia-de-valor-scaled.webp","contentUrl":"https:\/\/rem.sema.mt.gov.br\/wp-content\/uploads\/2024\/06\/pequi-cadeia-de-valor-scaled.webp","width":2560,"height":1459},{"@type":"BreadcrumbList","@id":"https:\/\/rem.sema.mt.gov.br\/projetos-subprograma\/cadeia-de-valor-da-sociobio-no-cerrado-e-amazonia-com-foco-no-pequi\/#breadcrumb","itemListElement":[{"@type":"ListItem","position":1,"name":"Início","item":"https:\/\/rem.sema.mt.gov.br\/"},{"@type":"ListItem","position":2,"name":"Projetos Subprogramas","item":"https:\/\/rem.sema.mt.gov.br\/projetos-subprograma\/"},{"@type":"ListItem","position":3,"name":"Cadeia de Valor da Sociobio no Cerrado e Amazônia, com Foco no Pequi"}]},{"@type":"WebSite","@id":"https:\/\/rem.sema.mt.gov.br\/#website","url":"https:\/\/rem.sema.mt.gov.br\/","name":"REM","description":"Mato Grosso","potentialAction":[{"@type":"SearchAction","target":{"@type":"EntryPoint","urlTemplate":"https:\/\/rem.sema.mt.gov.br\/?s={search_term_string}"},"query-input":{"@type":"PropertyValueSpecification","valueRequired":true,"valueName":"search_term_string"}}],"inLanguage":"en-US"}]}</script>
<!-- / Yoast SEO plugin. -->

Cadeia de Valor da Sociobio no Cerrado e Amazônia, com Foco no Pequi - REM

O Plano de Gestão de cadeias de valor da Sociobio, busca desenvolver uma estratégia integrada de soluções que potencializem a produção do extrativismo sustentável envolvendo 7 espécies vegetais nativas e criação de abelhas em Mato Grosso com 10mil famílias indígenas e assentados numa dinâmica de cooperação em rede em escala industrial com produtos voltados ao [&hellip;]

Início
